{"id":183,"date":"2019-06-12T15:15:51","date_gmt":"2019-06-12T13:15:51","guid":{"rendered":"http:\/\/wordpress.nibis.de\/gsmenslage\/?page_id=183"},"modified":"2025-03-11T07:40:42","modified_gmt":"2025-03-11T06:40:42","slug":"foerderverein","status":"publish","type":"page","link":"https:\/\/wordpress.nibis.de\/gsmenslage\/foerderverein\/","title":{"rendered":"F\u00f6rderverein"},"content":{"rendered":"\n<p><strong>Der F\u00f6rderverein stellt sich vor:<\/strong><\/p>\n\n\n\n<p>Mit dem Ziel, vielseitige Aktivit\u00e4ten und Neuanschaffungen finanziell zu unterst\u00fctzen, &nbsp;haben engagierte Eltern im Sommer 2003 den \u201e<strong>Verein der Freunde und F\u00f6rderer der Grundschule Menslage e.V.<\/strong>\u201c gegr\u00fcndet.<\/p>\n\n\n\n<p>Der Verein wird durch <strong>Spenden<\/strong> der Gemeindemitglieder und der heimischen Wirtschaft unterst\u00fctzt, lebt aber vor allem von den Beitr\u00e4gen und dem <strong>ehrenamtlichen Engagement<\/strong> unserer Mitglieder. <\/p>\n\n\n\n<p>Das letzte gro\u00dfe Projekt war die Finanzierung einer\nProjektwoche zum Thema \u201eZirkus\u201c. Die Sch\u00fcler\/innen haben eine Woche im\nZirkuszelt mit \u201eechten\u201c Artisten eine Show einstudiert, die sie vor gro\u00dfem\nPublikum aufgef\u00fchrt haben. <\/p>\n\n\n\n<p>Ein wichtiges Anliegen von Anfang an ist uns die Unterst\u00fctzung\nvon Pr\u00e4ventionsprojekten. In diesen Projekten wird die soziale Kompetenz der\nSch\u00fcler\/innen gest\u00e4rkt. Sie lernen, ihre jeweilige Pers\u00f6nlichkeit ins Team\neinzubringen und in der Gemeinschaft Ziele zu erreichen. Auch der\nverantwortungsbewusste Umgang mit neuen Medien ( Handy, Internet etc. ) wird in\ndiesen Projekten behandelt. <\/p>\n\n\n\n<p>Andere Anliegen sind z.B. die Bl\u00e4serklasse, Pausen- und\nKlassenspielzeug, Infoabende zu verschiedenen Themen, Zusch\u00fcsse zu\nTheaterfahrten etc.. <strong><\/strong><\/p>\n\n\n\n<p>Weitere Informationen zu den Projekten geben die\nVorstandsmitglieder gerne. Aktuelle Ansprechpartner k\u00f6nnen der Homepage der\nSchule entnommen werden. &nbsp;&nbsp;&nbsp;&nbsp;&nbsp;&nbsp;&nbsp;&nbsp;&nbsp;&nbsp;<\/p>\n\n\n\n<p>&nbsp;&nbsp;&nbsp;&nbsp;&nbsp;&nbsp;&nbsp;&nbsp;&nbsp;&nbsp; <strong>Sie sehen\/ ihr seht, es gibt\nviel zu tun !<\/strong> <\/p>\n\n\n\n<div class=\"wp-block-file alignright\"><a id=\"wp-block-file--media-7ece5374-0e5f-4bf5-8c85-aedeaad878c4\" href=\"https:\/\/wordpress.nibis.de\/gsmenslage\/files\/2019\/06\/Beitrittserkl\u00e4rung-F\u00f6rderverein.pdf\">Beitrittserkl\u00e4rung F\u00f6rderverein<\/a><a href=\"https:\/\/wordpress.nibis.de\/gsmenslage\/files\/2019\/06\/Beitrittserkl\u00e4rung-F\u00f6rderverein.pdf\" class=\"wp-block-file__button\" download aria-describedby=\"wp-block-file--media-7ece5374-0e5f-4bf5-8c85-aedeaad878c4\">Herunterladen<\/a><\/div>\n\n\n\n<p><\/p>\n\n\n\n<p><\/p>\n\n\n\n<p><\/p>\n\n\n\n<p>Als <strong>Ansprechpartner<\/strong> stehen zur Verf\u00fcgung:<\/p>\n\n\n\n<p>Annette Morthorst           (1. Vorsitzende)                                                                                                         Tel.: 0175-7707054<\/p>\n\n\n\n<p>Solvey Schr\u00f6der-Klaus      (2. Vorsitzende)                                                                                                                                Tel.: 0152-03412818                                                                                                                                                                                                                                                           <\/p>\n\n\n\n<p>                   <\/p>\n\n\n\n<p>                                                                                                                                                                                                    <\/p>\n\n\n\n<p>                                                                                                     <\/p>\n","protected":false},"excerpt":{"rendered":"<p>Der F\u00f6rderverein stellt sich vor: Mit dem Ziel, vielseitige Aktivit\u00e4ten und Neuanschaffungen finanziell zu unterst\u00fctzen, &nbsp;haben engagierte Eltern im Sommer 2003 den \u201eVerein der Freunde und F\u00f6rderer der Grundschule Menslage e.V.\u201c gegr\u00fcndet. Der Verein wird durch Spenden der Gemeindemitglieder und der heimischen Wirtschaft unterst\u00fctzt, lebt aber vor allem von den Beitr\u00e4gen und dem ehrenamtlichen Engagement &hellip; <a href=\"https:\/\/wordpress.nibis.de\/gsmenslage\/foerderverein\/\" class=\"more-link\">Weiterlesen <span class=\"screen-reader-text\">F\u00f6rderverein<\/span><\/a><\/p>\n","protected":false},"author":1243,"featured_media":0,"parent":0,"menu_order":0,"comment_status":"closed","ping_status":"closed","template":"","meta":{"footnotes":""},"class_list":["post-183","page","type-page","status-publish","hentry","without-featured-image"],"_links":{"self":[{"href":"https:\/\/wordpress.nibis.de\/gsmenslage\/wp-json\/wp\/v2\/pages\/183","targetHints":{"allow":["GET"]}}],"collection":[{"href":"https:\/\/wordpress.nibis.de\/gsmenslage\/wp-json\/wp\/v2\/pages"}],"about":[{"href":"https:\/\/wordpress.nibis.de\/gsmenslage\/wp-json\/wp\/v2\/types\/page"}],"author":[{"embeddable":true,"href":"https:\/\/wordpress.nibis.de\/gsmenslage\/wp-json\/wp\/v2\/users\/1243"}],"replies":[{"embeddable":true,"href":"https:\/\/wordpress.nibis.de\/gsmenslage\/wp-json\/wp\/v2\/comments?post=183"}],"version-history":[{"count":15,"href":"https:\/\/wordpress.nibis.de\/gsmenslage\/wp-json\/wp\/v2\/pages\/183\/revisions"}],"predecessor-version":[{"id":2509,"href":"https:\/\/wordpress.nibis.de\/gsmenslage\/wp-json\/wp\/v2\/pages\/183\/revisions\/2509"}],"wp:attachment":[{"href":"https:\/\/wordpress.nibis.de\/gsmenslage\/wp-json\/wp\/v2\/media?parent=183"}],"curies":[{"name":"wp","href":"https:\/\/api.w.org\/{rel}","templated":true}]}}