{"id":204,"date":"2017-02-18T19:34:38","date_gmt":"2017-02-18T18:34:38","guid":{"rendered":"http:\/\/wordpress.nibis.de\/gsmenslage\/?page_id=204"},"modified":"2017-11-17T14:47:41","modified_gmt":"2017-11-17T13:47:41","slug":"eltern-mitarbeit","status":"publish","type":"page","link":"https:\/\/wordpress.nibis.de\/gsmenslage\/eltern-mitarbeit\/","title":{"rendered":"Eltern-Mitarbeit"},"content":{"rendered":"<p><span style=\"font-family: comic sans ms,sans-serif\"><strong>Elternmitarbeit ist wichtig&#8230;<\/strong><\/span><\/p>\n<p><span style=\"font-family: comic sans ms,sans-serif\">Nach dem Nieders\u00e4chsischen Schulgesetz (\u00a7\u00a7 88-96) wirken<\/span><\/p>\n<p><span style=\"font-family: comic sans ms,sans-serif\">die Erziehungsberechtigten in der Schule mit durch<\/span><\/p>\n<p><span style=\"font-family: comic sans ms,sans-serif\">Klassenelternschaften, Schulelternrat, Schulvorstand,<\/span><\/p>\n<p><span style=\"font-family: comic sans ms,sans-serif\">in Konferenzen und anderen Aussch\u00fcssen.<\/span><\/p>\n<p><span style=\"font-family: comic sans ms,sans-serif\">Zur <u>Klassenelternschaft<\/u> geh\u00f6ren alle Erziehungsberechtigten der Sch\u00fclerinnen und Sch\u00fcler einer Klasse. Diese w\u00e4hlen die oder den Vorsitzenden und deren oder dessen Stellvertreterin oder Stellvertreter.<\/span><\/p>\n<p><span style=\"font-family: comic sans ms,sans-serif\">Die Vorsitzenden (und ggf. Stellvertreter) der Klassenelternschaften bilden den <u>Schulelternrat.<\/u> Dieser w\u00e4hlt die Elternratsvorsitzende oder den Elternratsvorsitzenden und eine oder mehrere Stellvertretungen. Au\u00dferdem werden Vertreterinnen und Vertreter f\u00fcr die Gesamtkonferenz bestimmt.<\/span><\/p>\n<p><span style=\"font-family: comic sans ms,sans-serif\">Die Elternvertreterinnen und Elternverteter werden <u>f\u00fcr zwei Schuljahre<\/u> gew\u00e4hlt.<\/span><\/p>\n<p><span style=\"font-family: comic sans ms,sans-serif\">Mitglieder der <u>Gesamtkonferenz<\/u> sind die Schulleitung, die Lehrerinnen und Lehrer, die p\u00e4dagogischen Mitarbeiter, der Hausmeister sowie Vertreter der Erziehungsberechtigten.<\/span><br \/>\n<span style=\"font-family: comic sans ms,sans-serif\"> Im <u>Schulvorstand<\/u> wirken die Schulleitung mit Vertreterinnen und Vertreter der Lehrkr\u00e4fte sowie der<\/span> Erziehungsberechtigten zusammen.<\/p>\n","protected":false},"excerpt":{"rendered":"<p>Elternmitarbeit ist wichtig&#8230; Nach dem Nieders\u00e4chsischen Schulgesetz (\u00a7\u00a7 88-96) wirken die Erziehungsberechtigten in der Schule mit durch Klassenelternschaften, Schulelternrat, Schulvorstand, in Konferenzen und anderen Aussch\u00fcssen. Zur Klassenelternschaft geh\u00f6ren alle Erziehungsberechtigten der Sch\u00fclerinnen und Sch\u00fcler einer Klasse. Diese w\u00e4hlen die oder den Vorsitzenden und deren oder dessen Stellvertreterin oder Stellvertreter. Die Vorsitzenden (und ggf. Stellvertreter) der &hellip; <a href=\"https:\/\/wordpress.nibis.de\/gsmenslage\/eltern-mitarbeit\/\" class=\"more-link\">Weiterlesen <span class=\"screen-reader-text\">Eltern-Mitarbeit<\/span><\/a><\/p>\n","protected":false},"author":1243,"featured_media":0,"parent":0,"menu_order":0,"comment_status":"closed","ping_status":"closed","template":"","meta":{"footnotes":""},"class_list":["post-204","page","type-page","status-publish","hentry","without-featured-image"],"_links":{"self":[{"href":"https:\/\/wordpress.nibis.de\/gsmenslage\/wp-json\/wp\/v2\/pages\/204","targetHints":{"allow":["GET"]}}],"collection":[{"href":"https:\/\/wordpress.nibis.de\/gsmenslage\/wp-json\/wp\/v2\/pages"}],"about":[{"href":"https:\/\/wordpress.nibis.de\/gsmenslage\/wp-json\/wp\/v2\/types\/page"}],"author":[{"embeddable":true,"href":"https:\/\/wordpress.nibis.de\/gsmenslage\/wp-json\/wp\/v2\/users\/1243"}],"replies":[{"embeddable":true,"href":"https:\/\/wordpress.nibis.de\/gsmenslage\/wp-json\/wp\/v2\/comments?post=204"}],"version-history":[{"count":3,"href":"https:\/\/wordpress.nibis.de\/gsmenslage\/wp-json\/wp\/v2\/pages\/204\/revisions"}],"predecessor-version":[{"id":275,"href":"https:\/\/wordpress.nibis.de\/gsmenslage\/wp-json\/wp\/v2\/pages\/204\/revisions\/275"}],"wp:attachment":[{"href":"https:\/\/wordpress.nibis.de\/gsmenslage\/wp-json\/wp\/v2\/media?parent=204"}],"curies":[{"name":"wp","href":"https:\/\/api.w.org\/{rel}","templated":true}]}}

<p><span style="font-family: comic sans ms,sans-serif"><strong>Elternmitarbeit ist wichtig&#8230;</strong></span></p>
<p><span style="font-family: comic sans ms,sans-serif">Nach dem Niedersächsischen Schulgesetz (§§ 88-96) wirken</span></p>
<p><span style="font-family: comic sans ms,sans-serif">die Erziehungsberechtigten in der Schule mit durch</span></p>
<p><span style="font-family: comic sans ms,sans-serif">Klassenelternschaften, Schulelternrat, Schulvorstand,</span></p>
<p><span style="font-family: comic sans ms,sans-serif">in Konferenzen und anderen Ausschüssen.</span></p>
<p><span style="font-family: comic sans ms,sans-serif">Zur <u>Klassenelternschaft</u> gehören alle Erziehungsberechtigten der Schülerinnen und Schüler einer Klasse. Diese wählen die oder den Vorsitzenden und deren oder dessen Stellvertreterin oder Stellvertreter.</span></p>
<p><span style="font-family: comic sans ms,sans-serif">Die Vorsitzenden (und ggf. Stellvertreter) der Klassenelternschaften bilden den <u>Schulelternrat.</u> Dieser wählt die Elternratsvorsitzende oder den Elternratsvorsitzenden und eine oder mehrere Stellvertretungen. Außerdem werden Vertreterinnen und Vertreter für die Gesamtkonferenz bestimmt.</span></p>
<p><span style="font-family: comic sans ms,sans-serif">Die Elternvertreterinnen und Elternverteter werden <u>für zwei Schuljahre</u> gewählt.</span></p>
<p><span style="font-family: comic sans ms,sans-serif">Mitglieder der <u>Gesamtkonferenz</u> sind die Schulleitung, die Lehrerinnen und Lehrer, die pädagogischen Mitarbeiter, der Hausmeister sowie Vertreter der Erziehungsberechtigten.</span><br />
<span style="font-family: comic sans ms,sans-serif"> Im <u>Schulvorstand</u> wirken die Schulleitung mit Vertreterinnen und Vertreter der Lehrkräfte sowie der</span> Erziehungsberechtigten zusammen.</p>

<p>Elternmitarbeit ist wichtig&#8230; Nach dem Niedersächsischen Schulgesetz (§§ 88-96) wirken die Erziehungsberechtigten in der Schule mit durch Klassenelternschaften, Schulelternrat, Schulvorstand, in Konferenzen und anderen Ausschüssen. Zur Klassenelternschaft gehören alle Erziehungsberechtigten der Schülerinnen und Schüler einer Klasse. Diese wählen die oder den Vorsitzenden und deren oder dessen Stellvertreterin oder Stellvertreter. Die Vorsitzenden (und ggf. Stellvertreter) der &hellip; <a href="https://wordpress.nibis.de/gsmenslage/eltern-mitarbeit/" class="more-link">Weiterlesen <span class="screen-reader-text">Eltern-Mitarbeit</span></a></p>
