{"id":236,"date":"2017-02-19T16:01:12","date_gmt":"2017-02-19T15:01:12","guid":{"rendered":"http:\/\/wordpress.nibis.de\/gsmenslage\/?page_id=236"},"modified":"2023-12-05T17:18:11","modified_gmt":"2023-12-05T16:18:11","slug":"kooperationen","status":"publish","type":"page","link":"https:\/\/wordpress.nibis.de\/gsmenslage\/kooperationen\/","title":{"rendered":"Kooperationen"},"content":{"rendered":"\n<p><em><strong>Wangerooge 2023<\/strong><\/em><\/p>\n<p>In den Sommerferien 2023 konnten 13 Sch\u00fcler der 2. und 3. Klasse an einem Wangeroogetrip f\u00fcr eine Woche teilnehmen. Die Sch\u00fcler zeigten sich sehr begeistert bei der Abfahrt. Herr Geers (Vorsitzender im Gemeindedienst des Rotary Clubs) und die Pr\u00e4sidentin Frau Hormes \u00fcbernahmen selbst die Regie beim Fahren. Sie fuhren mit den Sch\u00fclern und deren Betreuerinnen bis an den F\u00e4hranleger. Unter der Leitung von Frau Carmen K\u00f6rber-Triphaus (Sozialarbeiterin) und Frau Andrea Kern (Studentin) sowie Frau Leonie Schmitz (Studentin) gab es ein interessantes Rahmenprogramm auf der Insel . Dabei sollten der Erkundungscharakter, die St\u00e4rkung der Gemeinschaft und der Spa\u00dffaktor nicht unber\u00fccksichtigt bleiben. Finanziell erm\u00f6glicht hat diese Fahrt der Rotary Club im Altkreis Bersenbr\u00fcck und die Vereinigte Volksbank. Herr Geers nahm Kontakt zur Schulleiterin Frau Schmitz-Menke auf und fragte, ob sie Interesse an diesem Projekt h\u00e4tten. Diese Frage konnte selbstverst\u00e4ndlich nur mit \u201eja\u201c beantwortet werden. Die Lehrerinnen und Schulleitung freuten sich sehr \u00fcber dieses Angebot in den Ferien und konnten die Teilnahme nur begr\u00fc\u00dfen. Vielen Dank an den Rotary Club Altkreis Bersenbr\u00fcck und die Vereinigte Volksbank f\u00fcr dieses au\u00dfergew\u00f6hnliche Angebot. Besonders sei den Verantwortlichen Herrn Ulrich Geers, Frau Susanne Hormes und den Betreuerinnen gedankt.<\/p>\n<p><img loading=\"lazy\" decoding=\"async\" class=\"aligncenter wp-image-2196 size-large\" src=\"https:\/\/wordpress.nibis.de\/gsmenslage\/files\/2023\/12\/DSC_0269-1024x680.jpg\" alt=\"\" width=\"640\" height=\"425\" srcset=\"https:\/\/wordpress.nibis.de\/gsmenslage\/files\/2023\/12\/DSC_0269-1024x680.jpg 1024w, https:\/\/wordpress.nibis.de\/gsmenslage\/files\/2023\/12\/DSC_0269-300x199.jpg 300w, https:\/\/wordpress.nibis.de\/gsmenslage\/files\/2023\/12\/DSC_0269-768x510.jpg 768w, https:\/\/wordpress.nibis.de\/gsmenslage\/files\/2023\/12\/DSC_0269-1536x1020.jpg 1536w, https:\/\/wordpress.nibis.de\/gsmenslage\/files\/2023\/12\/DSC_0269-2048x1360.jpg 2048w\" sizes=\"auto, (max-width: 640px) 100vw, 640px\" \/><\/p>\n","protected":false},"excerpt":{"rendered":"<p>Wangerooge 2023 In den Sommerferien 2023 konnten 13 Sch\u00fcler der 2. und 3. Klasse an einem Wangeroogetrip f\u00fcr eine Woche teilnehmen. Die Sch\u00fcler zeigten sich sehr begeistert bei der Abfahrt. Herr Geers (Vorsitzender im Gemeindedienst des Rotary Clubs) und die Pr\u00e4sidentin Frau Hormes \u00fcbernahmen selbst die Regie beim Fahren. Sie fuhren mit den Sch\u00fclern und &hellip; <a href=\"https:\/\/wordpress.nibis.de\/gsmenslage\/kooperationen\/\" class=\"more-link\">Weiterlesen <span class=\"screen-reader-text\">Kooperationen<\/span><\/a><\/p>\n","protected":false},"author":1243,"featured_media":0,"parent":0,"menu_order":0,"comment_status":"closed","ping_status":"closed","template":"","meta":{"footnotes":""},"class_list":["post-236","page","type-page","status-publish","hentry","without-featured-image"],"_links":{"self":[{"href":"https:\/\/wordpress.nibis.de\/gsmenslage\/wp-json\/wp\/v2\/pages\/236","targetHints":{"allow":["GET"]}}],"collection":[{"href":"https:\/\/wordpress.nibis.de\/gsmenslage\/wp-json\/wp\/v2\/pages"}],"about":[{"href":"https:\/\/wordpress.nibis.de\/gsmenslage\/wp-json\/wp\/v2\/types\/page"}],"author":[{"embeddable":true,"href":"https:\/\/wordpress.nibis.de\/gsmenslage\/wp-json\/wp\/v2\/users\/1243"}],"replies":[{"embeddable":true,"href":"https:\/\/wordpress.nibis.de\/gsmenslage\/wp-json\/wp\/v2\/comments?post=236"}],"version-history":[{"count":2,"href":"https:\/\/wordpress.nibis.de\/gsmenslage\/wp-json\/wp\/v2\/pages\/236\/revisions"}],"predecessor-version":[{"id":2197,"href":"https:\/\/wordpress.nibis.de\/gsmenslage\/wp-json\/wp\/v2\/pages\/236\/revisions\/2197"}],"wp:attachment":[{"href":"https:\/\/wordpress.nibis.de\/gsmenslage\/wp-json\/wp\/v2\/media?parent=236"}],"curies":[{"name":"wp","href":"https:\/\/api.w.org\/{rel}","templated":true}]}}