{"id":120,"date":"2018-05-22T22:17:31","date_gmt":"2018-05-22T20:17:31","guid":{"rendered":"http:\/\/wordpress.nibis.de\/gsneetze\/?page_id=120"},"modified":"2021-03-02T14:56:05","modified_gmt":"2021-03-02T13:56:05","slug":"paedagogischer-mittagstisch","status":"publish","type":"page","link":"https:\/\/wordpress.nibis.de\/gsneetze\/paedagogischer-mittagstisch\/","title":{"rendered":"P\u00e4dagogischer Mittagstisch"},"content":{"rendered":"<p><span style=\"font-family: arial,helvetica,sans-serif\">Sch\u00fclerinnen und Sch\u00fcler haben hier die M\u00f6glichkeit, nach dem Unterricht ihre Hausaufgaben zu machen und ein gesundes Mittagessen zu bekommen. Betreut werden die Kinder von Andreas Ehrlich (Erzieher) und Lisa Choma und Monika Quade, die in allen Bereichen unterst\u00fctzend helfen. Die Geb\u00fchrenordnung f\u00fcr den P\u00e4dagogischen Mittagstisch kann bei der Samtgemeinde Ostheide erfragt werden.<\/span><\/p>\n<p><span style=\"font-family: arial,helvetica,sans-serif\">Die Betreuungszeiten sind<br \/>\n<span style=\"font-family: arial black,sans-serif\">Montags bis donnerstags von 12.00 Uhr bis 17.00 Uhr,<\/span><br \/>\n<span style=\"font-family: arial black,sans-serif\">freitags bis 16 Uhr.<br \/>\n<span style=\"font-family: arial,helvetica,sans-serif\">Es ist aber auch m\u00f6glich, die Kinder\u00a0nur bis <span style=\"font-family: arial black,sans-serif\">14 Uhr<\/span> betreuen zu lassen.<\/span><br \/>\n<\/span><\/span><\/p>\n<p><span style=\"font-family: arial,helvetica,sans-serif\">Die Sch\u00fcler m\u00fcssen mindestens f\u00fcr <span style=\"font-family: arial black,sans-serif\">drei Tage <\/span>angemeldet werden. <\/span><\/p>\n<p><span style=\"font-family: arial,helvetica,sans-serif\">Aufgabenbereiche:<\/span><\/p>\n<ul>\n<li><span style=\"font-family: arial,helvetica,sans-serif\">Hausaufgabenbetreuung und Hausaufgabenhilfe<\/span><\/li>\n<li><span style=\"font-family: arial,helvetica,sans-serif\">P\u00e4dagogische Gestaltung des Nachmittags mit diversen Aktivit\u00e4ten<\/span><\/li>\n<li><span style=\"font-family: arial,helvetica,sans-serif\">Gelegentliche Ausfl\u00fcge<\/span><\/li>\n<li><span style=\"font-family: arial,helvetica,sans-serif\">etc.<\/span><\/li>\n<\/ul>\n<p><span style=\"font-family: arial,helvetica,sans-serif\">\u00a0Kontakt: <span style=\"font-family: arial black,sans-serif\">0172\/7395277<\/span><\/span><\/p>\n<hr \/>\n","protected":false},"excerpt":{"rendered":"<p>Sch\u00fclerinnen und Sch\u00fcler haben hier die M\u00f6glichkeit, nach dem Unterricht ihre Hausaufgaben zu machen und ein gesundes Mittagessen zu bekommen. Betreut werden die Kinder von Andreas Ehrlich (Erzieher) und Lisa Choma und Monika Quade, die in allen Bereichen unterst\u00fctzend helfen. &hellip; <a href=\"https:\/\/wordpress.nibis.de\/gsneetze\/paedagogischer-mittagstisch\/\">Weiterlesen <span class=\"meta-nav\">&rarr;<\/span><\/a><\/p>\n","protected":false},"author":9192573,"featured_media":0,"parent":0,"menu_order":0,"comment_status":"closed","ping_status":"closed","template":"","meta":{"footnotes":""},"class_list":["post-120","page","type-page","status-publish","hentry"],"_links":{"self":[{"href":"https:\/\/wordpress.nibis.de\/gsneetze\/wp-json\/wp\/v2\/pages\/120","targetHints":{"allow":["GET"]}}],"collection":[{"href":"https:\/\/wordpress.nibis.de\/gsneetze\/wp-json\/wp\/v2\/pages"}],"about":[{"href":"https:\/\/wordpress.nibis.de\/gsneetze\/wp-json\/wp\/v2\/types\/page"}],"author":[{"embeddable":true,"href":"https:\/\/wordpress.nibis.de\/gsneetze\/wp-json\/wp\/v2\/users\/9192573"}],"replies":[{"embeddable":true,"href":"https:\/\/wordpress.nibis.de\/gsneetze\/wp-json\/wp\/v2\/comments?post=120"}],"version-history":[{"count":8,"href":"https:\/\/wordpress.nibis.de\/gsneetze\/wp-json\/wp\/v2\/pages\/120\/revisions"}],"predecessor-version":[{"id":1021,"href":"https:\/\/wordpress.nibis.de\/gsneetze\/wp-json\/wp\/v2\/pages\/120\/revisions\/1021"}],"wp:attachment":[{"href":"https:\/\/wordpress.nibis.de\/gsneetze\/wp-json\/wp\/v2\/media?parent=120"}],"curies":[{"name":"wp","href":"https:\/\/api.w.org\/{rel}","templated":true}]}}

Pädagogischer Mittagstisch

<p><span style="font-family: arial,helvetica,sans-serif">Schülerinnen und Schüler haben hier die Möglichkeit, nach dem Unterricht ihre Hausaufgaben zu machen und ein gesundes Mittagessen zu bekommen. Betreut werden die Kinder von Andreas Ehrlich (Erzieher) und Lisa Choma und Monika Quade, die in allen Bereichen unterstützend helfen. Die Gebührenordnung für den Pädagogischen Mittagstisch kann bei der Samtgemeinde Ostheide erfragt werden.</span></p>
<p><span style="font-family: arial,helvetica,sans-serif">Die Betreuungszeiten sind<br />
<span style="font-family: arial black,sans-serif">Montags bis donnerstags von 12.00 Uhr bis 17.00 Uhr,</span><br />
<span style="font-family: arial black,sans-serif">freitags bis 16 Uhr.<br />
<span style="font-family: arial,helvetica,sans-serif">Es ist aber auch möglich, die Kinder nur bis <span style="font-family: arial black,sans-serif">14 Uhr</span> betreuen zu lassen.</span><br />
</span></span></p>
<p><span style="font-family: arial,helvetica,sans-serif">Die Schüler müssen mindestens für <span style="font-family: arial black,sans-serif">drei Tage </span>angemeldet werden. </span></p>
<p><span style="font-family: arial,helvetica,sans-serif">Aufgabenbereiche:</span></p>
<ul>
<li><span style="font-family: arial,helvetica,sans-serif">Hausaufgabenbetreuung und Hausaufgabenhilfe</span></li>
<li><span style="font-family: arial,helvetica,sans-serif">Pädagogische Gestaltung des Nachmittags mit diversen Aktivitäten</span></li>
<li><span style="font-family: arial,helvetica,sans-serif">Gelegentliche Ausflüge</span></li>
<li><span style="font-family: arial,helvetica,sans-serif">etc.</span></li>
</ul>
<p><span style="font-family: arial,helvetica,sans-serif"> Kontakt: <span style="font-family: arial black,sans-serif">0172/7395277</span></span></p>
<hr />

<p>Schülerinnen und Schüler haben hier die Möglichkeit, nach dem Unterricht ihre Hausaufgaben zu machen und ein gesundes Mittagessen zu bekommen. Betreut werden die Kinder von Andreas Ehrlich (Erzieher) und Lisa Choma und Monika Quade, die in allen Bereichen unterstützend helfen. &hellip; <a href="https://wordpress.nibis.de/gsneetze/paedagogischer-mittagstisch/">Weiterlesen <span class="meta-nav">&rarr;</span></a></p>
