{"id":249,"date":"2018-07-30T15:15:12","date_gmt":"2018-07-30T13:15:12","guid":{"rendered":"http:\/\/wordpress.nibis.de\/gsneetze\/?page_id=249"},"modified":"2020-03-26T11:37:31","modified_gmt":"2020-03-26T10:37:31","slug":"klimafreundliches-konsumieren","status":"publish","type":"page","link":"https:\/\/wordpress.nibis.de\/gsneetze\/klimafreundliches-konsumieren\/","title":{"rendered":"Klimafreundliches Konsumieren"},"content":{"rendered":"<p><span style=\"font-family: arial,helvetica,sans-serif\">Nach einem gemeinsamen Klassenfr\u00fchst\u00fcck fiel den Kindern die relativ gro\u00df<img loading=\"lazy\" decoding=\"async\" class=\"alignright size-medium wp-image-253\" src=\"http:\/\/wordpress.nibis.de\/gsneetze\/files\/2018\/07\/GFA1-300x168.png\" alt=\"\" width=\"300\" height=\"168\" srcset=\"https:\/\/wordpress.nibis.de\/gsneetze\/files\/2018\/07\/GFA1-300x168.png 300w, https:\/\/wordpress.nibis.de\/gsneetze\/files\/2018\/07\/GFA1.png 350w\" sizes=\"auto, (max-width: 300px) 100vw, 300px\" \/>e Menge an Verpackungsm\u00fcll auf. Daraufhin besch\u00e4ftigten wir uns mit den Auswirkungen des M\u00fclls auf Menschen und Tiere und anschlie\u00dfend mit dem \u201e\u00d6kologischen Rucksack\u201c verschiedener Produkte. Das zum besseren Verst\u00e4ndnis notwendige praxisorientierte Material entliehen wir beim Schulbiologischen Zentrum (Schubz) in L\u00fcneburg. Zum Abschluss unseres Projektes bauten wir mit den Sch\u00fclern einen Informationsstand vor dem \u00f6rtlichen Supermarkt auf. Selbst erstellte Infoplakate, auf denen die Folgen ung\u00fcnstigen Konsumve<img loading=\"lazy\" decoding=\"async\" class=\"alignright wp-image-251 size-full\" src=\"http:\/\/wordpress.nibis.de\/gsneetze\/files\/2018\/07\/Prsentation-61.jpg\" alt=\"\" width=\"263\" height=\"198\">rhaltens dargestellt waren,&nbsp; wurden interessierten Passanten <img loading=\"lazy\" decoding=\"async\" class=\"alignright size-medium wp-image-252\" src=\"http:\/\/wordpress.nibis.de\/gsneetze\/files\/2018\/07\/Mll-sammeln1-300x225.png\" alt=\"\" width=\"300\" height=\"225\" srcset=\"https:\/\/wordpress.nibis.de\/gsneetze\/files\/2018\/07\/Mll-sammeln1-300x225.png 300w, https:\/\/wordpress.nibis.de\/gsneetze\/files\/2018\/07\/Mll-sammeln1.png 350w\" sizes=\"auto, (max-width: 300px) 100vw, 300px\" \/>erl\u00e4utert. <\/span><span style=\"font-family: arial,helvetica,sans-serif\">Als Alternative zu Plastikt\u00fcten wurden selbstgestaltete Baumwollbeutel angeboten. Zus\u00e4tzlich wurde ein selbstgetextetes Lied gesungen.&nbsp;<img loading=\"lazy\" decoding=\"async\" class=\"size-medium wp-image-254 alignright\" src=\"http:\/\/wordpress.nibis.de\/gsneetze\/files\/2018\/07\/Edeka31-300x225.png\" alt=\"\" width=\"300\" height=\"225\" srcset=\"https:\/\/wordpress.nibis.de\/gsneetze\/files\/2018\/07\/Edeka31-300x225.png 300w, https:\/\/wordpress.nibis.de\/gsneetze\/files\/2018\/07\/Edeka31.png 350w\" sizes=\"auto, (max-width: 300px) 100vw, 300px\" \/><\/span><\/p>\n","protected":false},"excerpt":{"rendered":"<p>Nach einem gemeinsamen Klassenfr\u00fchst\u00fcck fiel den Kindern die relativ gro\u00dfe Menge an Verpackungsm\u00fcll auf. Daraufhin besch\u00e4ftigten wir uns mit den Auswirkungen des M\u00fclls auf Menschen und Tiere und anschlie\u00dfend mit dem \u201e\u00d6kologischen Rucksack\u201c verschiedener Produkte. Das zum besseren Verst\u00e4ndnis notwendige &hellip; <a href=\"https:\/\/wordpress.nibis.de\/gsneetze\/klimafreundliches-konsumieren\/\">Weiterlesen <span class=\"meta-nav\">&rarr;<\/span><\/a><\/p>\n","protected":false},"author":9192573,"featured_media":0,"parent":0,"menu_order":0,"comment_status":"closed","ping_status":"closed","template":"","meta":{"footnotes":""},"class_list":["post-249","page","type-page","status-publish","hentry"],"_links":{"self":[{"href":"https:\/\/wordpress.nibis.de\/gsneetze\/wp-json\/wp\/v2\/pages\/249","targetHints":{"allow":["GET"]}}],"collection":[{"href":"https:\/\/wordpress.nibis.de\/gsneetze\/wp-json\/wp\/v2\/pages"}],"about":[{"href":"https:\/\/wordpress.nibis.de\/gsneetze\/wp-json\/wp\/v2\/types\/page"}],"author":[{"embeddable":true,"href":"https:\/\/wordpress.nibis.de\/gsneetze\/wp-json\/wp\/v2\/users\/9192573"}],"replies":[{"embeddable":true,"href":"https:\/\/wordpress.nibis.de\/gsneetze\/wp-json\/wp\/v2\/comments?post=249"}],"version-history":[{"count":7,"href":"https:\/\/wordpress.nibis.de\/gsneetze\/wp-json\/wp\/v2\/pages\/249\/revisions"}],"predecessor-version":[{"id":913,"href":"https:\/\/wordpress.nibis.de\/gsneetze\/wp-json\/wp\/v2\/pages\/249\/revisions\/913"}],"wp:attachment":[{"href":"https:\/\/wordpress.nibis.de\/gsneetze\/wp-json\/wp\/v2\/media?parent=249"}],"curies":[{"name":"wp","href":"https:\/\/api.w.org\/{rel}","templated":true}]}}