{"id":269,"date":"2018-07-30T15:46:55","date_gmt":"2018-07-30T13:46:55","guid":{"rendered":"http:\/\/wordpress.nibis.de\/gsneetze\/?page_id=269"},"modified":"2018-07-30T15:48:35","modified_gmt":"2018-07-30T13:48:35","slug":"klimadetektive","status":"publish","type":"page","link":"https:\/\/wordpress.nibis.de\/gsneetze\/klimadetektive\/","title":{"rendered":"Klimadetektive"},"content":{"rendered":"<p><span style=\"font-family: Arial\"><img loading=\"lazy\" decoding=\"async\" class=\"alignleft wp-image-271 \" src=\"http:\/\/wordpress.nibis.de\/gsneetze\/files\/2018\/07\/Logo-Klimadetektive1.png\" alt=\"\" width=\"117\" height=\"167\" \/>Bereits zweimal hat unsere Schule erfolgreich an dem regionalen Umweltwettbewerb \u201eKlimadetektive\u201c teilgenommen, der sich an dritte Schulklassen richtet. <\/span><\/p>\n<p><span style=\"font-family: Arial\">Dazu haben die Sch\u00fcler mit Hilfe von Frageb\u00f6gen untersucht, wie umweltbewusst der heimische Umgang mit Ressourcen ist. Es wurden Kalender mit Energiespartipps f\u00fcr jeden Monat des Jahres gebastelt und Umweltaktionen in der Schule entwickelt.<\/span><\/p>\n<p>&nbsp;<\/p>\n<p style=\"text-align: center\"><b><span style=\"font-family: Arial\">Siegerehrung der Klimadetektive im Glockenhaus (2016)<\/span><\/b><\/p>\n<p><img loading=\"lazy\" decoding=\"async\" class=\"size-medium wp-image-272 aligncenter\" src=\"http:\/\/wordpress.nibis.de\/gsneetze\/files\/2018\/07\/Preisverleihung-Klimadetektive-Glockenhaus1-300x168.png\" alt=\"\" width=\"300\" height=\"168\" srcset=\"https:\/\/wordpress.nibis.de\/gsneetze\/files\/2018\/07\/Preisverleihung-Klimadetektive-Glockenhaus1-300x168.png 300w, https:\/\/wordpress.nibis.de\/gsneetze\/files\/2018\/07\/Preisverleihung-Klimadetektive-Glockenhaus1.png 350w\" sizes=\"auto, (max-width: 300px) 100vw, 300px\" \/><\/p>\n<p style=\"text-align: center\"><b><span style=\"font-family: Arial\">L\u00fcneburgs B\u00fcrgermeister Herr Kolle ehrt die Drittkl\u00e4ssler der Grundschule Neetze<\/span><\/b><\/p>\n<p><img loading=\"lazy\" decoding=\"async\" class=\"size-medium wp-image-273 aligncenter\" src=\"http:\/\/wordpress.nibis.de\/gsneetze\/files\/2018\/07\/Preisverleihung-Klimadetektive-Gruppe1-300x150.png\" alt=\"\" width=\"300\" height=\"150\" srcset=\"https:\/\/wordpress.nibis.de\/gsneetze\/files\/2018\/07\/Preisverleihung-Klimadetektive-Gruppe1-300x150.png 300w, https:\/\/wordpress.nibis.de\/gsneetze\/files\/2018\/07\/Preisverleihung-Klimadetektive-Gruppe1.png 400w\" sizes=\"auto, (max-width: 300px) 100vw, 300px\" \/><\/p>\n","protected":false},"excerpt":{"rendered":"<p>Bereits zweimal hat unsere Schule erfolgreich an dem regionalen Umweltwettbewerb \u201eKlimadetektive\u201c teilgenommen, der sich an dritte Schulklassen richtet. Dazu haben die Sch\u00fcler mit Hilfe von Frageb\u00f6gen untersucht, wie umweltbewusst der heimische Umgang mit Ressourcen ist. Es wurden Kalender mit Energiespartipps &hellip; <a href=\"https:\/\/wordpress.nibis.de\/gsneetze\/klimadetektive\/\">Weiterlesen <span class=\"meta-nav\">&rarr;<\/span><\/a><\/p>\n","protected":false},"author":9192573,"featured_media":0,"parent":0,"menu_order":0,"comment_status":"closed","ping_status":"closed","template":"","meta":{"footnotes":""},"class_list":["post-269","page","type-page","status-publish","hentry"],"_links":{"self":[{"href":"https:\/\/wordpress.nibis.de\/gsneetze\/wp-json\/wp\/v2\/pages\/269","targetHints":{"allow":["GET"]}}],"collection":[{"href":"https:\/\/wordpress.nibis.de\/gsneetze\/wp-json\/wp\/v2\/pages"}],"about":[{"href":"https:\/\/wordpress.nibis.de\/gsneetze\/wp-json\/wp\/v2\/types\/page"}],"author":[{"embeddable":true,"href":"https:\/\/wordpress.nibis.de\/gsneetze\/wp-json\/wp\/v2\/users\/9192573"}],"replies":[{"embeddable":true,"href":"https:\/\/wordpress.nibis.de\/gsneetze\/wp-json\/wp\/v2\/comments?post=269"}],"version-history":[{"count":3,"href":"https:\/\/wordpress.nibis.de\/gsneetze\/wp-json\/wp\/v2\/pages\/269\/revisions"}],"predecessor-version":[{"id":275,"href":"https:\/\/wordpress.nibis.de\/gsneetze\/wp-json\/wp\/v2\/pages\/269\/revisions\/275"}],"wp:attachment":[{"href":"https:\/\/wordpress.nibis.de\/gsneetze\/wp-json\/wp\/v2\/media?parent=269"}],"curies":[{"name":"wp","href":"https:\/\/api.w.org\/{rel}","templated":true}]}}