{"id":321,"date":"2018-08-01T22:34:50","date_gmt":"2018-08-01T20:34:50","guid":{"rendered":"http:\/\/wordpress.nibis.de\/gsneetze\/?page_id=321"},"modified":"2025-06-10T10:19:57","modified_gmt":"2025-06-10T08:19:57","slug":"kunst","status":"publish","type":"page","link":"https:\/\/wordpress.nibis.de\/gsneetze\/kunst\/","title":{"rendered":"Kunst"},"content":{"rendered":"<p><span style=\"font-family: arial, helvetica, sans-serif\">Im Kunstunterricht\u00a0wird den Kindern die Freude am kreativen Gestalten auf unterschiedliche Art nahe gebracht.<\/span><\/p>\n<p><span style=\"font-family: arial, helvetica, sans-serif\">Die Kinder experimentieren im Kunstunterricht mit unterschiedlichen Materialien und Farben, z.B. werden Collagen erstellt, Drucke und Zeichnungen angefertigt sowie Bilder mit Wasserfarben gestaltet. Die Werke der Kinder werden in Klassenr\u00e4umen, Fluren und Schauk\u00e4sten ausgestellt.<\/span><\/p>\n<p><span style=\"font-family: arial, helvetica, sans-serif\"><strong>Kunstprojekt<\/strong><\/span><\/p>\n<div id='gallery-1' class='gallery galleryid-321 gallery-columns-3 gallery-size-full'><dl class='gallery-item'>\n\t\t\t<dt class='gallery-icon landscape'>\n\t\t\t\t<a href='https:\/\/wordpress.nibis.de\/gsneetze\/kunst\/img_6\/'><img loading=\"lazy\" decoding=\"async\" width=\"320\" height=\"214\" src=\"https:\/\/wordpress.nibis.de\/gsneetze\/files\/2018\/09\/IMG_6.jpeg\" class=\"attachment-full size-full\" alt=\"\" srcset=\"https:\/\/wordpress.nibis.de\/gsneetze\/files\/2018\/09\/IMG_6.jpeg 320w, https:\/\/wordpress.nibis.de\/gsneetze\/files\/2018\/09\/IMG_6-300x201.jpeg 300w\" sizes=\"auto, (max-width: 320px) 100vw, 320px\" \/><\/a>\n\t\t\t<\/dt><\/dl><dl class='gallery-item'>\n\t\t\t<dt class='gallery-icon landscape'>\n\t\t\t\t<a href='https:\/\/wordpress.nibis.de\/gsneetze\/kunst\/img_4\/'><img loading=\"lazy\" decoding=\"async\" width=\"320\" height=\"214\" src=\"https:\/\/wordpress.nibis.de\/gsneetze\/files\/2018\/09\/IMG_4.jpeg\" class=\"attachment-full size-full\" alt=\"\" srcset=\"https:\/\/wordpress.nibis.de\/gsneetze\/files\/2018\/09\/IMG_4.jpeg 320w, https:\/\/wordpress.nibis.de\/gsneetze\/files\/2018\/09\/IMG_4-300x201.jpeg 300w\" sizes=\"auto, (max-width: 320px) 100vw, 320px\" \/><\/a>\n\t\t\t<\/dt><\/dl><dl class='gallery-item'>\n\t\t\t<dt class='gallery-icon landscape'>\n\t\t\t\t<a href='https:\/\/wordpress.nibis.de\/gsneetze\/kunst\/img_3\/'><img loading=\"lazy\" decoding=\"async\" width=\"320\" height=\"214\" src=\"https:\/\/wordpress.nibis.de\/gsneetze\/files\/2018\/09\/IMG_3.jpeg\" class=\"attachment-full size-full\" alt=\"\" srcset=\"https:\/\/wordpress.nibis.de\/gsneetze\/files\/2018\/09\/IMG_3.jpeg 320w, https:\/\/wordpress.nibis.de\/gsneetze\/files\/2018\/09\/IMG_3-300x201.jpeg 300w\" sizes=\"auto, (max-width: 320px) 100vw, 320px\" \/><\/a>\n\t\t\t<\/dt><\/dl><br style=\"clear: both\" \/><dl class='gallery-item'>\n\t\t\t<dt class='gallery-icon landscape'>\n\t\t\t\t<a href='https:\/\/wordpress.nibis.de\/gsneetze\/kunst\/img_2\/'><img loading=\"lazy\" decoding=\"async\" width=\"320\" height=\"214\" src=\"https:\/\/wordpress.nibis.de\/gsneetze\/files\/2018\/09\/IMG_2.jpeg\" class=\"attachment-full size-full\" alt=\"\" aria-describedby=\"gallery-1-519\" srcset=\"https:\/\/wordpress.nibis.de\/gsneetze\/files\/2018\/09\/IMG_2.jpeg 320w, https:\/\/wordpress.nibis.de\/gsneetze\/files\/2018\/09\/IMG_2-300x201.jpeg 300w\" sizes=\"auto, (max-width: 320px) 100vw, 320px\" \/><\/a>\n\t\t\t<\/dt>\n\t\t\t\t<dd class='wp-caption-text gallery-caption' id='gallery-1-519'>\n\t\t\t\tKunstprojekt \n\t\t\t\t<\/dd><\/dl><dl class='gallery-item'>\n\t\t\t<dt class='gallery-icon landscape'>\n\t\t\t\t<a href='https:\/\/wordpress.nibis.de\/gsneetze\/img_9\/'><img loading=\"lazy\" decoding=\"async\" width=\"320\" height=\"214\" src=\"https:\/\/wordpress.nibis.de\/gsneetze\/files\/2018\/09\/IMG_9.jpeg\" class=\"attachment-full size-full\" alt=\"\" srcset=\"https:\/\/wordpress.nibis.de\/gsneetze\/files\/2018\/09\/IMG_9.jpeg 320w, https:\/\/wordpress.nibis.de\/gsneetze\/files\/2018\/09\/IMG_9-300x201.jpeg 300w\" sizes=\"auto, (max-width: 320px) 100vw, 320px\" \/><\/a>\n\t\t\t<\/dt><\/dl><dl class='gallery-item'>\n\t\t\t<dt class='gallery-icon landscape'>\n\t\t\t\t<a href='https:\/\/wordpress.nibis.de\/gsneetze\/img_8\/'><img loading=\"lazy\" decoding=\"async\" width=\"320\" height=\"214\" src=\"https:\/\/wordpress.nibis.de\/gsneetze\/files\/2018\/09\/IMG_8.jpeg\" class=\"attachment-full size-full\" alt=\"\" srcset=\"https:\/\/wordpress.nibis.de\/gsneetze\/files\/2018\/09\/IMG_8.jpeg 320w, https:\/\/wordpress.nibis.de\/gsneetze\/files\/2018\/09\/IMG_8-300x201.jpeg 300w\" sizes=\"auto, (max-width: 320px) 100vw, 320px\" \/><\/a>\n\t\t\t<\/dt><\/dl><br style=\"clear: both\" \/>\n\t\t<\/div>\n\n<p><span style=\"font-family: arial, helvetica, sans-serif\">Im Rahmen des Kunstunterrichts findet in jedem Schuljahrgang in unregelm\u00e4\u00dfigen Abst\u00e4nden ein Projekt in Kooperation mit dem Kunstraum Tosterglope statt. Hier werden die Kinder direkt von K\u00fcnstlerinnen angeleitet und erfahren so eine offene, kreative Herangehensweise.<\/span><\/p>\n<p><span style=\"font-family: arial, helvetica, sans-serif\">Beispielsweise wurden Projekte zu den Themen &#8222;Licht und Schatten&#8220;, &#8222;Strukturen von Obst und Gem\u00fcse&#8220;, &#8222;Nebel, verschwommene Sichtweisen&#8220; und &#8222;Blaudruck&#8220;\u00a0durchgef\u00fchrt.<\/span><\/p>\n","protected":false},"excerpt":{"rendered":"<p>Im Kunstunterricht\u00a0wird den Kindern die Freude am kreativen Gestalten auf unterschiedliche Art nahe gebracht. Die Kinder experimentieren im Kunstunterricht mit unterschiedlichen Materialien und Farben, z.B. werden Collagen erstellt, Drucke und Zeichnungen angefertigt sowie Bilder mit Wasserfarben gestaltet. Die Werke der &hellip; <a href=\"https:\/\/wordpress.nibis.de\/gsneetze\/kunst\/\">Weiterlesen <span class=\"meta-nav\">&rarr;<\/span><\/a><\/p>\n","protected":false},"author":9192573,"featured_media":0,"parent":0,"menu_order":0,"comment_status":"closed","ping_status":"closed","template":"","meta":{"footnotes":""},"class_list":["post-321","page","type-page","status-publish","hentry"],"_links":{"self":[{"href":"https:\/\/wordpress.nibis.de\/gsneetze\/wp-json\/wp\/v2\/pages\/321","targetHints":{"allow":["GET"]}}],"collection":[{"href":"https:\/\/wordpress.nibis.de\/gsneetze\/wp-json\/wp\/v2\/pages"}],"about":[{"href":"https:\/\/wordpress.nibis.de\/gsneetze\/wp-json\/wp\/v2\/types\/page"}],"author":[{"embeddable":true,"href":"https:\/\/wordpress.nibis.de\/gsneetze\/wp-json\/wp\/v2\/users\/9192573"}],"replies":[{"embeddable":true,"href":"https:\/\/wordpress.nibis.de\/gsneetze\/wp-json\/wp\/v2\/comments?post=321"}],"version-history":[{"count":11,"href":"https:\/\/wordpress.nibis.de\/gsneetze\/wp-json\/wp\/v2\/pages\/321\/revisions"}],"predecessor-version":[{"id":1295,"href":"https:\/\/wordpress.nibis.de\/gsneetze\/wp-json\/wp\/v2\/pages\/321\/revisions\/1295"}],"wp:attachment":[{"href":"https:\/\/wordpress.nibis.de\/gsneetze\/wp-json\/wp\/v2\/media?parent=321"}],"curies":[{"name":"wp","href":"https:\/\/api.w.org\/{rel}","templated":true}]}}