{"id":403,"date":"2018-08-05T19:55:38","date_gmt":"2018-08-05T17:55:38","guid":{"rendered":"http:\/\/wordpress.nibis.de\/gsneetze\/?page_id=403"},"modified":"2024-05-10T19:26:07","modified_gmt":"2024-05-10T17:26:07","slug":"schulvorstand","status":"publish","type":"page","link":"https:\/\/wordpress.nibis.de\/gsneetze\/schulvorstand\/","title":{"rendered":"Schulvorstand"},"content":{"rendered":"<p><span style=\"font-size: 10pt\"><big><span style=\"font-family: Arial\">Alle \u00f6ffentlichen Schulen in Niedersachsen sind seit dem 01.08.2007 eigenverantwortlich.<br \/><\/span><\/big><\/span><span style=\"font-family: arial,helvetica,sans-serif\">An Grundschulen setzt sich der Schulvorstand zur H\u00e4lfte aus Vertreterinnen der Lehrkr\u00e4fte und zur anderen H\u00e4lfte aus Vertretern der Elternschaft zusammen. Insgesamt geh\u00f6ren dem Gremium\u00a0acht Personen unter dem Vorsitz der Schulleitung an.<\/span><\/p>\n<p><span style=\"font-family: arial,helvetica,sans-serif\">Aufgaben des Schulvorstands <\/span><\/p>\n<ul style=\"list-style-type: circle\">\n<li><span style=\"font-family: arial,helvetica,sans-serif\">Gestaltung der Qualit\u00e4t der Schule<\/span><\/li>\n<li><span style=\"font-family: arial,helvetica,sans-serif\">Vorschl\u00e4ge f\u00fcr das Schulprogramm<\/span><\/li>\n<li><span style=\"font-family: arial,helvetica,sans-serif\">Absegnung des Haushalts<\/span><\/li>\n<li><span style=\"font-family: arial,helvetica,sans-serif\">Ma\u00dfnahmen zur Evaluation und Qualit\u00e4tskontrolle<\/span><\/li>\n<li><span style=\"font-family: arial,helvetica,sans-serif\">Neuanschaffungen\u00a0<\/span><\/li>\n<li><span style=\"font-family: arial,helvetica,sans-serif\">Planungen zur Ganztagsschule inklusive des\u00a0Bauvorhabens<\/span><\/li>\n<\/ul>\n<p><span style=\"font-family: arial,helvetica,sans-serif\">Aktuell sind folgende Lehrkr\u00e4fte und Eltern\u00a0im Schulvorstand:<\/span><\/p>\n<p><span style=\"font-family: arial,helvetica,sans-serif;font-size: 12pt\">Lehrerinnen:<\/span><\/p>\n<p><span style=\"font-family: arial,helvetica,sans-serif\">B\u00e4rbel Wildner (Schulleitung), Britta Plath, Frauke Thiele, S\u00fcnje Rathjen-Sahling und Ilka Mielmann (als Vertretung)<\/span><\/p>\n<p><span style=\"font-family: arial,helvetica,sans-serif\">Eltern:<\/span><\/p>\n<p><span style=\"font-family: arial,helvetica,sans-serif\">Frau Bongartz (Fische), Frau Sch\u00fctze (Drachen), Frau Tillig (Drachen), Herr Jorczik (Alpakas) und Frau Thorborg und Frau Zobel (als Vertretung, beide Drachen)<\/span><\/p>\n<p><span style=\"font-family: arial,helvetica,sans-serif\">Weitere Informationen zum Schulvorstand finden Sie auf der Seite des <a href=\"http:\/\/www.mk.niedersachsen.de\/startseite\/schule\/unsere_schulen\/eigenverantwortliche_schule\/eigenverantwortliche-schule-128101.html\">Nieders\u00e4chsischen Kultusministeriums.<\/a><\/span><\/p>\n\n\n<p><\/p>\n","protected":false},"excerpt":{"rendered":"<p>Alle \u00f6ffentlichen Schulen in Niedersachsen sind seit dem 01.08.2007 eigenverantwortlich.An Grundschulen setzt sich der Schulvorstand zur H\u00e4lfte aus Vertreterinnen der Lehrkr\u00e4fte und zur anderen H\u00e4lfte aus Vertretern der Elternschaft zusammen. Insgesamt geh\u00f6ren dem Gremium\u00a0acht Personen unter dem Vorsitz der Schulleitung &hellip; <a href=\"https:\/\/wordpress.nibis.de\/gsneetze\/schulvorstand\/\">Weiterlesen <span class=\"meta-nav\">&rarr;<\/span><\/a><\/p>\n","protected":false},"author":9192573,"featured_media":0,"parent":0,"menu_order":0,"comment_status":"closed","ping_status":"closed","template":"","meta":{"footnotes":""},"class_list":["post-403","page","type-page","status-publish","hentry"],"_links":{"self":[{"href":"https:\/\/wordpress.nibis.de\/gsneetze\/wp-json\/wp\/v2\/pages\/403","targetHints":{"allow":["GET"]}}],"collection":[{"href":"https:\/\/wordpress.nibis.de\/gsneetze\/wp-json\/wp\/v2\/pages"}],"about":[{"href":"https:\/\/wordpress.nibis.de\/gsneetze\/wp-json\/wp\/v2\/types\/page"}],"author":[{"embeddable":true,"href":"https:\/\/wordpress.nibis.de\/gsneetze\/wp-json\/wp\/v2\/users\/9192573"}],"replies":[{"embeddable":true,"href":"https:\/\/wordpress.nibis.de\/gsneetze\/wp-json\/wp\/v2\/comments?post=403"}],"version-history":[{"count":10,"href":"https:\/\/wordpress.nibis.de\/gsneetze\/wp-json\/wp\/v2\/pages\/403\/revisions"}],"predecessor-version":[{"id":1248,"href":"https:\/\/wordpress.nibis.de\/gsneetze\/wp-json\/wp\/v2\/pages\/403\/revisions\/1248"}],"wp:attachment":[{"href":"https:\/\/wordpress.nibis.de\/gsneetze\/wp-json\/wp\/v2\/media?parent=403"}],"curies":[{"name":"wp","href":"https:\/\/api.w.org\/{rel}","templated":true}]}}