{"id":508,"date":"2018-09-04T20:47:23","date_gmt":"2018-09-04T18:47:23","guid":{"rendered":"http:\/\/wordpress.nibis.de\/gsneetze\/?page_id=508"},"modified":"2019-05-10T11:53:16","modified_gmt":"2019-05-10T09:53:16","slug":"datenschutz","status":"publish","type":"page","link":"https:\/\/wordpress.nibis.de\/gsneetze\/datenschutz\/","title":{"rendered":"Datenschutz"},"content":{"rendered":"<p>\u00a0<\/p>\n<h2><span style=\"font-family: arial black,sans-serif\">I. Name und Anschrift des Verantwortlichen<\/span><\/h2>\n<p><span style=\"font-family: arial,helvetica,sans-serif\">Grundschule Neetze<\/span><\/p>\n<p><span style=\"font-family: arial,helvetica,sans-serif\">S\u00fcttorfer Weg 17-12<\/span><br \/><span style=\"font-family: arial,helvetica,sans-serif\">21398 Neetze<\/span><br \/><span style=\"font-family: arial,helvetica,sans-serif\">Telefon: 05850\/260<\/span><br \/><span style=\"font-family: arial,helvetica,sans-serif\">E-Mail: &#x67;&#x73;&#x5f;&#x6e;&#x65;&#x65;&#x74;&#x7a;&#x65;&#x40;&#x74;&#x2d;&#x6f;&#x6e;&#x6c;&#x69;&#x6e;&#x65;&#x2e;&#x64;&#x65;<\/span><\/p>\n<h3><span style=\"font-family: arial black,sans-serif\">Vertretungsberechtigt<\/span><\/h3>\n<p><span style=\"font-family: arial,helvetica,sans-serif\">B\u00e4rbel Wildner, Schulleiterin<\/span><\/p>\n<h2><span style=\"font-family: arial black,sans-serif\">II. Kontaktdaten der oder des Datenschutzbeauftragten<\/span><\/h2>\n<p><span style=\"font-family: arial,helvetica,sans-serif\">Tel.: Gabi Gruber<\/span><br \/><span style=\"font-family: arial,helvetica,sans-serif\">E-Mail: &#x67;&#103;r&#x75;&#x62;&#101;r&#x40;&#x67;&#114;u&#x6e;&#100;s&#x63;&#x68;&#117;l&#x65;&#x2d;&#110;e&#x65;&#116;&#122;&#x65;&#x2e;&#100;e<\/span><\/p>\n<h2><span style=\"font-family: arial black,sans-serif\">III. Bereitstellung der Website und Erstellung von Logfiles<\/span><\/h2>\n<p><span style=\"font-family: arial,helvetica,sans-serif\">Bei jedem Aufruf unserer Internetseite erfasst unser System automatisiert Daten und Informationen vom Computersystem des aufrufenden Rechners. Folgende Daten werden hierbei erhoben:<\/span><\/p>\n<ol>\n<li><span style=\"font-family: arial,helvetica,sans-serif\">Datum und Uhrzeit des Zugriffes<\/span><\/li>\n<li><span style=\"font-family: arial,helvetica,sans-serif\">Die IP-Adresse des Nutzers<\/span><\/li>\n<\/ol>\n<p>\u00a0<\/p>\n<p>\u00a0<\/p>\n<p><span style=\"font-family: arial,helvetica,sans-serif\">Die Daten werden in den Logfiles unseres Systems gespeichert. Eine Speicherung dieser Daten zusammen mit anderen personenbezogenen Daten des Nutzers findet nicht statt. Zweck der Datenspeicherung ist die technische Optimierung unserer Internetseite. Rechtsgrundlage f\u00fcr die vor\u00fcbergehende Speicherung der Daten ist Art. 6 Abs.1 lit.f DSGVO.<\/span><\/p>\n<p><span style=\"font-family: arial,helvetica,sans-serif\">Die Daten werden f\u00fcr zwei Monate <em>(Dieser Zeitraum muss individuell angepasst werden. Ein l\u00e4ngerer Zeitraum wird nicht f\u00fcr vertretbar gehalten.)<\/em> gespeichert, sie werden lediglich statistisch ausgewertet.<\/span><\/p>\n<h2><span style=\"font-family: arial black,sans-serif\">IV. Verwendung von Cookies<\/span><\/h2>\n<p><span style=\"font-family: arial,helvetica,sans-serif\">Wir verwenden keine Cookies.<\/span><\/p>\n<h2><span style=\"font-family: arial black,sans-serif\">V. Speicherung personenbezogener Daten bei Kontaktaufnahme<\/span><\/h2>\n<p><span style=\"font-family: arial,helvetica,sans-serif\">Sofern Sie per E-Mail den Kontakt mit uns aufnehmen, werden die von Ihnen \u00fcbermittelten personenbezogenen Daten automatisch gespeichert. Diese Daten werden f\u00fcr Zwecke der Bearbeitung Ihres Anliegens und der Kontaktaufnahme mit Ihnen gespeichert.<\/span><\/p>\n<p><span style=\"font-family: arial,helvetica,sans-serif\">Die L\u00f6schung der Daten erfolgt, sobald deren Speicherung f\u00fcr die Bearbeitung Ihres Anliegens nicht mehr erforderlich ist.<\/span><\/p>\n<p><span style=\"font-family: arial black,sans-serif\">Betroffenenrechte<\/span><\/p>\n<p><span style=\"font-family: arial,helvetica,sans-serif\">Sie k\u00f6nnen folgende Rechte geltend machen:<\/span><\/p>\n<h3><span style=\"font-family: arial black,sans-serif\">Auskunft\/ Akteneinsicht<\/span><\/h3>\n<p><span style=\"font-family: arial,helvetica,sans-serif\">Gem. Art. 15 DSGVO haben Sie das Recht, Auskunft bzw. Akteneinsicht \u00fcber die von uns verarbeiteten personenbezogenen Daten zu erhalten.<\/span><\/p>\n<h3><span style=\"font-family: arial,helvetica,sans-serif\"><span style=\"font-family: arial black,sans-serif\">Berichtigung<\/span> <\/span><\/h3>\n<p><span style=\"font-family: arial,helvetica,sans-serif\">Sind bei uns gespeicherte personenbezogene Daten unrichtig oder unvollst\u00e4ndig, haben Sie gem. Art. 16 DSGVO das Recht, diese berichtigen bzw. vervollst\u00e4ndigen zu lassen.<\/span><\/p>\n<h3><span style=\"font-family: arial,helvetica,sans-serif\"><span style=\"font-family: arial black,sans-serif\">L\u00f6schung<\/span> <\/span><\/h3>\n<p><span style=\"font-family: arial,helvetica,sans-serif\">Art. 17 DSGVO normiert das Recht auf L\u00f6schung personenbezogener Daten. Dieses Recht steht Ihnen insbesondere dann zu, wenn die Speicherung der personenbezogenen Daten zur Erf\u00fcllung unserer gesetzlichen Aufgaben nicht mehr erforderlich ist oder Sie Ihre Einwilligung zur Datenverarbeitung mit Wirkung f\u00fcr die Zukunft widerrufen haben.<\/span><\/p>\n<h3><span style=\"font-family: arial,helvetica,sans-serif\"><span style=\"font-family: arial black,sans-serif\">Einschr\u00e4nkung der Verarbeitung<\/span> <\/span><\/h3>\n<p><span style=\"font-family: arial,helvetica,sans-serif\">Gem. Art. 18 DSGVO k\u00f6nnen Sie die Einschr\u00e4nkung der personenbezogenen Daten verlangen, wenn<\/span><\/p>\n<ul>\n<li><span style=\"font-family: arial,helvetica,sans-serif\">die Richtigkeit der Daten von Ihnen bestritten wird<\/span><\/li>\n<li><span style=\"font-family: arial,helvetica,sans-serif\">die Verarbeitung unrechtm\u00e4\u00dfig ist, Sie aber deren L\u00f6schung ablehnen<\/span><\/li>\n<li><span style=\"font-family: arial,helvetica,sans-serif\">wir die Daten nicht mehr ben\u00f6tigen, Sie jedoch diese zur Geltendmachung, Aus\u00fcbung oder Verteidigung von Rechtsanspr\u00fcchen ben\u00f6tigen<\/span><\/li>\n<li><span style=\"font-family: arial,helvetica,sans-serif\">oder Sie gem\u00e4\u00df Art. 21 DSGVO Widerspruch gegen die Verarbeitung eingelegt haben<\/span><\/li>\n<\/ul>\n<p>\u00a0<\/p>\n<h3><span style=\"font-family: arial black,sans-serif\">Widerspruch<\/span><\/h3>\n<p><span style=\"font-family: arial,helvetica,sans-serif\">Sie k\u00f6nnen bei Gr\u00fcnden, die sich aus Ihrer besonderen Situation ergeben, ein Widerspruchsrecht geltend machen. Gem. Art. 21 DSGVO ist jedoch zu ber\u00fccksichtigten, ob schutzw\u00fcrdige Gr\u00fcnde f\u00fcr die Verarbeitung vorliegen oder die Verarbeitung der Geltendmachung, Aus\u00fcbung oder Verteidigung von Rechtsanspr\u00fcchen dient.<\/span><\/p>\n<h3><span style=\"font-family: arial black,sans-serif\">Daten\u00fcbertragbarkeit<\/span><\/h3>\n<p><span style=\"font-family: arial,helvetica,sans-serif\">Ist die Verarbeitung Ihrer Daten mit Hilfe eines automatisierten Verfahrens erfolgt, haben Sie gem. Art. 20 DSGVO das Recht, die Daten in einem g\u00e4ngigen und maschinenlesbaren Format zu erhalten und an eine andere Schule zu \u00fcbermitteln bzw. durch uns \u00fcbermitteln zu lassen.<\/span><\/p>\n<h3><span style=\"font-family: arial black,sans-serif\">Widerruf der Einwilligung<\/span><\/h3>\n<p><span style=\"font-family: arial,helvetica,sans-serif\">Sie haben gem. Art. 7 Absatz 3 DSGVO das Recht, uns erteilte Einwilligungen jederzeit mit Wirkung f\u00fcr die Zukunft zu widerrufen.<\/span><\/p>\n<h3><span style=\"font-family: arial,helvetica,sans-serif\"><span style=\"font-family: arial black,sans-serif\">Beschwerde<\/span> <\/span><\/h3>\n<p><span style=\"font-family: arial,helvetica,sans-serif\">Art. 77 DSGVO normiert ein Beschwerderecht bei der Aufsichtsbeh\u00f6rde. Die f\u00fcr uns zust\u00e4ndige Aufsichtsbeh\u00f6rde ist die Landesbeauftragte f\u00fcr den Datenschutz Niedersachsen, Prinzenstra\u00dfe 5, 30159 Hannover. E-Mail: <a href=\"&#x6d;&#x61;&#x69;&#x6c;&#x74;&#x6f;&#x3a;&#x70;&#x6f;&#x73;&#x74;&#x73;&#x74;&#x65;&#108;&#108;&#101;&#64;&#108;&#102;&#100;&#46;&#110;&#105;&#101;dersachs&#x65;&#x6e;&#x2e;&#x64;&#x65;\">&#x70;&#111;s&#x74;&#x73;&#116;e&#x6c;&#x6c;&#101;&#64;&#x6c;&#102;d&#x2e;&#x6e;&#105;e&#x64;&#x65;&#114;s&#x61;&#99;&#104;&#x73;&#x65;&#110;&#46;&#x64;&#x65;<\/a><\/span><\/p>\n\n\n<p>@<\/p>\n","protected":false},"excerpt":{"rendered":"<p>\u00a0 I. Name und Anschrift des Verantwortlichen Grundschule Neetze S\u00fcttorfer Weg 17-1221398 NeetzeTelefon: 05850\/260E-Mail: &#x67;&#x73;&#x5f;&#110;&#101;et&#x7a;&#x65;&#x40;&#x74;&#45;&#111;nl&#x69;&#x6e;&#x65;&#46;&#100;&#101; Vertretungsberechtigt B\u00e4rbel Wildner, Schulleiterin II. Kontaktdaten der oder des Datenschutzbeauftragten Tel.: Gabi GruberE-Mail: &#x67;g&#x72;u&#x62;&#101;&#x72;&#64;g&#x72;u&#x6e;&#100;&#x73;&#99;&#x68;&#117;l&#x65;-&#x6e;&#101;&#x65;&#116;&#x7a;&#x65;&#46;&#x64;e III. Bereitstellung der Website und Erstellung von Logfiles Bei jedem Aufruf &hellip; <a href=\"https:\/\/wordpress.nibis.de\/gsneetze\/datenschutz\/\">Weiterlesen <span class=\"meta-nav\">&rarr;<\/span><\/a><\/p>\n","protected":false},"author":9192573,"featured_media":0,"parent":0,"menu_order":0,"comment_status":"closed","ping_status":"closed","template":"","meta":{"footnotes":""},"class_list":["post-508","page","type-page","status-publish","hentry"],"_links":{"self":[{"href":"https:\/\/wordpress.nibis.de\/gsneetze\/wp-json\/wp\/v2\/pages\/508","targetHints":{"allow":["GET"]}}],"collection":[{"href":"https:\/\/wordpress.nibis.de\/gsneetze\/wp-json\/wp\/v2\/pages"}],"about":[{"href":"https:\/\/wordpress.nibis.de\/gsneetze\/wp-json\/wp\/v2\/types\/page"}],"author":[{"embeddable":true,"href":"https:\/\/wordpress.nibis.de\/gsneetze\/wp-json\/wp\/v2\/users\/9192573"}],"replies":[{"embeddable":true,"href":"https:\/\/wordpress.nibis.de\/gsneetze\/wp-json\/wp\/v2\/comments?post=508"}],"version-history":[{"count":3,"href":"https:\/\/wordpress.nibis.de\/gsneetze\/wp-json\/wp\/v2\/pages\/508\/revisions"}],"predecessor-version":[{"id":707,"href":"https:\/\/wordpress.nibis.de\/gsneetze\/wp-json\/wp\/v2\/pages\/508\/revisions\/707"}],"wp:attachment":[{"href":"https:\/\/wordpress.nibis.de\/gsneetze\/wp-json\/wp\/v2\/media?parent=508"}],"curies":[{"name":"wp","href":"https:\/\/api.w.org\/{rel}","templated":true}]}}

<p> </p>
<h2><span style="font-family: arial black,sans-serif">I. Name und Anschrift des Verantwortlichen</span></h2>
<p><span style="font-family: arial,helvetica,sans-serif">Grundschule Neetze</span></p>
<p><span style="font-family: arial,helvetica,sans-serif">Süttorfer Weg 17-12</span><br /><span style="font-family: arial,helvetica,sans-serif">21398 Neetze</span><br /><span style="font-family: arial,helvetica,sans-serif">Telefon: 05850/260</span><br /><span style="font-family: arial,helvetica,sans-serif">E-Mail: &#x67;&#x73;&#x5f;&#x6e;&#x65;&#x65;&#x74;&#x7a;&#x65;&#x40;&#x74;&#x2d;&#x6f;&#x6e;&#x6c;&#x69;&#x6e;&#x65;&#x2e;&#x64;&#x65;</span></p>
<h3><span style="font-family: arial black,sans-serif">Vertretungsberechtigt</span></h3>
<p><span style="font-family: arial,helvetica,sans-serif">Bärbel Wildner, Schulleiterin</span></p>
<h2><span style="font-family: arial black,sans-serif">II. Kontaktdaten der oder des Datenschutzbeauftragten</span></h2>
<p><span style="font-family: arial,helvetica,sans-serif">Tel.: Gabi Gruber</span><br /><span style="font-family: arial,helvetica,sans-serif">E-Mail: &#x67;&#103;r&#x75;&#x62;&#101;r&#x40;&#x67;&#114;u&#x6e;&#100;s&#x63;&#x68;&#117;l&#x65;&#x2d;&#110;e&#x65;&#116;&#122;&#x65;&#x2e;&#100;e</span></p>
<h2><span style="font-family: arial black,sans-serif">III. Bereitstellung der Website und Erstellung von Logfiles</span></h2>
<p><span style="font-family: arial,helvetica,sans-serif">Bei jedem Aufruf unserer Internetseite erfasst unser System automatisiert Daten und Informationen vom Computersystem des aufrufenden Rechners. Folgende Daten werden hierbei erhoben:</span></p>
<ol>
<li><span style="font-family: arial,helvetica,sans-serif">Datum und Uhrzeit des Zugriffes</span></li>
<li><span style="font-family: arial,helvetica,sans-serif">Die IP-Adresse des Nutzers</span></li>
</ol>
<p> </p>
<p> </p>
<p><span style="font-family: arial,helvetica,sans-serif">Die Daten werden in den Logfiles unseres Systems gespeichert. Eine Speicherung dieser Daten zusammen mit anderen personenbezogenen Daten des Nutzers findet nicht statt. Zweck der Datenspeicherung ist die technische Optimierung unserer Internetseite. Rechtsgrundlage für die vorübergehende Speicherung der Daten ist Art. 6 Abs.1 lit.f DSGVO.</span></p>
<p><span style="font-family: arial,helvetica,sans-serif">Die Daten werden für zwei Monate <em>(Dieser Zeitraum muss individuell angepasst werden. Ein längerer Zeitraum wird nicht für vertretbar gehalten.)</em> gespeichert, sie werden lediglich statistisch ausgewertet.</span></p>
<h2><span style="font-family: arial black,sans-serif">IV. Verwendung von Cookies</span></h2>
<p><span style="font-family: arial,helvetica,sans-serif">Wir verwenden keine Cookies.</span></p>
<h2><span style="font-family: arial black,sans-serif">V. Speicherung personenbezogener Daten bei Kontaktaufnahme</span></h2>
<p><span style="font-family: arial,helvetica,sans-serif">Sofern Sie per E-Mail den Kontakt mit uns aufnehmen, werden die von Ihnen übermittelten personenbezogenen Daten automatisch gespeichert. Diese Daten werden für Zwecke der Bearbeitung Ihres Anliegens und der Kontaktaufnahme mit Ihnen gespeichert.</span></p>
<p><span style="font-family: arial,helvetica,sans-serif">Die Löschung der Daten erfolgt, sobald deren Speicherung für die Bearbeitung Ihres Anliegens nicht mehr erforderlich ist.</span></p>
<p><span style="font-family: arial black,sans-serif">Betroffenenrechte</span></p>
<p><span style="font-family: arial,helvetica,sans-serif">Sie können folgende Rechte geltend machen:</span></p>
<h3><span style="font-family: arial black,sans-serif">Auskunft/ Akteneinsicht</span></h3>
<p><span style="font-family: arial,helvetica,sans-serif">Gem. Art. 15 DSGVO haben Sie das Recht, Auskunft bzw. Akteneinsicht über die von uns verarbeiteten personenbezogenen Daten zu erhalten.</span></p>
<h3><span style="font-family: arial,helvetica,sans-serif"><span style="font-family: arial black,sans-serif">Berichtigung</span> </span></h3>
<p><span style="font-family: arial,helvetica,sans-serif">Sind bei uns gespeicherte personenbezogene Daten unrichtig oder unvollständig, haben Sie gem. Art. 16 DSGVO das Recht, diese berichtigen bzw. vervollständigen zu lassen.</span></p>
<h3><span style="font-family: arial,helvetica,sans-serif"><span style="font-family: arial black,sans-serif">Löschung</span> </span></h3>
<p><span style="font-family: arial,helvetica,sans-serif">Art. 17 DSGVO normiert das Recht auf Löschung personenbezogener Daten. Dieses Recht steht Ihnen insbesondere dann zu, wenn die Speicherung der personenbezogenen Daten zur Erfüllung unserer gesetzlichen Aufgaben nicht mehr erforderlich ist oder Sie Ihre Einwilligung zur Datenverarbeitung mit Wirkung für die Zukunft widerrufen haben.</span></p>
<h3><span style="font-family: arial,helvetica,sans-serif"><span style="font-family: arial black,sans-serif">Einschränkung der Verarbeitung</span> </span></h3>
<p><span style="font-family: arial,helvetica,sans-serif">Gem. Art. 18 DSGVO können Sie die Einschränkung der personenbezogenen Daten verlangen, wenn</span></p>
<ul>
<li><span style="font-family: arial,helvetica,sans-serif">die Richtigkeit der Daten von Ihnen bestritten wird</span></li>
<li><span style="font-family: arial,helvetica,sans-serif">die Verarbeitung unrechtmäßig ist, Sie aber deren Löschung ablehnen</span></li>
<li><span style="font-family: arial,helvetica,sans-serif">wir die Daten nicht mehr benötigen, Sie jedoch diese zur Geltendmachung, Ausübung oder Verteidigung von Rechtsansprüchen benötigen</span></li>
<li><span style="font-family: arial,helvetica,sans-serif">oder Sie gemäß Art. 21 DSGVO Widerspruch gegen die Verarbeitung eingelegt haben</span></li>
</ul>
<p> </p>
<h3><span style="font-family: arial black,sans-serif">Widerspruch</span></h3>
<p><span style="font-family: arial,helvetica,sans-serif">Sie können bei Gründen, die sich aus Ihrer besonderen Situation ergeben, ein Widerspruchsrecht geltend machen. Gem. Art. 21 DSGVO ist jedoch zu berücksichtigten, ob schutzwürdige Gründe für die Verarbeitung vorliegen oder die Verarbeitung der Geltendmachung, Ausübung oder Verteidigung von Rechtsansprüchen dient.</span></p>
<h3><span style="font-family: arial black,sans-serif">Datenübertragbarkeit</span></h3>
<p><span style="font-family: arial,helvetica,sans-serif">Ist die Verarbeitung Ihrer Daten mit Hilfe eines automatisierten Verfahrens erfolgt, haben Sie gem. Art. 20 DSGVO das Recht, die Daten in einem gängigen und maschinenlesbaren Format zu erhalten und an eine andere Schule zu übermitteln bzw. durch uns übermitteln zu lassen.</span></p>
<h3><span style="font-family: arial black,sans-serif">Widerruf der Einwilligung</span></h3>
<p><span style="font-family: arial,helvetica,sans-serif">Sie haben gem. Art. 7 Absatz 3 DSGVO das Recht, uns erteilte Einwilligungen jederzeit mit Wirkung für die Zukunft zu widerrufen.</span></p>
<h3><span style="font-family: arial,helvetica,sans-serif"><span style="font-family: arial black,sans-serif">Beschwerde</span> </span></h3>
<p><span style="font-family: arial,helvetica,sans-serif">Art. 77 DSGVO normiert ein Beschwerderecht bei der Aufsichtsbehörde. Die für uns zuständige Aufsichtsbehörde ist die Landesbeauftragte für den Datenschutz Niedersachsen, Prinzenstraße 5, 30159 Hannover. E-Mail: <a href="&#x6d;&#x61;&#x69;&#x6c;&#x74;&#x6f;&#x3a;&#x70;&#x6f;&#x73;&#x74;&#x73;&#x74;&#x65;&#108;&#108;&#101;&#64;&#108;&#102;&#100;&#46;&#110;&#105;&#101;dersachs&#x65;&#x6e;&#x2e;&#x64;&#x65;">&#x70;&#111;s&#x74;&#x73;&#116;e&#x6c;&#x6c;&#101;&#64;&#x6c;&#102;d&#x2e;&#x6e;&#105;e&#x64;&#x65;&#114;s&#x61;&#99;&#104;&#x73;&#x65;&#110;&#46;&#x64;&#x65;</a></span></p>


<p>@</p>

<p>  I. Name und Anschrift des Verantwortlichen Grundschule Neetze Süttorfer Weg 17-1221398 NeetzeTelefon: 05850/260E-Mail: &#x67;&#x73;&#x5f;&#110;&#101;et&#x7a;&#x65;&#x40;&#x74;&#45;&#111;nl&#x69;&#x6e;&#x65;&#46;&#100;&#101; Vertretungsberechtigt Bärbel Wildner, Schulleiterin II. Kontaktdaten der oder des Datenschutzbeauftragten Tel.: Gabi GruberE-Mail: &#x67;g&#x72;u&#x62;&#101;&#x72;&#64;g&#x72;u&#x6e;&#100;&#x73;&#99;&#x68;&#117;l&#x65;-&#x6e;&#101;&#x65;&#116;&#x7a;&#x65;&#46;&#x64;e III. Bereitstellung der Website und Erstellung von Logfiles Bei jedem Aufruf &hellip; <a href="https://wordpress.nibis.de/gsneetze/datenschutz/">Weiterlesen <span class="meta-nav">&rarr;</span></a></p>
