{"id":636,"date":"2019-03-12T10:02:16","date_gmt":"2019-03-12T09:02:16","guid":{"rendered":"https:\/\/wordpress.nibis.de\/gsneetze\/?page_id=636"},"modified":"2020-03-26T10:55:19","modified_gmt":"2020-03-26T09:55:19","slug":"vom-aussterben-bedroht-wir-schaffen-lebensraeume-fuer-bienen","status":"publish","type":"page","link":"https:\/\/wordpress.nibis.de\/gsneetze\/vom-aussterben-bedroht-wir-schaffen-lebensraeume-fuer-bienen\/","title":{"rendered":"Vom Aussterben bedroht &#8211; Wir schaffen Lebensr\u00e4ume f\u00fcr Bienen!"},"content":{"rendered":"\n<div class=\"wp-block-image\"><figure class=\"alignright\"><img loading=\"lazy\" decoding=\"async\" width=\"300\" height=\"225\" src=\"https:\/\/wordpress.nibis.de\/gsneetze\/files\/2019\/03\/20180503_095306-300x225.jpg\" alt=\"\" class=\"wp-image-651\" \/><\/figure><\/div>\n\n\n\n<p><span style=\"font-family: arial, helvetica, sans-serif\">Die Kinder haben sich auf verschiedene Weise mit dem Leben der Bienen auseinandergesetzt. Die daraus entstandenen Erkenntnisse der Bedeutsamkeit der Bienen f\u00fcr unser aller Leben f\u00fchrte zu der Frage, was wir konkret f\u00fcr das Wohlergehen der Bienen tun k\u00f6nnten. Dazu setzten wir uns anschlie\u00dfend mit unserem B\u00fcrgermeister und unserem Pastor in Verbindung, schrieben Briefe, in denen wir unser Anliegen formulierten und baten um ihre Mithilfe. Beide stellten uns daraufhin jeweils eine Fl\u00e4che zur Verf\u00fcgung, die von den Sch\u00fclerinnen und Sch\u00fclern bienenfreundlich gestaltet wurde. Dies wurde mit gro\u00dfem Engagement durch die Kinder durchgef\u00fchrt. Sie zogen mit Gartenger\u00e4ten, Schubkarren und Saatgut los und entfernten Grassoden und Wildwuchs, bereiteten den Boden vor und brachten die Saat ein. Im Anschluss gestalteten die Kinder eine Ausstellung mit Plakaten, Berichten und selbstgebauten Insektenhotels vor dem \u00f6rtlichen Supermarkt vor. Dar\u00fcber hinaus berichtete auch die Landeszeitung in einem Artikel \u00fcber unsere Arbeit.<\/span><\/p>\n\n\n\n<div class=\"wp-block-image\"><figure class=\"alignleft\"><img loading=\"lazy\" decoding=\"async\" width=\"300\" height=\"225\" src=\"https:\/\/wordpress.nibis.de\/gsneetze\/files\/2019\/03\/Bienenprojekt-2-e1552504455673-300x225.jpg\" alt=\"\" class=\"wp-image-654\" \/><\/figure><\/div>\n\n\n\n<figure class=\"wp-block-image\"><img loading=\"lazy\" decoding=\"async\" width=\"300\" height=\"225\" src=\"https:\/\/wordpress.nibis.de\/gsneetze\/files\/2019\/03\/Bienenprojekt-3-e1552505315444-300x225.jpg\" alt=\"\" class=\"wp-image-657\" \/><\/figure>\n\n\n\n<figure class=\"wp-block-image is-resized\"><img loading=\"lazy\" decoding=\"async\" src=\"https:\/\/wordpress.nibis.de\/gsneetze\/files\/2019\/03\/Blumen-1-800x276.png\" alt=\"\" class=\"wp-image-673\" width=\"632\" height=\"217\" \/><\/figure>\n","protected":false},"excerpt":{"rendered":"<p>Die Kinder haben sich auf verschiedene Weise mit dem Leben der Bienen auseinandergesetzt. Die daraus entstandenen Erkenntnisse der Bedeutsamkeit der Bienen f\u00fcr unser aller Leben f\u00fchrte zu der Frage, was wir konkret f\u00fcr das Wohlergehen der Bienen tun k\u00f6nnten. Dazu &hellip; <a href=\"https:\/\/wordpress.nibis.de\/gsneetze\/vom-aussterben-bedroht-wir-schaffen-lebensraeume-fuer-bienen\/\">Weiterlesen <span class=\"meta-nav\">&rarr;<\/span><\/a><\/p>\n","protected":false},"author":9192573,"featured_media":0,"parent":0,"menu_order":0,"comment_status":"closed","ping_status":"closed","template":"","meta":{"footnotes":""},"class_list":["post-636","page","type-page","status-publish","hentry"],"_links":{"self":[{"href":"https:\/\/wordpress.nibis.de\/gsneetze\/wp-json\/wp\/v2\/pages\/636","targetHints":{"allow":["GET"]}}],"collection":[{"href":"https:\/\/wordpress.nibis.de\/gsneetze\/wp-json\/wp\/v2\/pages"}],"about":[{"href":"https:\/\/wordpress.nibis.de\/gsneetze\/wp-json\/wp\/v2\/types\/page"}],"author":[{"embeddable":true,"href":"https:\/\/wordpress.nibis.de\/gsneetze\/wp-json\/wp\/v2\/users\/9192573"}],"replies":[{"embeddable":true,"href":"https:\/\/wordpress.nibis.de\/gsneetze\/wp-json\/wp\/v2\/comments?post=636"}],"version-history":[{"count":9,"href":"https:\/\/wordpress.nibis.de\/gsneetze\/wp-json\/wp\/v2\/pages\/636\/revisions"}],"predecessor-version":[{"id":907,"href":"https:\/\/wordpress.nibis.de\/gsneetze\/wp-json\/wp\/v2\/pages\/636\/revisions\/907"}],"wp:attachment":[{"href":"https:\/\/wordpress.nibis.de\/gsneetze\/wp-json\/wp\/v2\/media?parent=636"}],"curies":[{"name":"wp","href":"https:\/\/api.w.org\/{rel}","templated":true}]}}