{"id":826,"date":"2020-03-25T11:21:49","date_gmt":"2020-03-25T10:21:49","guid":{"rendered":"https:\/\/wordpress.nibis.de\/gsneetze\/?page_id=826"},"modified":"2026-02-21T17:48:21","modified_gmt":"2026-02-21T16:48:21","slug":"tanzwoche","status":"publish","type":"page","link":"https:\/\/wordpress.nibis.de\/gsneetze\/tanzwoche\/","title":{"rendered":"Besondere Aktionen"},"content":{"rendered":"\n<p><strong>Johanneum-Cup 2026<\/strong><\/p>\n<p>Das Fu\u00dfball-Team unserer Schule hat am 20. Februar 2026 einen gro\u00dfartigen 3. Platz beim Johanneum-Cup erreicht. Es ist gegen 15 andere Grundschulteams aus der Stadt und dem Landkreis L\u00fcneburg angetreten.<\/p>\n<p><strong>Vielfalt inklusive &#8211; Aktionstag mit den BG Baskets Hamburg<\/strong><\/p>\n<p>Am 11. M\u00e4rz 2025 ging es f\u00fcr die Dritt- und Viertkl\u00e4ssler rund in der Sporthalle der Grundschule Neetze. Wir hatten Besuch der Bundesliga-Rollstuhlbasketballer der BG Baskets 1 des HSV:<\/p>\n<p>Sean Plaar<\/p>\n<p>Der Juniorennationalspieler wurde letztes Jahr Vize-Europameister mit der U-23.<\/p>\n<p>Aaron Hirst<\/p>\n<p>Der Profispieler stammt aus England und hat bereits f\u00fcr die britische Nationalmannschaft gespielt.<\/p>\n<p>Alina Kempe<\/p>\n<p>Die Projektreferentin der BG Baskets ist auch Physiotherapeutin. Sie unterst\u00fctzt die BG Baskets und ist Teil der Rollstuhlbasketballnationalmannschaft der Damen.<\/p>\n<p>Der praktische Teil begann mit einem kleinen Fahrtraining, bei dem wir verschiedene Techniken zum Fahren, Bremsen, Drehen und Wenden kennengelernt haben. Es ging rund!<\/p>\n<p>Einige f\u00fchlten sich wie im Karussell.<\/p>\n<p>Anschlie\u00dfend haben wir Ticken gespielt. Alle auf einen &#8211; Kinder gegen Profi!<\/p>\n<p>Der H\u00f6hepunkt folgte zum Abschluss: ein Basketballmatch im Rollstuhl. Es wurde angefeuert, gejubelt und mitgefiebert.<\/p>\n<p>Die Zeit verging wie im Fluge und viele h\u00e4tten gerne noch eine weitere Runde gespielt.<\/p>\n<p>\u00c4ngste und Hemmschwellen wurden abgebaut:<\/p>\n<p>\u201eDarf ich mit dem Ball auf dem Scho\u00df fahren?<\/p>\n<p>Warum sitzt du im Rollstuhl?<\/p>\n<p>Seid ihr schon mal umgekippt?<\/p>\n<p>K\u00f6nnt ihr auch Tricks?<\/p>\n<p>Wie schnell k\u00f6nnt ihr fahren?<\/p>\n<p>Habt ihr euch beim Fahren schon mal verletzt?<\/p>\n<p>Und was kostet so ein Rollstuhl eigentlich?\u201c Geduldig wurden alle Fragen beantwortet.<\/p>\n<p>Liebe BG Baskets Hamburg, wir danken euch f\u00fcr den Besuch bei uns! Es war toll! Gro\u00dfe und Kleine sind begeistert und die Zweitkl\u00e4ssler hoffen jetzt schon, dass ihr uns im n\u00e4chsten Jahr wieder besuchen werdet.<\/p>\n<p><a href=\"https:\/\/bgbaskets.hsv.de\/projekte\/vielfalt-inklusive-aktionstage-fuer-mehr-inklusion\">https:\/\/bgbaskets.hsv.de\/projekte\/vielfalt-inklusive-aktionstage-fuer-mehr-inklusion<\/a><\/p>\n<p><img loading=\"lazy\" decoding=\"async\" class=\"alignnone  wp-image-1286\" src=\"https:\/\/wordpress.nibis.de\/gsneetze\/files\/2025\/03\/C302883D-FC63-45F6-AA6A-6B116253E641-300x300.jpeg\" alt=\"\" width=\"356\" height=\"356\" srcset=\"https:\/\/wordpress.nibis.de\/gsneetze\/files\/2025\/03\/C302883D-FC63-45F6-AA6A-6B116253E641-300x300.jpeg 300w, https:\/\/wordpress.nibis.de\/gsneetze\/files\/2025\/03\/C302883D-FC63-45F6-AA6A-6B116253E641-600x600.jpeg 600w, https:\/\/wordpress.nibis.de\/gsneetze\/files\/2025\/03\/C302883D-FC63-45F6-AA6A-6B116253E641-150x150.jpeg 150w, https:\/\/wordpress.nibis.de\/gsneetze\/files\/2025\/03\/C302883D-FC63-45F6-AA6A-6B116253E641-768x768.jpeg 768w, https:\/\/wordpress.nibis.de\/gsneetze\/files\/2025\/03\/C302883D-FC63-45F6-AA6A-6B116253E641-1536x1536.jpeg 1536w, https:\/\/wordpress.nibis.de\/gsneetze\/files\/2025\/03\/C302883D-FC63-45F6-AA6A-6B116253E641-2048x2048.jpeg 2048w\" sizes=\"auto, (max-width: 356px) 100vw, 356px\" \/><\/p>\n\n\n\n<p><strong>Trommelwoche<\/strong><\/p>\n<p>Im Februar 2023 haben wir voller Elan und Begeisterung mit Roberto von der Trommelschule &#8222;Trommelkunst&#8220; aus Neu Wulmstorf getrommelt.<\/p>\n<p>Von Montag bis Donnerstag durfte jedes Kind gemeinsam mit seiner Klasse 45 Minuten auf einer Djembe trommeln. So st\u00e4rkten wir unsere Koordination, Konzentration und motorischen F\u00e4higkeiten. Aus unseren einzelnen Teilen wurde am Freitag bei der Generalprobe und auch bei der Auff\u00fchrung ein gro\u00dfes gemeinsames Gesamtkunstwerk. Voller Stolz konnten alle ihr K\u00f6nnen vor den Eltern pr\u00e4sentieren.&nbsp; Dadurch wurde unser Gemeinschaftsgef\u00fchl auf ganz besondere Weise gest\u00e4rkt.<\/p>\n<p><strong>Tanzwoche<\/strong><\/p>\n<p>Wir konnten mit den Kindern vor den Osterferien im M\u00e4rz 2022 eine tolle Tanzwoche erleben. Dazu haben wir das Unternehmen &#8222;Wir bewegen Schule&#8220; eingeladen, die mit drei Tanzp\u00e4dagogen eine Woche lang jeden Tag 90 Minuten mit jeder Klasse T\u00e4nze einge\u00fcbt haben.&nbsp;<\/p>\n<p>Dabei stand neben der Freude an Bewegung und dem Erlernen von kleinen Choreographien auch die Entwicklung von Selbstbewusstsein, Teamgeist und der Zusammenhalt in den Klassen im Vordergrund.&nbsp;<\/p>\n<p>Am Ende der Woche durften die Kinder ihr K\u00f6nnen bei einer Vorf\u00fchrung ihren Eltern unter gro\u00dfem Applaus freudig pr\u00e4sentieren.<\/p>\n<p>Wir blicken auf eine fr\u00f6hliche Woche zur\u00fcck und freuen uns darauf, wenn wir so ein Erlebnis nochmal haben d\u00fcrfen.<\/p>\n\n\n\n\n\n<p><\/p>\n","protected":false},"excerpt":{"rendered":"<p>Johanneum-Cup 2026 Das Fu\u00dfball-Team unserer Schule hat am 20. Februar 2026 einen gro\u00dfartigen 3. Platz beim Johanneum-Cup erreicht. Es ist gegen 15 andere Grundschulteams aus der Stadt und dem Landkreis L\u00fcneburg angetreten. Vielfalt inklusive &#8211; Aktionstag mit den BG Baskets &hellip; <a href=\"https:\/\/wordpress.nibis.de\/gsneetze\/tanzwoche\/\">Weiterlesen <span class=\"meta-nav\">&rarr;<\/span><\/a><\/p>\n","protected":false},"author":9192573,"featured_media":0,"parent":0,"menu_order":0,"comment_status":"closed","ping_status":"closed","template":"","meta":{"footnotes":""},"class_list":["post-826","page","type-page","status-publish","hentry"],"_links":{"self":[{"href":"https:\/\/wordpress.nibis.de\/gsneetze\/wp-json\/wp\/v2\/pages\/826","targetHints":{"allow":["GET"]}}],"collection":[{"href":"https:\/\/wordpress.nibis.de\/gsneetze\/wp-json\/wp\/v2\/pages"}],"about":[{"href":"https:\/\/wordpress.nibis.de\/gsneetze\/wp-json\/wp\/v2\/types\/page"}],"author":[{"embeddable":true,"href":"https:\/\/wordpress.nibis.de\/gsneetze\/wp-json\/wp\/v2\/users\/9192573"}],"replies":[{"embeddable":true,"href":"https:\/\/wordpress.nibis.de\/gsneetze\/wp-json\/wp\/v2\/comments?post=826"}],"version-history":[{"count":22,"href":"https:\/\/wordpress.nibis.de\/gsneetze\/wp-json\/wp\/v2\/pages\/826\/revisions"}],"predecessor-version":[{"id":1415,"href":"https:\/\/wordpress.nibis.de\/gsneetze\/wp-json\/wp\/v2\/pages\/826\/revisions\/1415"}],"wp:attachment":[{"href":"https:\/\/wordpress.nibis.de\/gsneetze\/wp-json\/wp\/v2\/media?parent=826"}],"curies":[{"name":"wp","href":"https:\/\/api.w.org\/{rel}","templated":true}]}}