{"id":883,"date":"2020-03-26T09:43:12","date_gmt":"2020-03-26T08:43:12","guid":{"rendered":"https:\/\/wordpress.nibis.de\/gsneetze\/?page_id=883"},"modified":"2022-03-01T11:04:27","modified_gmt":"2022-03-01T10:04:27","slug":"der-schulteich","status":"publish","type":"page","link":"https:\/\/wordpress.nibis.de\/gsneetze\/der-schulteich\/","title":{"rendered":"Der Schulteich"},"content":{"rendered":"\n\n\n<p><strong>\u201e<span style=\"font-family: arial, helvetica, sans-serif\">Lernort Schulteich &#8211; lernen mit Herz, Hand und Kescher\u201c<\/span><\/strong><\/p>\n<p><span style=\"font-family: arial, helvetica, sans-serif\">Seit l\u00e4ngerem zeigte sich, dass die Teichfolie unseres Schulteiches nicht mehr dicht war und der Teich zu verlanden drohte. Da in dem Teich eine sehr hohe Artenvielfalt vorhanden war und sich in den letzten Jahren dort ein wertvolles Biotop gebildet hatte, wollten wir dieses gerne erhalten und weiterentwickeln.<\/span><\/p>\n<div id=\"attachment_1070\" style=\"width: 310px\" class=\"wp-caption alignright\"><img loading=\"lazy\" decoding=\"async\" aria-describedby=\"caption-attachment-1070\" class=\"wp-image-1070 size-medium\" src=\"https:\/\/wordpress.nibis.de\/gsneetze\/files\/2022\/03\/2020-08-23-handy-999-e1646127796846-300x169.jpg\" alt=\"\" width=\"300\" height=\"169\" srcset=\"https:\/\/wordpress.nibis.de\/gsneetze\/files\/2022\/03\/2020-08-23-handy-999-e1646127796846-300x169.jpg 300w, https:\/\/wordpress.nibis.de\/gsneetze\/files\/2022\/03\/2020-08-23-handy-999-e1646127796846-800x452.jpg 800w, https:\/\/wordpress.nibis.de\/gsneetze\/files\/2022\/03\/2020-08-23-handy-999-e1646127796846-768x433.jpg 768w, https:\/\/wordpress.nibis.de\/gsneetze\/files\/2022\/03\/2020-08-23-handy-999-e1646127796846-1536x867.jpg 1536w, https:\/\/wordpress.nibis.de\/gsneetze\/files\/2022\/03\/2020-08-23-handy-999-e1646127796846.jpg 1600w\" sizes=\"auto, (max-width: 300px) 100vw, 300px\" \/><p id=\"caption-attachment-1070\" class=\"wp-caption-text\">Skizze der Sch\u00fcler f\u00fcr das Teichgel\u00e4nde<\/p><\/div>\n<p><span style=\"font-family: arial, helvetica, sans-serif\">Nach einer Teichbegehung mit der Natur- und Waldp\u00e4dagogin Caroline Rothe im Fr\u00fchjahr 2020 informierten sich die Sch\u00fcler und Sch\u00fclerinnen der Eulen- und W\u00f6lfeklasse \u00fcber die Bewohner an und im Teich. Sie schrieben Steckbriefe zu den Tieren und Pflanzen, erstellten Referate und Plakate und trugen ihre gewonnenen Erkenntnisse der Klassengemeinschaft vor.<\/span><br><span style=\"font-family: arial, helvetica, sans-serif\">Den Kindern wurde schnell klar, dass das Gel\u00e4nde und der Teich erhaltens- und sch\u00fctzenswert sind. Vor allem musste die marode Teichfolie ersetzt werden. Die Kinder erarbeiteten einen Plan f\u00fcr eine Teichanlage. Darin sollte auch die kleinr\u00e4umige Biotopvernetzung vorangetrieben werden, indem z.B. der Schulgarten in das Gel\u00e4nde mit einbezogen und auf das Gel\u00e4nde umsiedeln sollte. Au\u00dferdem w\u00fcnschten sich die Kinder einen Forschersteg und Sitzgelegenheiten.<\/span><\/p>\n<p><span style=\"font-family: arial, helvetica, sans-serif\">Wir erarbeiteten mit den Kindern M\u00f6glichkeiten, Geld f\u00fcr unser Projekt zu akquirieren. Daraufhin wendeten sie sich schriftlich an Gemeinde- und Samtgemeindevertreter sowie an m\u00f6gliche geldgebende Institutionen wie die Bingo-Umweltstiftung und die Volksbank L\u00fcneburger Heide e.G. und formulierten ihr Anliegen.<\/span><\/p>\n<p><img loading=\"lazy\" decoding=\"async\" class=\"alignleft wp-image-1071 size-medium\" src=\"https:\/\/wordpress.nibis.de\/gsneetze\/files\/2022\/03\/IMG_0265-300x225.jpeg\" alt=\"\" width=\"300\" height=\"225\" srcset=\"https:\/\/wordpress.nibis.de\/gsneetze\/files\/2022\/03\/IMG_0265-300x225.jpeg 300w, https:\/\/wordpress.nibis.de\/gsneetze\/files\/2022\/03\/IMG_0265-800x600.jpeg 800w, https:\/\/wordpress.nibis.de\/gsneetze\/files\/2022\/03\/IMG_0265-768x576.jpeg 768w, https:\/\/wordpress.nibis.de\/gsneetze\/files\/2022\/03\/IMG_0265-1536x1152.jpeg 1536w, https:\/\/wordpress.nibis.de\/gsneetze\/files\/2022\/03\/IMG_0265-2048x1536.jpeg 2048w\" sizes=\"auto, (max-width: 300px) 100vw, 300px\" \/><\/p>\n<p><span style=\"font-family: arial, helvetica, sans-serif\">Als Ergebnis einer Sitzung der Samtgemeinde Ostheide wurde die Finanzierung f\u00fcr die neue Teichfolie und die Entfernung der alten zugesagt. Die finanziellen Mittel f\u00fcr das gesamte Projekt in H\u00f6he von insgesamt mehr als 20.000 Euro erhielten wir au\u00dferdem durch viel Engagement von der BINGO-Umweltstiftung, der Volksbank L\u00fcneburger Heide e.G. und dem Schulverein der Grundschule. Auch die Gemeinde Neetze nahm sich aufgrund der Anfrage der Schulkinder unseres Projektes an. Es wurde die Genehmigung f\u00fcr die weitere Nutzung des Regenr\u00fcckhaltebeckens eingeholt, rund um das Gel\u00e4nde wurde ein neuer stabiler Zaun gezogen, es wurden alte Str\u00e4ucher entfernt und Sitzgelegenheiten aus regionalen Eichenst\u00e4mmen geschaffen.<\/span><\/p>\n<p><span style=\"font-family: arial, helvetica, sans-serif\">Der Zugang zum Teich sowie ein Kiesweg wurden von unserem Hausmeister teilweise in einer Gemeinschaftsarbeit mit den Sch\u00fclerinnen und Sch\u00fclern angelegt. Die Kinder der beiden Klassen konnten w\u00e4hrend des Projektes erfahren, dass es sich lohnt und auch Spa\u00df macht, sich f\u00fcr eine Sache einzusetzen.<\/span><br><span style=\"font-family: arial, helvetica, sans-serif\">In Zusammenarbeit mit der Leuphana-Universit\u00e4t L\u00fcneburg wurden verschiedene Nutzungspl\u00e4ne des Teiches f\u00fcr die einzelnen Jahrgangsstufen erarbeitet, die nun in den Schuleigenen Lehrplan und in das Teichkonzept der Schule eingearbeitet werden.<\/span><br><span style=\"font-family: arial, helvetica, sans-serif\">So sollen viele Kinder auch in Zukunft vom Vorhandensein dieses einzigartigen Biotops profitieren und dadurch f\u00fcr Zusammenh\u00e4nge in einem \u00d6kosystem sensibilisiert werden. Dies soll sich auch auf ihr zuk\u00fcnftiges Handeln auswirken. <\/span><\/p>\n<p><span style=\"font-family: arial, helvetica, sans-serif\"><img loading=\"lazy\" decoding=\"async\" class=\"size-medium wp-image-1072 aligncenter\" src=\"https:\/\/wordpress.nibis.de\/gsneetze\/files\/2022\/03\/PXL_20210517_075006652-300x225.jpg\" alt=\"\" width=\"300\" height=\"225\" srcset=\"https:\/\/wordpress.nibis.de\/gsneetze\/files\/2022\/03\/PXL_20210517_075006652-300x225.jpg 300w, https:\/\/wordpress.nibis.de\/gsneetze\/files\/2022\/03\/PXL_20210517_075006652-800x600.jpg 800w, https:\/\/wordpress.nibis.de\/gsneetze\/files\/2022\/03\/PXL_20210517_075006652-768x576.jpg 768w, https:\/\/wordpress.nibis.de\/gsneetze\/files\/2022\/03\/PXL_20210517_075006652-1536x1152.jpg 1536w, https:\/\/wordpress.nibis.de\/gsneetze\/files\/2022\/03\/PXL_20210517_075006652-2048x1536.jpg 2048w\" sizes=\"auto, (max-width: 300px) 100vw, 300px\" \/><\/span><\/p>\n<p><span style=\"font-family: arial, helvetica, sans-serif\">Wir sind rundum gl\u00fccklich und danken an dieser Stelle noch einmal allen Beteiligten herzlich f\u00fcr diese gro\u00dfartige Unterst\u00fctzung!<\/span><\/p>\n<p><span style=\"font-family: arial, helvetica, sans-serif\">&nbsp;<\/span><\/p>\n\n\n\n<p><em>Die Nieders\u00e4chsische Bingo-Umweltstiftung f\u00f6rdert Umwelt- und Naturschutzprojekte sowie Projekte zugunsten der Entwicklungszusammenarbeit und der Denkmalpflege. Die Stiftung finanziert sich aus der Gl\u00fccksspielabgabe und vor allem aus Einnahmen der Bingo-Umweltlotterie. Weitere Informationen unter<\/em> <a href=\"http:\/\/www.bingo-umweltstiftung.de\/\">www.bingo-umweltstiftung.de<\/a>.<\/p>\n\n\n\n<div class=\"wp-block-image\"><figure class=\"aligncenter\"><img loading=\"lazy\" decoding=\"async\" width=\"343\" height=\"229\" src=\"https:\/\/wordpress.nibis.de\/gsneetze\/files\/2020\/07\/image.png\" alt=\"\" class=\"wp-image-948\" srcset=\"https:\/\/wordpress.nibis.de\/gsneetze\/files\/2020\/07\/image.png 343w, https:\/\/wordpress.nibis.de\/gsneetze\/files\/2020\/07\/image-300x200.png 300w\" sizes=\"auto, (max-width: 343px) 100vw, 343px\" \/><figcaption><br><br><br><\/figcaption><\/figure><\/div>\n\n\n\n<p><\/p>\n","protected":false},"excerpt":{"rendered":"<p>\u201eLernort Schulteich &#8211; lernen mit Herz, Hand und Kescher\u201c Seit l\u00e4ngerem zeigte sich, dass die Teichfolie unseres Schulteiches nicht mehr dicht war und der Teich zu verlanden drohte. Da in dem Teich eine sehr hohe Artenvielfalt vorhanden war und sich &hellip; <a href=\"https:\/\/wordpress.nibis.de\/gsneetze\/der-schulteich\/\">Weiterlesen <span class=\"meta-nav\">&rarr;<\/span><\/a><\/p>\n","protected":false},"author":9192573,"featured_media":0,"parent":0,"menu_order":0,"comment_status":"closed","ping_status":"closed","template":"","meta":{"footnotes":""},"class_list":["post-883","page","type-page","status-publish","hentry"],"_links":{"self":[{"href":"https:\/\/wordpress.nibis.de\/gsneetze\/wp-json\/wp\/v2\/pages\/883","targetHints":{"allow":["GET"]}}],"collection":[{"href":"https:\/\/wordpress.nibis.de\/gsneetze\/wp-json\/wp\/v2\/pages"}],"about":[{"href":"https:\/\/wordpress.nibis.de\/gsneetze\/wp-json\/wp\/v2\/types\/page"}],"author":[{"embeddable":true,"href":"https:\/\/wordpress.nibis.de\/gsneetze\/wp-json\/wp\/v2\/users\/9192573"}],"replies":[{"embeddable":true,"href":"https:\/\/wordpress.nibis.de\/gsneetze\/wp-json\/wp\/v2\/comments?post=883"}],"version-history":[{"count":13,"href":"https:\/\/wordpress.nibis.de\/gsneetze\/wp-json\/wp\/v2\/pages\/883\/revisions"}],"predecessor-version":[{"id":1076,"href":"https:\/\/wordpress.nibis.de\/gsneetze\/wp-json\/wp\/v2\/pages\/883\/revisions\/1076"}],"wp:attachment":[{"href":"https:\/\/wordpress.nibis.de\/gsneetze\/wp-json\/wp\/v2\/media?parent=883"}],"curies":[{"name":"wp","href":"https:\/\/api.w.org\/{rel}","templated":true}]}}