{"id":97,"date":"2018-05-22T21:08:26","date_gmt":"2018-05-22T19:08:26","guid":{"rendered":"http:\/\/wordpress.nibis.de\/gsneetze\/?page_id=97"},"modified":"2026-02-21T17:52:28","modified_gmt":"2026-02-21T16:52:28","slug":"paedagogische-mitarbeiterinnen","status":"publish","type":"page","link":"https:\/\/wordpress.nibis.de\/gsneetze\/paedagogische-mitarbeiterinnen\/","title":{"rendered":"P\u00e4dagogische Mitarbeiterinnen"},"content":{"rendered":"<p><span style=\"font-family: arial,helvetica,sans-serif\">Gro\u00dfartige Unterst\u00fctzung im Vertretungsfall und\u00a0in der Fr\u00fch- und Sp\u00e4tbetreuung<\/span><span style=\"font-family: arial,helvetica,sans-serif\"> leisten unsere p\u00e4dagogischen Mitarbeiterinnen. Dar\u00fcber hinaus bieten Sie eigene Arbeitsgemeinschaften an und begleiten uns bei Ausfl\u00fcgen. Au\u00dferdem sind sie bei der F\u00f6rderung von einzelnen Sch\u00fclerinnen und Sch\u00fclern und Kleingruppen t\u00e4tig. <\/span><\/p>\n<p><span style=\"font-family: arial, helvetica, sans-serif\">Bei uns arbeiten:<\/span><\/p>\n<p style=\"padding-left: 30px\"><span style=\"font-family: arial,helvetica,sans-serif\">Angela Sidoruk<\/span><\/p>\n<p><span style=\"font-family: arial,helvetica,sans-serif\">\u00a0 \u00a0 \u00a0 Christina Fiebelkorn<\/span><\/p>\n","protected":false},"excerpt":{"rendered":"<p>Gro\u00dfartige Unterst\u00fctzung im Vertretungsfall und\u00a0in der Fr\u00fch- und Sp\u00e4tbetreuung leisten unsere p\u00e4dagogischen Mitarbeiterinnen. Dar\u00fcber hinaus bieten Sie eigene Arbeitsgemeinschaften an und begleiten uns bei Ausfl\u00fcgen. Au\u00dferdem sind sie bei der F\u00f6rderung von einzelnen Sch\u00fclerinnen und Sch\u00fclern und Kleingruppen t\u00e4tig. Bei &hellip; <a href=\"https:\/\/wordpress.nibis.de\/gsneetze\/paedagogische-mitarbeiterinnen\/\">Weiterlesen <span class=\"meta-nav\">&rarr;<\/span><\/a><\/p>\n","protected":false},"author":9192573,"featured_media":0,"parent":0,"menu_order":0,"comment_status":"closed","ping_status":"closed","template":"","meta":{"footnotes":""},"class_list":["post-97","page","type-page","status-publish","hentry"],"_links":{"self":[{"href":"https:\/\/wordpress.nibis.de\/gsneetze\/wp-json\/wp\/v2\/pages\/97","targetHints":{"allow":["GET"]}}],"collection":[{"href":"https:\/\/wordpress.nibis.de\/gsneetze\/wp-json\/wp\/v2\/pages"}],"about":[{"href":"https:\/\/wordpress.nibis.de\/gsneetze\/wp-json\/wp\/v2\/types\/page"}],"author":[{"embeddable":true,"href":"https:\/\/wordpress.nibis.de\/gsneetze\/wp-json\/wp\/v2\/users\/9192573"}],"replies":[{"embeddable":true,"href":"https:\/\/wordpress.nibis.de\/gsneetze\/wp-json\/wp\/v2\/comments?post=97"}],"version-history":[{"count":14,"href":"https:\/\/wordpress.nibis.de\/gsneetze\/wp-json\/wp\/v2\/pages\/97\/revisions"}],"predecessor-version":[{"id":1420,"href":"https:\/\/wordpress.nibis.de\/gsneetze\/wp-json\/wp\/v2\/pages\/97\/revisions\/1420"}],"wp:attachment":[{"href":"https:\/\/wordpress.nibis.de\/gsneetze\/wp-json\/wp\/v2\/media?parent=97"}],"curies":[{"name":"wp","href":"https:\/\/api.w.org\/{rel}","templated":true}]}}