{"id":5245,"date":"2022-11-13T18:01:32","date_gmt":"2022-11-13T17:01:32","guid":{"rendered":"https:\/\/wordpress.nibis.de\/gsneuhof\/?page_id=5245"},"modified":"2022-11-13T18:01:32","modified_gmt":"2022-11-13T17:01:32","slug":"die-klasse-1a-besucht-das-schulbiologiezentrum","status":"publish","type":"page","link":"https:\/\/wordpress.nibis.de\/gsneuhof\/die-klasse-1a-besucht-das-schulbiologiezentrum\/","title":{"rendered":"Die Klasse 1a besucht das Schulbiologiezentrum"},"content":{"rendered":"\n<p>An einem sonnigen Novembertag erkundeten wir das erste Mal das Schulbiologiezentrum in Ochtersum.<\/p>\n<p>Frau Stolper zeigte uns einen Walnussbaum. Wir durften Waln\u00fcsse aufsammeln und sp\u00e4ter knacken. Dann gab es noch ein Nuss-Spiel. Anschlie\u00dfend backten wir Walnuss-Kekse und konnten mit Walnussh\u00e4lften etwas basteln. Das hat richtig Spa\u00df gemacht.<\/p>\n<p>Bevor es durch den sch\u00f6nen Herbstwald zur\u00fcck zur Schule ging, durften wir noch die beiden Kamerunschafe mit L\u00f6wenzahn f\u00fcttern.<\/p>\n\n\n\n<figure class=\"wp-block-gallery has-nested-images columns-2 is-cropped wp-block-gallery-1 is-layout-flex wp-block-gallery-is-layout-flex\">\n<figure class=\"wp-block-image size-large is-style-default\"><img loading=\"lazy\" decoding=\"async\" width=\"800\" height=\"600\" data-id=\"5249\" src=\"https:\/\/wordpress.nibis.de\/gsneuhof\/files\/2022\/11\/20221110_082838-800x600.jpg\" alt=\"\" class=\"wp-image-5249\" srcset=\"https:\/\/wordpress.nibis.de\/gsneuhof\/files\/2022\/11\/20221110_082838-800x600.jpg 800w, https:\/\/wordpress.nibis.de\/gsneuhof\/files\/2022\/11\/20221110_082838-300x225.jpg 300w, https:\/\/wordpress.nibis.de\/gsneuhof\/files\/2022\/11\/20221110_082838-768x576.jpg 768w, https:\/\/wordpress.nibis.de\/gsneuhof\/files\/2022\/11\/20221110_082838-1536x1152.jpg 1536w, https:\/\/wordpress.nibis.de\/gsneuhof\/files\/2022\/11\/20221110_082838.jpg 1600w\" sizes=\"auto, (max-width: 800px) 100vw, 800px\" \/><\/figure>\n\n\n\n<figure class=\"wp-block-image size-large is-style-default\"><img loading=\"lazy\" decoding=\"async\" width=\"800\" height=\"600\" data-id=\"5248\" src=\"https:\/\/wordpress.nibis.de\/gsneuhof\/files\/2022\/11\/20221110_085127-800x600.jpg\" alt=\"\" class=\"wp-image-5248\" srcset=\"https:\/\/wordpress.nibis.de\/gsneuhof\/files\/2022\/11\/20221110_085127-800x600.jpg 800w, https:\/\/wordpress.nibis.de\/gsneuhof\/files\/2022\/11\/20221110_085127-300x225.jpg 300w, https:\/\/wordpress.nibis.de\/gsneuhof\/files\/2022\/11\/20221110_085127-768x576.jpg 768w, https:\/\/wordpress.nibis.de\/gsneuhof\/files\/2022\/11\/20221110_085127-1536x1152.jpg 1536w, https:\/\/wordpress.nibis.de\/gsneuhof\/files\/2022\/11\/20221110_085127.jpg 1600w\" sizes=\"auto, (max-width: 800px) 100vw, 800px\" \/><\/figure>\n\n\n\n<figure class=\"wp-block-image size-large is-style-default\"><img loading=\"lazy\" decoding=\"async\" width=\"800\" height=\"600\" data-id=\"5246\" src=\"https:\/\/wordpress.nibis.de\/gsneuhof\/files\/2022\/11\/20221110_085140-800x600.jpg\" alt=\"\" class=\"wp-image-5246\" srcset=\"https:\/\/wordpress.nibis.de\/gsneuhof\/files\/2022\/11\/20221110_085140-800x600.jpg 800w, https:\/\/wordpress.nibis.de\/gsneuhof\/files\/2022\/11\/20221110_085140-300x225.jpg 300w, https:\/\/wordpress.nibis.de\/gsneuhof\/files\/2022\/11\/20221110_085140-768x576.jpg 768w, https:\/\/wordpress.nibis.de\/gsneuhof\/files\/2022\/11\/20221110_085140-1536x1152.jpg 1536w, https:\/\/wordpress.nibis.de\/gsneuhof\/files\/2022\/11\/20221110_085140.jpg 1600w\" sizes=\"auto, (max-width: 800px) 100vw, 800px\" \/><\/figure>\n\n\n\n<figure class=\"wp-block-image size-large is-style-default\"><img loading=\"lazy\" decoding=\"async\" width=\"800\" height=\"600\" data-id=\"5247\" src=\"https:\/\/wordpress.nibis.de\/gsneuhof\/files\/2022\/11\/20221110_104407-800x600.jpg\" alt=\"\" class=\"wp-image-5247\" srcset=\"https:\/\/wordpress.nibis.de\/gsneuhof\/files\/2022\/11\/20221110_104407-800x600.jpg 800w, https:\/\/wordpress.nibis.de\/gsneuhof\/files\/2022\/11\/20221110_104407-300x225.jpg 300w, https:\/\/wordpress.nibis.de\/gsneuhof\/files\/2022\/11\/20221110_104407-768x576.jpg 768w, https:\/\/wordpress.nibis.de\/gsneuhof\/files\/2022\/11\/20221110_104407-1536x1152.jpg 1536w, https:\/\/wordpress.nibis.de\/gsneuhof\/files\/2022\/11\/20221110_104407.jpg 1600w\" sizes=\"auto, (max-width: 800px) 100vw, 800px\" \/><\/figure>\n<\/figure>\n\n\n\n<p>Text und Bild: Frau Herschel<\/p>\n","protected":false},"excerpt":{"rendered":"<p>An einem sonnigen Novembertag erkundeten wir das erste Mal das Schulbiologiezentrum in Ochtersum. Frau Stolper zeigte uns einen Walnussbaum. Wir durften Waln\u00fcsse aufsammeln und sp\u00e4ter knacken. Dann gab es noch ein Nuss-Spiel. Anschlie\u00dfend backten wir Walnuss-Kekse und konnten mit Walnussh\u00e4lften &hellip; <a href=\"https:\/\/wordpress.nibis.de\/gsneuhof\/die-klasse-1a-besucht-das-schulbiologiezentrum\/\">Weiterlesen <span class=\"meta-nav\">&rarr;<\/span><\/a><\/p>\n","protected":false},"author":781,"featured_media":0,"parent":0,"menu_order":0,"comment_status":"closed","ping_status":"closed","template":"","meta":{"footnotes":""},"class_list":["post-5245","page","type-page","status-publish","hentry"],"_links":{"self":[{"href":"https:\/\/wordpress.nibis.de\/gsneuhof\/wp-json\/wp\/v2\/pages\/5245","targetHints":{"allow":["GET"]}}],"collection":[{"href":"https:\/\/wordpress.nibis.de\/gsneuhof\/wp-json\/wp\/v2\/pages"}],"about":[{"href":"https:\/\/wordpress.nibis.de\/gsneuhof\/wp-json\/wp\/v2\/types\/page"}],"author":[{"embeddable":true,"href":"https:\/\/wordpress.nibis.de\/gsneuhof\/wp-json\/wp\/v2\/users\/781"}],"replies":[{"embeddable":true,"href":"https:\/\/wordpress.nibis.de\/gsneuhof\/wp-json\/wp\/v2\/comments?post=5245"}],"version-history":[{"count":2,"href":"https:\/\/wordpress.nibis.de\/gsneuhof\/wp-json\/wp\/v2\/pages\/5245\/revisions"}],"predecessor-version":[{"id":5251,"href":"https:\/\/wordpress.nibis.de\/gsneuhof\/wp-json\/wp\/v2\/pages\/5245\/revisions\/5251"}],"wp:attachment":[{"href":"https:\/\/wordpress.nibis.de\/gsneuhof\/wp-json\/wp\/v2\/media?parent=5245"}],"curies":[{"name":"wp","href":"https:\/\/api.w.org\/{rel}","templated":true}]}}