{"id":5458,"date":"2023-05-10T11:07:02","date_gmt":"2023-05-10T09:07:02","guid":{"rendered":"https:\/\/wordpress.nibis.de\/gsneuhof\/?page_id=5458"},"modified":"2023-05-10T11:07:02","modified_gmt":"2023-05-10T09:07:02","slug":"buecherei-laemmerweide","status":"publish","type":"page","link":"https:\/\/wordpress.nibis.de\/gsneuhof\/buecherei-laemmerweide\/","title":{"rendered":"B\u00fccherei L\u00e4mmerweide"},"content":{"rendered":"\n<p>Die Klasse 1b hatte einen sch\u00f6nen Tag in der B\u00fccherei L\u00e4mmerweide.<\/p>\n<p>\u00a0<\/p>\n\n\n\n<figure class=\"wp-block-gallery has-nested-images columns-2 is-cropped wp-block-gallery-1 is-layout-flex wp-block-gallery-is-layout-flex\">\n<figure class=\"wp-block-image size-large is-style-default\"><img loading=\"lazy\" decoding=\"async\" width=\"800\" height=\"600\" data-id=\"5461\" src=\"https:\/\/wordpress.nibis.de\/gsneuhof\/files\/2023\/05\/IMG_20230425_083853-800x600.jpg\" alt=\"\" class=\"wp-image-5461\" srcset=\"https:\/\/wordpress.nibis.de\/gsneuhof\/files\/2023\/05\/IMG_20230425_083853-800x600.jpg 800w, https:\/\/wordpress.nibis.de\/gsneuhof\/files\/2023\/05\/IMG_20230425_083853-300x225.jpg 300w, https:\/\/wordpress.nibis.de\/gsneuhof\/files\/2023\/05\/IMG_20230425_083853-768x576.jpg 768w, https:\/\/wordpress.nibis.de\/gsneuhof\/files\/2023\/05\/IMG_20230425_083853-1536x1152.jpg 1536w, https:\/\/wordpress.nibis.de\/gsneuhof\/files\/2023\/05\/IMG_20230425_083853.jpg 1600w\" sizes=\"auto, (max-width: 800px) 100vw, 800px\" \/><\/figure>\n\n\n\n<figure class=\"wp-block-image size-large is-style-default\"><img loading=\"lazy\" decoding=\"async\" width=\"800\" height=\"600\" data-id=\"5462\" src=\"https:\/\/wordpress.nibis.de\/gsneuhof\/files\/2023\/05\/IMG_20230425_084457-800x600.jpg\" alt=\"\" class=\"wp-image-5462\" srcset=\"https:\/\/wordpress.nibis.de\/gsneuhof\/files\/2023\/05\/IMG_20230425_084457-800x600.jpg 800w, https:\/\/wordpress.nibis.de\/gsneuhof\/files\/2023\/05\/IMG_20230425_084457-300x225.jpg 300w, https:\/\/wordpress.nibis.de\/gsneuhof\/files\/2023\/05\/IMG_20230425_084457-768x576.jpg 768w, https:\/\/wordpress.nibis.de\/gsneuhof\/files\/2023\/05\/IMG_20230425_084457-1536x1152.jpg 1536w, https:\/\/wordpress.nibis.de\/gsneuhof\/files\/2023\/05\/IMG_20230425_084457.jpg 1600w\" sizes=\"auto, (max-width: 800px) 100vw, 800px\" \/><\/figure>\n\n\n\n<figure class=\"wp-block-image size-large is-style-default\"><img loading=\"lazy\" decoding=\"async\" width=\"800\" height=\"600\" data-id=\"5460\" src=\"https:\/\/wordpress.nibis.de\/gsneuhof\/files\/2023\/05\/IMG_20230425_090606-1-800x600.jpg\" alt=\"\" class=\"wp-image-5460\" srcset=\"https:\/\/wordpress.nibis.de\/gsneuhof\/files\/2023\/05\/IMG_20230425_090606-1-800x600.jpg 800w, https:\/\/wordpress.nibis.de\/gsneuhof\/files\/2023\/05\/IMG_20230425_090606-1-300x225.jpg 300w, https:\/\/wordpress.nibis.de\/gsneuhof\/files\/2023\/05\/IMG_20230425_090606-1-768x576.jpg 768w, https:\/\/wordpress.nibis.de\/gsneuhof\/files\/2023\/05\/IMG_20230425_090606-1-1536x1152.jpg 1536w, https:\/\/wordpress.nibis.de\/gsneuhof\/files\/2023\/05\/IMG_20230425_090606-1.jpg 1600w\" sizes=\"auto, (max-width: 800px) 100vw, 800px\" \/><\/figure>\n<\/figure>\n\n\n\n<p>Bilder: Frau Jan\u00dfen<\/p>\n","protected":false},"excerpt":{"rendered":"<p>Die Klasse 1b hatte einen sch\u00f6nen Tag in der B\u00fccherei L\u00e4mmerweide. \u00a0 Bilder: Frau Jan\u00dfen<\/p>\n","protected":false},"author":781,"featured_media":0,"parent":0,"menu_order":0,"comment_status":"closed","ping_status":"closed","template":"","meta":{"footnotes":""},"class_list":["post-5458","page","type-page","status-publish","hentry"],"_links":{"self":[{"href":"https:\/\/wordpress.nibis.de\/gsneuhof\/wp-json\/wp\/v2\/pages\/5458","targetHints":{"allow":["GET"]}}],"collection":[{"href":"https:\/\/wordpress.nibis.de\/gsneuhof\/wp-json\/wp\/v2\/pages"}],"about":[{"href":"https:\/\/wordpress.nibis.de\/gsneuhof\/wp-json\/wp\/v2\/types\/page"}],"author":[{"embeddable":true,"href":"https:\/\/wordpress.nibis.de\/gsneuhof\/wp-json\/wp\/v2\/users\/781"}],"replies":[{"embeddable":true,"href":"https:\/\/wordpress.nibis.de\/gsneuhof\/wp-json\/wp\/v2\/comments?post=5458"}],"version-history":[{"count":1,"href":"https:\/\/wordpress.nibis.de\/gsneuhof\/wp-json\/wp\/v2\/pages\/5458\/revisions"}],"predecessor-version":[{"id":5463,"href":"https:\/\/wordpress.nibis.de\/gsneuhof\/wp-json\/wp\/v2\/pages\/5458\/revisions\/5463"}],"wp:attachment":[{"href":"https:\/\/wordpress.nibis.de\/gsneuhof\/wp-json\/wp\/v2\/media?parent=5458"}],"curies":[{"name":"wp","href":"https:\/\/api.w.org\/{rel}","templated":true}]}}