{"id":5754,"date":"2023-11-05T18:08:12","date_gmt":"2023-11-05T17:08:12","guid":{"rendered":"https:\/\/wordpress.nibis.de\/gsneuhof\/?page_id=5754"},"modified":"2023-11-05T18:08:12","modified_gmt":"2023-11-05T17:08:12","slug":"anfang-november-besuchte-die-klasse-2a-das-schulbiologiezentrum-zum-thema-wald","status":"publish","type":"page","link":"https:\/\/wordpress.nibis.de\/gsneuhof\/anfang-november-besuchte-die-klasse-2a-das-schulbiologiezentrum-zum-thema-wald\/","title":{"rendered":"Anfang November besuchte die Klasse 2a das Schulbiologiezentrum zum Thema &#8222;Wald&#8220;"},"content":{"rendered":"\n\n\n<p>Nach der Begr\u00fc\u00dfung ging Frau Stolper gleich mit uns in der Wald und zeigte uns die Baumreste, die dort lagen. Jede Gruppe bekam eine Forscher-Ausr\u00fcstung mit Schale, Becherlupe und Pinzette. Ganz gespannt suchten wir im vermoderten Holz nach Insekten und Kleinstlebewesen, die wir dann in den Lupendosen gut beobachten konnten. Asseln, kleine K\u00e4fer, Spinnen und auch W\u00fcrmer entdeckten wir.<\/p>\n\n\n\n<p>Sp\u00e4ter durften wir beim Eichh\u00f6rnchen-Spiel N\u00fcsse verstecken und wir mussten sie dann wie echte Eichh\u00f6rnchen auch wiederfinden. Das hat richtig Spa\u00df gemacht.<\/p>\n\n\n\n<p><\/p>\n\n\n\n<figure class=\"wp-block-gallery has-nested-images columns-default is-cropped wp-block-gallery-1 is-layout-flex wp-block-gallery-is-layout-flex\">\n<figure class=\"wp-block-image size-large is-style-default\"><img loading=\"lazy\" decoding=\"async\" width=\"800\" height=\"600\" data-id=\"5755\" src=\"https:\/\/wordpress.nibis.de\/gsneuhof\/files\/2023\/11\/20231102_084123-800x600.jpg\" alt=\"\" class=\"wp-image-5755\" srcset=\"https:\/\/wordpress.nibis.de\/gsneuhof\/files\/2023\/11\/20231102_084123-800x600.jpg 800w, https:\/\/wordpress.nibis.de\/gsneuhof\/files\/2023\/11\/20231102_084123-300x225.jpg 300w, https:\/\/wordpress.nibis.de\/gsneuhof\/files\/2023\/11\/20231102_084123-768x576.jpg 768w, https:\/\/wordpress.nibis.de\/gsneuhof\/files\/2023\/11\/20231102_084123-1536x1152.jpg 1536w, https:\/\/wordpress.nibis.de\/gsneuhof\/files\/2023\/11\/20231102_084123.jpg 1600w\" sizes=\"auto, (max-width: 800px) 100vw, 800px\" \/><\/figure>\n\n\n\n<figure class=\"wp-block-image size-large is-style-default\"><img loading=\"lazy\" decoding=\"async\" width=\"800\" height=\"600\" data-id=\"5756\" src=\"https:\/\/wordpress.nibis.de\/gsneuhof\/files\/2023\/11\/20231102_102022-800x600.jpg\" alt=\"\" class=\"wp-image-5756\" srcset=\"https:\/\/wordpress.nibis.de\/gsneuhof\/files\/2023\/11\/20231102_102022-800x600.jpg 800w, https:\/\/wordpress.nibis.de\/gsneuhof\/files\/2023\/11\/20231102_102022-300x225.jpg 300w, https:\/\/wordpress.nibis.de\/gsneuhof\/files\/2023\/11\/20231102_102022-768x576.jpg 768w, https:\/\/wordpress.nibis.de\/gsneuhof\/files\/2023\/11\/20231102_102022-1536x1152.jpg 1536w, https:\/\/wordpress.nibis.de\/gsneuhof\/files\/2023\/11\/20231102_102022.jpg 1600w\" sizes=\"auto, (max-width: 800px) 100vw, 800px\" \/><\/figure>\n<\/figure>\n\n\n\n<p>Text und Bild: Frau Herschel<\/p>\n","protected":false},"excerpt":{"rendered":"<p>Nach der Begr\u00fc\u00dfung ging Frau Stolper gleich mit uns in der Wald und zeigte uns die Baumreste, die dort lagen. Jede Gruppe bekam eine Forscher-Ausr\u00fcstung mit Schale, Becherlupe und Pinzette. Ganz gespannt suchten wir im vermoderten Holz nach Insekten und &hellip; <a href=\"https:\/\/wordpress.nibis.de\/gsneuhof\/anfang-november-besuchte-die-klasse-2a-das-schulbiologiezentrum-zum-thema-wald\/\">Weiterlesen <span class=\"meta-nav\">&rarr;<\/span><\/a><\/p>\n","protected":false},"author":781,"featured_media":0,"parent":0,"menu_order":0,"comment_status":"closed","ping_status":"closed","template":"","meta":{"footnotes":""},"class_list":["post-5754","page","type-page","status-publish","hentry"],"_links":{"self":[{"href":"https:\/\/wordpress.nibis.de\/gsneuhof\/wp-json\/wp\/v2\/pages\/5754","targetHints":{"allow":["GET"]}}],"collection":[{"href":"https:\/\/wordpress.nibis.de\/gsneuhof\/wp-json\/wp\/v2\/pages"}],"about":[{"href":"https:\/\/wordpress.nibis.de\/gsneuhof\/wp-json\/wp\/v2\/types\/page"}],"author":[{"embeddable":true,"href":"https:\/\/wordpress.nibis.de\/gsneuhof\/wp-json\/wp\/v2\/users\/781"}],"replies":[{"embeddable":true,"href":"https:\/\/wordpress.nibis.de\/gsneuhof\/wp-json\/wp\/v2\/comments?post=5754"}],"version-history":[{"count":1,"href":"https:\/\/wordpress.nibis.de\/gsneuhof\/wp-json\/wp\/v2\/pages\/5754\/revisions"}],"predecessor-version":[{"id":5757,"href":"https:\/\/wordpress.nibis.de\/gsneuhof\/wp-json\/wp\/v2\/pages\/5754\/revisions\/5757"}],"wp:attachment":[{"href":"https:\/\/wordpress.nibis.de\/gsneuhof\/wp-json\/wp\/v2\/media?parent=5754"}],"curies":[{"name":"wp","href":"https:\/\/api.w.org\/{rel}","templated":true}]}}