{"id":6377,"date":"2025-07-02T13:23:09","date_gmt":"2025-07-02T11:23:09","guid":{"rendered":"https:\/\/wordpress.nibis.de\/gsneuhof\/?page_id=6377"},"modified":"2025-07-02T13:36:16","modified_gmt":"2025-07-02T11:36:16","slug":"auf-wiedersehen","status":"publish","type":"page","link":"https:\/\/wordpress.nibis.de\/gsneuhof\/auf-wiedersehen\/","title":{"rendered":"Auf Wiedersehen!"},"content":{"rendered":"\n<p>Mit einem lachenden und einem weinenden Auge haben wir heute unsere beiden vierten Klassen in der Turnhalle verabschiedet.&nbsp;<\/p>\n<p>Aus der Fuchs- und Waschb\u00e4rklasse sind gro\u00dfe Viertkl\u00e4ssler geworden, die in den vier Jahren viel gelernt und erlebt haben:<\/p>\n\n\n\n<figure class=\"wp-block-gallery has-nested-images columns-default is-cropped wp-block-gallery-1 is-layout-flex wp-block-gallery-is-layout-flex\">\n<figure class=\"wp-block-image size-large\"><img decoding=\"async\" data-id=\"4728\" src=\"https:\/\/wordpress.nibis.de\/gsneuhof\/files\/2022\/01\/GS-Neuhof-Kl-1a-mit-Schrift-Kopie.jpg\" alt=\"\" class=\"wp-image-4728\" \/><\/figure>\n\n\n\n<figure class=\"wp-block-image size-large\"><img decoding=\"async\" data-id=\"4731\" src=\"https:\/\/wordpress.nibis.de\/gsneuhof\/files\/2022\/01\/GS-Neuhof-Kl1b-mit-Schrift-Kopie.jpg\" alt=\"\" class=\"wp-image-4731\" \/><\/figure>\n<\/figure>\n\n\n\n<figure class=\"wp-block-gallery has-nested-images columns-default is-cropped wp-block-gallery-2 is-layout-flex wp-block-gallery-is-layout-flex\">\n<figure class=\"wp-block-image size-large\"><img loading=\"lazy\" decoding=\"async\" width=\"2560\" height=\"1839\" data-id=\"6222\" src=\"https:\/\/wordpress.nibis.de\/gsneuhof\/files\/2024\/12\/Klasse-4at-scaled.jpg\" alt=\"\" class=\"wp-image-6222\" srcset=\"https:\/\/wordpress.nibis.de\/gsneuhof\/files\/2024\/12\/Klasse-4at-scaled.jpg 2560w, https:\/\/wordpress.nibis.de\/gsneuhof\/files\/2024\/12\/Klasse-4at-300x215.jpg 300w, https:\/\/wordpress.nibis.de\/gsneuhof\/files\/2024\/12\/Klasse-4at-800x575.jpg 800w, https:\/\/wordpress.nibis.de\/gsneuhof\/files\/2024\/12\/Klasse-4at-768x552.jpg 768w, https:\/\/wordpress.nibis.de\/gsneuhof\/files\/2024\/12\/Klasse-4at-1536x1103.jpg 1536w, https:\/\/wordpress.nibis.de\/gsneuhof\/files\/2024\/12\/Klasse-4at-2048x1471.jpg 2048w\" sizes=\"auto, (max-width: 2560px) 100vw, 2560px\" \/><figcaption>Klasse 4a<\/figcaption><\/figure>\n\n\n\n<figure class=\"wp-block-image size-large\"><img loading=\"lazy\" decoding=\"async\" width=\"2560\" height=\"1839\" data-id=\"6225\" src=\"https:\/\/wordpress.nibis.de\/gsneuhof\/files\/2024\/12\/Klasse-4b-scaled.jpg\" alt=\"\" class=\"wp-image-6225\" srcset=\"https:\/\/wordpress.nibis.de\/gsneuhof\/files\/2024\/12\/Klasse-4b-scaled.jpg 2560w, https:\/\/wordpress.nibis.de\/gsneuhof\/files\/2024\/12\/Klasse-4b-300x215.jpg 300w, https:\/\/wordpress.nibis.de\/gsneuhof\/files\/2024\/12\/Klasse-4b-800x575.jpg 800w, https:\/\/wordpress.nibis.de\/gsneuhof\/files\/2024\/12\/Klasse-4b-768x552.jpg 768w, https:\/\/wordpress.nibis.de\/gsneuhof\/files\/2024\/12\/Klasse-4b-1536x1103.jpg 1536w, https:\/\/wordpress.nibis.de\/gsneuhof\/files\/2024\/12\/Klasse-4b-2048x1471.jpg 2048w\" sizes=\"auto, (max-width: 2560px) 100vw, 2560px\" \/><figcaption>Klasse 4b<\/figcaption><\/figure>\n<\/figure>\n\n\n\n<p>Es war wie immer ein sch\u00f6ner Abschied:<\/p>\n<p>Neben unserem Schullied gab es auch das traditionelle Schokokussgedicht und die dritten Klassen haben im Vorfeld Abschiedsgr\u00fc\u00dfe f\u00fcr die vierten Klassen geschrieben und \u00fcberreicht. Die 4a verabschiedete sich mit dem Lied &#8222;Die kleinen F\u00fcchse&#8220; und einem Tanz, die 4b mit dem Lied &#8222;Etwas Neues&#8220;. Zum Abschluss stand die ganze Schule Spalier zum Lied &#8222;Alte Schule, altes Haus&#8220;, als die vierten Klassen aus der Turnhalle gingen.<\/p>\n\n\n\n<figure class=\"wp-block-gallery has-nested-images columns-2 is-cropped wp-block-gallery-3 is-layout-flex wp-block-gallery-is-layout-flex\">\n<figure class=\"wp-block-image size-large\"><img loading=\"lazy\" decoding=\"async\" width=\"800\" height=\"600\" data-id=\"6382\" src=\"https:\/\/wordpress.nibis.de\/gsneuhof\/files\/2025\/07\/P1060595-800x600.jpg\" alt=\"\" class=\"wp-image-6382\" srcset=\"https:\/\/wordpress.nibis.de\/gsneuhof\/files\/2025\/07\/P1060595-800x600.jpg 800w, https:\/\/wordpress.nibis.de\/gsneuhof\/files\/2025\/07\/P1060595-300x225.jpg 300w, https:\/\/wordpress.nibis.de\/gsneuhof\/files\/2025\/07\/P1060595-768x576.jpg 768w, https:\/\/wordpress.nibis.de\/gsneuhof\/files\/2025\/07\/P1060595-1536x1152.jpg 1536w, https:\/\/wordpress.nibis.de\/gsneuhof\/files\/2025\/07\/P1060595.jpg 1600w\" sizes=\"auto, (max-width: 800px) 100vw, 800px\" \/><\/figure>\n\n\n\n<figure class=\"wp-block-image size-large\"><img loading=\"lazy\" decoding=\"async\" width=\"800\" height=\"600\" data-id=\"6381\" src=\"https:\/\/wordpress.nibis.de\/gsneuhof\/files\/2025\/07\/P1060600-800x600.jpg\" alt=\"\" class=\"wp-image-6381\" srcset=\"https:\/\/wordpress.nibis.de\/gsneuhof\/files\/2025\/07\/P1060600-800x600.jpg 800w, https:\/\/wordpress.nibis.de\/gsneuhof\/files\/2025\/07\/P1060600-300x225.jpg 300w, https:\/\/wordpress.nibis.de\/gsneuhof\/files\/2025\/07\/P1060600-768x576.jpg 768w, https:\/\/wordpress.nibis.de\/gsneuhof\/files\/2025\/07\/P1060600-1536x1152.jpg 1536w, https:\/\/wordpress.nibis.de\/gsneuhof\/files\/2025\/07\/P1060600.jpg 1600w\" sizes=\"auto, (max-width: 800px) 100vw, 800px\" \/><\/figure>\n\n\n\n<figure class=\"wp-block-image size-large\"><img loading=\"lazy\" decoding=\"async\" width=\"800\" height=\"600\" data-id=\"6383\" src=\"https:\/\/wordpress.nibis.de\/gsneuhof\/files\/2025\/07\/P1060598-800x600.jpg\" alt=\"\" class=\"wp-image-6383\" srcset=\"https:\/\/wordpress.nibis.de\/gsneuhof\/files\/2025\/07\/P1060598-800x600.jpg 800w, https:\/\/wordpress.nibis.de\/gsneuhof\/files\/2025\/07\/P1060598-300x225.jpg 300w, https:\/\/wordpress.nibis.de\/gsneuhof\/files\/2025\/07\/P1060598-768x576.jpg 768w, https:\/\/wordpress.nibis.de\/gsneuhof\/files\/2025\/07\/P1060598-1536x1152.jpg 1536w, https:\/\/wordpress.nibis.de\/gsneuhof\/files\/2025\/07\/P1060598.jpg 1600w\" sizes=\"auto, (max-width: 800px) 100vw, 800px\" \/><\/figure>\n\n\n\n<figure class=\"wp-block-image size-large\"><img loading=\"lazy\" decoding=\"async\" width=\"800\" height=\"600\" data-id=\"6384\" src=\"https:\/\/wordpress.nibis.de\/gsneuhof\/files\/2025\/07\/P1060616-800x600.jpg\" alt=\"\" class=\"wp-image-6384\" srcset=\"https:\/\/wordpress.nibis.de\/gsneuhof\/files\/2025\/07\/P1060616-800x600.jpg 800w, https:\/\/wordpress.nibis.de\/gsneuhof\/files\/2025\/07\/P1060616-300x225.jpg 300w, https:\/\/wordpress.nibis.de\/gsneuhof\/files\/2025\/07\/P1060616-768x576.jpg 768w, https:\/\/wordpress.nibis.de\/gsneuhof\/files\/2025\/07\/P1060616-1536x1152.jpg 1536w, https:\/\/wordpress.nibis.de\/gsneuhof\/files\/2025\/07\/P1060616.jpg 1600w\" sizes=\"auto, (max-width: 800px) 100vw, 800px\" \/><\/figure>\n\n\n\n<figure class=\"wp-block-image size-large\"><img loading=\"lazy\" decoding=\"async\" width=\"800\" height=\"600\" data-id=\"6387\" src=\"https:\/\/wordpress.nibis.de\/gsneuhof\/files\/2025\/07\/P1060642-800x600.jpg\" alt=\"\" class=\"wp-image-6387\" srcset=\"https:\/\/wordpress.nibis.de\/gsneuhof\/files\/2025\/07\/P1060642-800x600.jpg 800w, https:\/\/wordpress.nibis.de\/gsneuhof\/files\/2025\/07\/P1060642-300x225.jpg 300w, https:\/\/wordpress.nibis.de\/gsneuhof\/files\/2025\/07\/P1060642-768x576.jpg 768w, https:\/\/wordpress.nibis.de\/gsneuhof\/files\/2025\/07\/P1060642-1536x1152.jpg 1536w, https:\/\/wordpress.nibis.de\/gsneuhof\/files\/2025\/07\/P1060642.jpg 1600w\" sizes=\"auto, (max-width: 800px) 100vw, 800px\" \/><\/figure>\n\n\n\n<figure class=\"wp-block-image size-large\"><img loading=\"lazy\" decoding=\"async\" width=\"800\" height=\"600\" data-id=\"6385\" src=\"https:\/\/wordpress.nibis.de\/gsneuhof\/files\/2025\/07\/P1060650-800x600.jpg\" alt=\"\" class=\"wp-image-6385\" srcset=\"https:\/\/wordpress.nibis.de\/gsneuhof\/files\/2025\/07\/P1060650-800x600.jpg 800w, https:\/\/wordpress.nibis.de\/gsneuhof\/files\/2025\/07\/P1060650-300x225.jpg 300w, https:\/\/wordpress.nibis.de\/gsneuhof\/files\/2025\/07\/P1060650-768x576.jpg 768w, https:\/\/wordpress.nibis.de\/gsneuhof\/files\/2025\/07\/P1060650-1536x1152.jpg 1536w, https:\/\/wordpress.nibis.de\/gsneuhof\/files\/2025\/07\/P1060650.jpg 1600w\" sizes=\"auto, (max-width: 800px) 100vw, 800px\" \/><\/figure>\n\n\n\n<figure class=\"wp-block-image size-large\"><img loading=\"lazy\" decoding=\"async\" width=\"800\" height=\"600\" data-id=\"6386\" src=\"https:\/\/wordpress.nibis.de\/gsneuhof\/files\/2025\/07\/P1060663-800x600.jpg\" alt=\"\" class=\"wp-image-6386\" srcset=\"https:\/\/wordpress.nibis.de\/gsneuhof\/files\/2025\/07\/P1060663-800x600.jpg 800w, https:\/\/wordpress.nibis.de\/gsneuhof\/files\/2025\/07\/P1060663-300x225.jpg 300w, https:\/\/wordpress.nibis.de\/gsneuhof\/files\/2025\/07\/P1060663-768x576.jpg 768w, https:\/\/wordpress.nibis.de\/gsneuhof\/files\/2025\/07\/P1060663-1536x1152.jpg 1536w, https:\/\/wordpress.nibis.de\/gsneuhof\/files\/2025\/07\/P1060663.jpg 1600w\" sizes=\"auto, (max-width: 800px) 100vw, 800px\" \/><\/figure>\n\n\n\n<figure class=\"wp-block-image size-large\"><img loading=\"lazy\" decoding=\"async\" width=\"800\" height=\"600\" data-id=\"6388\" src=\"https:\/\/wordpress.nibis.de\/gsneuhof\/files\/2025\/07\/P1060670-800x600.jpg\" alt=\"\" class=\"wp-image-6388\" srcset=\"https:\/\/wordpress.nibis.de\/gsneuhof\/files\/2025\/07\/P1060670-800x600.jpg 800w, https:\/\/wordpress.nibis.de\/gsneuhof\/files\/2025\/07\/P1060670-300x225.jpg 300w, https:\/\/wordpress.nibis.de\/gsneuhof\/files\/2025\/07\/P1060670-768x576.jpg 768w, https:\/\/wordpress.nibis.de\/gsneuhof\/files\/2025\/07\/P1060670-1536x1152.jpg 1536w, https:\/\/wordpress.nibis.de\/gsneuhof\/files\/2025\/07\/P1060670.jpg 1600w\" sizes=\"auto, (max-width: 800px) 100vw, 800px\" \/><\/figure>\n\n\n\n<figure class=\"wp-block-image size-large\"><img loading=\"lazy\" decoding=\"async\" width=\"800\" height=\"600\" data-id=\"6389\" src=\"https:\/\/wordpress.nibis.de\/gsneuhof\/files\/2025\/07\/P1060681-800x600.jpg\" alt=\"\" class=\"wp-image-6389\" srcset=\"https:\/\/wordpress.nibis.de\/gsneuhof\/files\/2025\/07\/P1060681-800x600.jpg 800w, https:\/\/wordpress.nibis.de\/gsneuhof\/files\/2025\/07\/P1060681-300x225.jpg 300w, https:\/\/wordpress.nibis.de\/gsneuhof\/files\/2025\/07\/P1060681-768x576.jpg 768w, https:\/\/wordpress.nibis.de\/gsneuhof\/files\/2025\/07\/P1060681-1536x1152.jpg 1536w, https:\/\/wordpress.nibis.de\/gsneuhof\/files\/2025\/07\/P1060681.jpg 1600w\" sizes=\"auto, (max-width: 800px) 100vw, 800px\" \/><\/figure>\n<\/figure>\n\n\n\n<p>Au\u00dferdem mussten wir uns heute von unseren KollegInnen Frau Brunotte, Frau G\u00f6ktas, Frau\u00a0 Zielinski,\u00a0 Herrn Staiger und\u00a0 Herrn Becker (FSJler) verabschieden, die zum Schuljahresende unsere Schule verlassen. Wir w\u00fcnschen euch alles Gute. Bleibt gesund und denkt gerne an uns zur\u00fcck!<\/p>\n<p>Liebe 4a und liebe 4b:<\/p>\n<p>&#8222;Seid mutig, ehrlich, klug und frei, fragt nach dem \u201eWie?\u201c und \u201eWas ist neu?\u201c,<\/p>\n<p>vertraut euch selbst, geht offen raus, aus Fuchs- und Waschb\u00e4r- Schul- Zuhaus.&#8220;<\/p>\n<p>(Spitzer\/ Kunold)<\/p>\n<p>Text: Frau Kunold\/ Bilder: Frau G\u00f6ktas<\/p>\n","protected":false},"excerpt":{"rendered":"<p>Mit einem lachenden und einem weinenden Auge haben wir heute unsere beiden vierten Klassen in der Turnhalle verabschiedet.&nbsp; Aus der Fuchs- und Waschb\u00e4rklasse sind gro\u00dfe Viertkl\u00e4ssler geworden, die in den vier Jahren viel gelernt und erlebt haben: Es war wie &hellip; <a href=\"https:\/\/wordpress.nibis.de\/gsneuhof\/auf-wiedersehen\/\">Weiterlesen <span class=\"meta-nav\">&rarr;<\/span><\/a><\/p>\n","protected":false},"author":781,"featured_media":0,"parent":0,"menu_order":0,"comment_status":"closed","ping_status":"closed","template":"","meta":{"footnotes":""},"class_list":["post-6377","page","type-page","status-publish","hentry"],"_links":{"self":[{"href":"https:\/\/wordpress.nibis.de\/gsneuhof\/wp-json\/wp\/v2\/pages\/6377","targetHints":{"allow":["GET"]}}],"collection":[{"href":"https:\/\/wordpress.nibis.de\/gsneuhof\/wp-json\/wp\/v2\/pages"}],"about":[{"href":"https:\/\/wordpress.nibis.de\/gsneuhof\/wp-json\/wp\/v2\/types\/page"}],"author":[{"embeddable":true,"href":"https:\/\/wordpress.nibis.de\/gsneuhof\/wp-json\/wp\/v2\/users\/781"}],"replies":[{"embeddable":true,"href":"https:\/\/wordpress.nibis.de\/gsneuhof\/wp-json\/wp\/v2\/comments?post=6377"}],"version-history":[{"count":6,"href":"https:\/\/wordpress.nibis.de\/gsneuhof\/wp-json\/wp\/v2\/pages\/6377\/revisions"}],"predecessor-version":[{"id":6396,"href":"https:\/\/wordpress.nibis.de\/gsneuhof\/wp-json\/wp\/v2\/pages\/6377\/revisions\/6396"}],"wp:attachment":[{"href":"https:\/\/wordpress.nibis.de\/gsneuhof\/wp-json\/wp\/v2\/media?parent=6377"}],"curies":[{"name":"wp","href":"https:\/\/api.w.org\/{rel}","templated":true}]}}