{"id":6426,"date":"2025-08-16T17:40:18","date_gmt":"2025-08-16T15:40:18","guid":{"rendered":"https:\/\/wordpress.nibis.de\/gsneuhof\/?page_id=6426"},"modified":"2025-08-17T09:43:24","modified_gmt":"2025-08-17T07:43:24","slug":"einschulung-2025","status":"publish","type":"page","link":"https:\/\/wordpress.nibis.de\/gsneuhof\/einschulung-2025\/","title":{"rendered":"Einschulung 2025"},"content":{"rendered":"\n<p>Heute haben wir in unserer Turnhalle die Einschulung der neuen Erstkl\u00e4sslerInnen gefeiert.\u00a0<\/p>\n<p>Unser Schullied durfte dabei ebensowenig fehlten wie das Zwergengedicht, mit dem die Kinder in den Kreis der kleinen Zwerge aufgenommen wurden.\u00a0<br \/>Die Drittkl\u00e4ssler haben vor den Sommerferien das Einschulungsst\u00fcck vorbereitet: In dem St\u00fcck geht es um einen Wichtel, der eingeschult wird. Auf seinem Schulweg trifft er einige Tiere des Waldes und auch Schulkinder, die ihn mit in die Schule nehmen. Dieses St\u00fcck durften wir uns heute anschauen. Der Applaus zeigte, dass es allen sehr gefallen hat.<\/p>\n<p>Danach ging es mit den Klassenlehrerinnen Frau Spitzer und Frau Kunold in die jeweiligen Klassen zur 1. Unterrichtsstunde.<br \/>W\u00e4hrenddessen konnten sich die G\u00e4ste an einem Buffet, welches die Eltern der 2. Klasse vorbereitet haben, st\u00e4rken. Vielen Dank daf\u00fcr!<\/p>\n\n\n\n<figure class=\"wp-block-gallery has-nested-images columns-1 is-cropped wp-block-gallery-1 is-layout-flex wp-block-gallery-is-layout-flex\">\n<figure class=\"wp-block-image size-large\"><img loading=\"lazy\" decoding=\"async\" width=\"800\" height=\"450\" data-id=\"6430\" src=\"https:\/\/wordpress.nibis.de\/gsneuhof\/files\/2025\/08\/DSC05001-800x450.jpg\" alt=\"\" class=\"wp-image-6430\" srcset=\"https:\/\/wordpress.nibis.de\/gsneuhof\/files\/2025\/08\/DSC05001-800x450.jpg 800w, https:\/\/wordpress.nibis.de\/gsneuhof\/files\/2025\/08\/DSC05001-300x169.jpg 300w, https:\/\/wordpress.nibis.de\/gsneuhof\/files\/2025\/08\/DSC05001-768x432.jpg 768w, https:\/\/wordpress.nibis.de\/gsneuhof\/files\/2025\/08\/DSC05001-1536x864.jpg 1536w, https:\/\/wordpress.nibis.de\/gsneuhof\/files\/2025\/08\/DSC05001.jpg 1920w\" sizes=\"auto, (max-width: 800px) 100vw, 800px\" \/><\/figure>\n\n\n\n<figure class=\"wp-block-image size-large\"><img loading=\"lazy\" decoding=\"async\" width=\"800\" height=\"450\" data-id=\"6431\" src=\"https:\/\/wordpress.nibis.de\/gsneuhof\/files\/2025\/08\/DSC05003-800x450.jpg\" alt=\"\" class=\"wp-image-6431\" srcset=\"https:\/\/wordpress.nibis.de\/gsneuhof\/files\/2025\/08\/DSC05003-800x450.jpg 800w, https:\/\/wordpress.nibis.de\/gsneuhof\/files\/2025\/08\/DSC05003-300x169.jpg 300w, https:\/\/wordpress.nibis.de\/gsneuhof\/files\/2025\/08\/DSC05003-768x432.jpg 768w, https:\/\/wordpress.nibis.de\/gsneuhof\/files\/2025\/08\/DSC05003-1536x864.jpg 1536w, https:\/\/wordpress.nibis.de\/gsneuhof\/files\/2025\/08\/DSC05003.jpg 1920w\" sizes=\"auto, (max-width: 800px) 100vw, 800px\" \/><\/figure>\n\n\n\n<figure class=\"wp-block-image size-large\"><img loading=\"lazy\" decoding=\"async\" width=\"800\" height=\"450\" data-id=\"6433\" src=\"https:\/\/wordpress.nibis.de\/gsneuhof\/files\/2025\/08\/DSC05012-800x450.jpg\" alt=\"\" class=\"wp-image-6433\" srcset=\"https:\/\/wordpress.nibis.de\/gsneuhof\/files\/2025\/08\/DSC05012-800x450.jpg 800w, https:\/\/wordpress.nibis.de\/gsneuhof\/files\/2025\/08\/DSC05012-300x169.jpg 300w, https:\/\/wordpress.nibis.de\/gsneuhof\/files\/2025\/08\/DSC05012-768x432.jpg 768w, https:\/\/wordpress.nibis.de\/gsneuhof\/files\/2025\/08\/DSC05012-1536x864.jpg 1536w, https:\/\/wordpress.nibis.de\/gsneuhof\/files\/2025\/08\/DSC05012.jpg 1920w\" sizes=\"auto, (max-width: 800px) 100vw, 800px\" \/><\/figure>\n<\/figure>\n\n\n\n<p><strong>Herzlich willkommen, liebe Klassen 1a und 1b!<\/strong> <strong>Sch\u00f6n, dass ihr nun endlich da seid!<\/strong><\/p>\n<p>Text: Frau Kunold\/ Bilder: Frau Liebram<\/p>\n","protected":false},"excerpt":{"rendered":"<p>Heute haben wir in unserer Turnhalle die Einschulung der neuen Erstkl\u00e4sslerInnen gefeiert.\u00a0 Unser Schullied durfte dabei ebensowenig fehlten wie das Zwergengedicht, mit dem die Kinder in den Kreis der kleinen Zwerge aufgenommen wurden.\u00a0Die Drittkl\u00e4ssler haben vor den Sommerferien das Einschulungsst\u00fcck &hellip; <a href=\"https:\/\/wordpress.nibis.de\/gsneuhof\/einschulung-2025\/\">Weiterlesen <span class=\"meta-nav\">&rarr;<\/span><\/a><\/p>\n","protected":false},"author":781,"featured_media":0,"parent":0,"menu_order":0,"comment_status":"closed","ping_status":"closed","template":"","meta":{"footnotes":""},"class_list":["post-6426","page","type-page","status-publish","hentry"],"_links":{"self":[{"href":"https:\/\/wordpress.nibis.de\/gsneuhof\/wp-json\/wp\/v2\/pages\/6426","targetHints":{"allow":["GET"]}}],"collection":[{"href":"https:\/\/wordpress.nibis.de\/gsneuhof\/wp-json\/wp\/v2\/pages"}],"about":[{"href":"https:\/\/wordpress.nibis.de\/gsneuhof\/wp-json\/wp\/v2\/types\/page"}],"author":[{"embeddable":true,"href":"https:\/\/wordpress.nibis.de\/gsneuhof\/wp-json\/wp\/v2\/users\/781"}],"replies":[{"embeddable":true,"href":"https:\/\/wordpress.nibis.de\/gsneuhof\/wp-json\/wp\/v2\/comments?post=6426"}],"version-history":[{"count":4,"href":"https:\/\/wordpress.nibis.de\/gsneuhof\/wp-json\/wp\/v2\/pages\/6426\/revisions"}],"predecessor-version":[{"id":6443,"href":"https:\/\/wordpress.nibis.de\/gsneuhof\/wp-json\/wp\/v2\/pages\/6426\/revisions\/6443"}],"wp:attachment":[{"href":"https:\/\/wordpress.nibis.de\/gsneuhof\/wp-json\/wp\/v2\/media?parent=6426"}],"curies":[{"name":"wp","href":"https:\/\/api.w.org\/{rel}","templated":true}]}}