{"id":6445,"date":"2025-08-24T17:50:06","date_gmt":"2025-08-24T15:50:06","guid":{"rendered":"https:\/\/wordpress.nibis.de\/gsneuhof\/?page_id=6445"},"modified":"2025-08-24T17:50:06","modified_gmt":"2025-08-24T15:50:06","slug":"ausflug-der-klasse-3a-ins-schulbiologiezentrum","status":"publish","type":"page","link":"https:\/\/wordpress.nibis.de\/gsneuhof\/ausflug-der-klasse-3a-ins-schulbiologiezentrum\/","title":{"rendered":"Ausflug der Klasse 3a ins Schulbiologiezentrum"},"content":{"rendered":"\n<p>Heute hat die Klasse 3a einen spannenden Ausflug ins Schulbiologiezentrum gemacht &#8211; zum Thema Wald.<br>&nbsp;Zu Beginn haben wir uns mit den gro\u00dfen Tieren des Waldes besch\u00e4ftigt, wie Uhu, Dachs, Marder und Eichh\u00f6rnchen. Diese waren zwar ausgestopft, standen aber mitten im Wald, sodass es wirkte, als ob sie dort lebendig w\u00e4ren \u2013 ein wirklich beeindruckender Anblick.<br>Anschlie\u00dfend ging es um die kleinen Waldbewohner. In Partnerteams erhielten wir Becherlupen und machten uns auf die Suche. Im Geh\u00f6lz entdeckten wir viele winzige Tiere, konnten sie genau beobachten und lie\u00dfen sie danach nat\u00fcrlich wieder frei.<br>Es war ein erlebnisreicher und sch\u00f6ner Tag, an dem wir viel \u00fcber die Tiere des Waldes gelernt haben.<\/p>\n<p>&nbsp;<\/p>\n\n\n\n<figure class=\"wp-block-gallery has-nested-images columns-2 is-cropped wp-block-gallery-1 is-layout-flex wp-block-gallery-is-layout-flex\">\n<figure class=\"wp-block-image size-large\"><img loading=\"lazy\" decoding=\"async\" width=\"1200\" height=\"1600\" data-id=\"6450\" src=\"https:\/\/wordpress.nibis.de\/gsneuhof\/files\/2025\/08\/IMG_6441-e1756039671565.jpg\" alt=\"\" class=\"wp-image-6450\" srcset=\"https:\/\/wordpress.nibis.de\/gsneuhof\/files\/2025\/08\/IMG_6441-e1756039671565.jpg 1200w, https:\/\/wordpress.nibis.de\/gsneuhof\/files\/2025\/08\/IMG_6441-e1756039671565-225x300.jpg 225w, https:\/\/wordpress.nibis.de\/gsneuhof\/files\/2025\/08\/IMG_6441-e1756039671565-450x600.jpg 450w, https:\/\/wordpress.nibis.de\/gsneuhof\/files\/2025\/08\/IMG_6441-e1756039671565-768x1024.jpg 768w, https:\/\/wordpress.nibis.de\/gsneuhof\/files\/2025\/08\/IMG_6441-e1756039671565-1152x1536.jpg 1152w\" sizes=\"auto, (max-width: 1200px) 100vw, 1200px\" \/><\/figure>\n\n\n\n<figure class=\"wp-block-image size-large\"><img loading=\"lazy\" decoding=\"async\" width=\"1200\" height=\"1600\" data-id=\"6451\" src=\"https:\/\/wordpress.nibis.de\/gsneuhof\/files\/2025\/08\/IMG_6434-e1756039682909.jpg\" alt=\"\" class=\"wp-image-6451\" srcset=\"https:\/\/wordpress.nibis.de\/gsneuhof\/files\/2025\/08\/IMG_6434-e1756039682909.jpg 1200w, https:\/\/wordpress.nibis.de\/gsneuhof\/files\/2025\/08\/IMG_6434-e1756039682909-225x300.jpg 225w, https:\/\/wordpress.nibis.de\/gsneuhof\/files\/2025\/08\/IMG_6434-e1756039682909-450x600.jpg 450w, https:\/\/wordpress.nibis.de\/gsneuhof\/files\/2025\/08\/IMG_6434-e1756039682909-768x1024.jpg 768w, https:\/\/wordpress.nibis.de\/gsneuhof\/files\/2025\/08\/IMG_6434-e1756039682909-1152x1536.jpg 1152w\" sizes=\"auto, (max-width: 1200px) 100vw, 1200px\" \/><\/figure>\n\n\n\n<figure class=\"wp-block-image size-large\"><img loading=\"lazy\" decoding=\"async\" width=\"1200\" height=\"1600\" data-id=\"6447\" src=\"https:\/\/wordpress.nibis.de\/gsneuhof\/files\/2025\/08\/IMG_6416-e1756039690140.jpg\" alt=\"\" class=\"wp-image-6447\" srcset=\"https:\/\/wordpress.nibis.de\/gsneuhof\/files\/2025\/08\/IMG_6416-e1756039690140.jpg 1200w, https:\/\/wordpress.nibis.de\/gsneuhof\/files\/2025\/08\/IMG_6416-e1756039690140-225x300.jpg 225w, https:\/\/wordpress.nibis.de\/gsneuhof\/files\/2025\/08\/IMG_6416-e1756039690140-450x600.jpg 450w, https:\/\/wordpress.nibis.de\/gsneuhof\/files\/2025\/08\/IMG_6416-e1756039690140-768x1024.jpg 768w, https:\/\/wordpress.nibis.de\/gsneuhof\/files\/2025\/08\/IMG_6416-e1756039690140-1152x1536.jpg 1152w\" sizes=\"auto, (max-width: 1200px) 100vw, 1200px\" \/><\/figure>\n\n\n\n<figure class=\"wp-block-image size-large\"><img loading=\"lazy\" decoding=\"async\" width=\"1600\" height=\"1200\" data-id=\"6449\" src=\"https:\/\/wordpress.nibis.de\/gsneuhof\/files\/2025\/08\/IMG_6445.jpg\" alt=\"\" class=\"wp-image-6449\" srcset=\"https:\/\/wordpress.nibis.de\/gsneuhof\/files\/2025\/08\/IMG_6445.jpg 1600w, https:\/\/wordpress.nibis.de\/gsneuhof\/files\/2025\/08\/IMG_6445-300x225.jpg 300w, https:\/\/wordpress.nibis.de\/gsneuhof\/files\/2025\/08\/IMG_6445-800x600.jpg 800w, https:\/\/wordpress.nibis.de\/gsneuhof\/files\/2025\/08\/IMG_6445-768x576.jpg 768w, https:\/\/wordpress.nibis.de\/gsneuhof\/files\/2025\/08\/IMG_6445-1536x1152.jpg 1536w\" sizes=\"auto, (max-width: 1600px) 100vw, 1600px\" \/><\/figure>\n\n\n\n<figure class=\"wp-block-image size-large\"><img loading=\"lazy\" decoding=\"async\" width=\"1200\" height=\"1600\" data-id=\"6448\" src=\"https:\/\/wordpress.nibis.de\/gsneuhof\/files\/2025\/08\/IMG_6418-e1756039699147.jpg\" alt=\"\" class=\"wp-image-6448\" srcset=\"https:\/\/wordpress.nibis.de\/gsneuhof\/files\/2025\/08\/IMG_6418-e1756039699147.jpg 1200w, https:\/\/wordpress.nibis.de\/gsneuhof\/files\/2025\/08\/IMG_6418-e1756039699147-225x300.jpg 225w, https:\/\/wordpress.nibis.de\/gsneuhof\/files\/2025\/08\/IMG_6418-e1756039699147-450x600.jpg 450w, https:\/\/wordpress.nibis.de\/gsneuhof\/files\/2025\/08\/IMG_6418-e1756039699147-768x1024.jpg 768w, https:\/\/wordpress.nibis.de\/gsneuhof\/files\/2025\/08\/IMG_6418-e1756039699147-1152x1536.jpg 1152w\" sizes=\"auto, (max-width: 1200px) 100vw, 1200px\" \/><\/figure>\n\n\n\n<figure class=\"wp-block-image size-large\"><img loading=\"lazy\" decoding=\"async\" width=\"1200\" height=\"1600\" data-id=\"6446\" src=\"https:\/\/wordpress.nibis.de\/gsneuhof\/files\/2025\/08\/IMG_6415-e1756039709485.jpg\" alt=\"\" class=\"wp-image-6446\" srcset=\"https:\/\/wordpress.nibis.de\/gsneuhof\/files\/2025\/08\/IMG_6415-e1756039709485.jpg 1200w, https:\/\/wordpress.nibis.de\/gsneuhof\/files\/2025\/08\/IMG_6415-e1756039709485-225x300.jpg 225w, https:\/\/wordpress.nibis.de\/gsneuhof\/files\/2025\/08\/IMG_6415-e1756039709485-450x600.jpg 450w, https:\/\/wordpress.nibis.de\/gsneuhof\/files\/2025\/08\/IMG_6415-e1756039709485-768x1024.jpg 768w, https:\/\/wordpress.nibis.de\/gsneuhof\/files\/2025\/08\/IMG_6415-e1756039709485-1152x1536.jpg 1152w\" sizes=\"auto, (max-width: 1200px) 100vw, 1200px\" \/><\/figure>\n<\/figure>\n\n\n\n<p><\/p>\n\n\n\n<figure class=\"wp-block-image size-large\"><img loading=\"lazy\" decoding=\"async\" width=\"800\" height=\"600\" src=\"https:\/\/wordpress.nibis.de\/gsneuhof\/files\/2025\/08\/neu-mit-Sus.-800x600.jpg\" alt=\"\" class=\"wp-image-6455\" srcset=\"https:\/\/wordpress.nibis.de\/gsneuhof\/files\/2025\/08\/neu-mit-Sus.-800x600.jpg 800w, https:\/\/wordpress.nibis.de\/gsneuhof\/files\/2025\/08\/neu-mit-Sus.-300x225.jpg 300w, https:\/\/wordpress.nibis.de\/gsneuhof\/files\/2025\/08\/neu-mit-Sus.-768x576.jpg 768w, https:\/\/wordpress.nibis.de\/gsneuhof\/files\/2025\/08\/neu-mit-Sus.-1536x1152.jpg 1536w, https:\/\/wordpress.nibis.de\/gsneuhof\/files\/2025\/08\/neu-mit-Sus..jpg 1600w\" sizes=\"auto, (max-width: 800px) 100vw, 800px\" \/><\/figure>\n\n\n\n<p>Text und Bild: Frau Haberlach<\/p>\n\n\n","protected":false},"excerpt":{"rendered":"<p>Heute hat die Klasse 3a einen spannenden Ausflug ins Schulbiologiezentrum gemacht &#8211; zum Thema Wald.&nbsp;Zu Beginn haben wir uns mit den gro\u00dfen Tieren des Waldes besch\u00e4ftigt, wie Uhu, Dachs, Marder und Eichh\u00f6rnchen. Diese waren zwar ausgestopft, standen aber mitten im &hellip; <a href=\"https:\/\/wordpress.nibis.de\/gsneuhof\/ausflug-der-klasse-3a-ins-schulbiologiezentrum\/\">Weiterlesen <span class=\"meta-nav\">&rarr;<\/span><\/a><\/p>\n","protected":false},"author":781,"featured_media":0,"parent":0,"menu_order":0,"comment_status":"closed","ping_status":"closed","template":"","meta":{"footnotes":""},"class_list":["post-6445","page","type-page","status-publish","hentry"],"_links":{"self":[{"href":"https:\/\/wordpress.nibis.de\/gsneuhof\/wp-json\/wp\/v2\/pages\/6445","targetHints":{"allow":["GET"]}}],"collection":[{"href":"https:\/\/wordpress.nibis.de\/gsneuhof\/wp-json\/wp\/v2\/pages"}],"about":[{"href":"https:\/\/wordpress.nibis.de\/gsneuhof\/wp-json\/wp\/v2\/types\/page"}],"author":[{"embeddable":true,"href":"https:\/\/wordpress.nibis.de\/gsneuhof\/wp-json\/wp\/v2\/users\/781"}],"replies":[{"embeddable":true,"href":"https:\/\/wordpress.nibis.de\/gsneuhof\/wp-json\/wp\/v2\/comments?post=6445"}],"version-history":[{"count":4,"href":"https:\/\/wordpress.nibis.de\/gsneuhof\/wp-json\/wp\/v2\/pages\/6445\/revisions"}],"predecessor-version":[{"id":6457,"href":"https:\/\/wordpress.nibis.de\/gsneuhof\/wp-json\/wp\/v2\/pages\/6445\/revisions\/6457"}],"wp:attachment":[{"href":"https:\/\/wordpress.nibis.de\/gsneuhof\/wp-json\/wp\/v2\/media?parent=6445"}],"curies":[{"name":"wp","href":"https:\/\/api.w.org\/{rel}","templated":true}]}}