{"id":6514,"date":"2025-09-02T14:35:28","date_gmt":"2025-09-02T12:35:28","guid":{"rendered":"https:\/\/wordpress.nibis.de\/gsneuhof\/?page_id=6514"},"modified":"2025-09-02T14:35:28","modified_gmt":"2025-09-02T12:35:28","slug":"ausflug-zur-stadtbuecherei","status":"publish","type":"page","link":"https:\/\/wordpress.nibis.de\/gsneuhof\/ausflug-zur-stadtbuecherei\/","title":{"rendered":"Ausflug zur Stadtb\u00fccherei"},"content":{"rendered":"\n<p>Die Klassen 2a und 2b waren heute gemeinsam in der Stadtb\u00fccherei in Hildesheim. Nach einer kurzen Busfahrt wurde sich zuerst am Rolandbrunnen auf dem Marktplatz gest\u00e4rkt. Anschlie\u00dfend waren wir 1,5 Stunden in der B\u00fccherei und uns wurde Antolin erkl\u00e4rt. Danach bekam jedes Kind seinen Ausweis und durfte sich B\u00fccher ausleihen. Zum Abschluss waren wir noch in der Arneken Galerie und haben ein leckeres Eis gegessen. Wir hoffen, dass das Angebot der Stadtb\u00fccherei gut genutzt wird und wir bald viele Urkunden f\u00fcr die erfolgreiche Nutzung von Antolin verteilen k\u00f6nnen.<\/p>\n<p>\u00a0<\/p>\n\n\n\n<figure class=\"wp-block-image size-large\"><img loading=\"lazy\" decoding=\"async\" width=\"800\" height=\"600\" src=\"https:\/\/wordpress.nibis.de\/gsneuhof\/files\/2025\/09\/IMG_0197-800x600.jpeg\" alt=\"\" class=\"wp-image-6515\" srcset=\"https:\/\/wordpress.nibis.de\/gsneuhof\/files\/2025\/09\/IMG_0197-800x600.jpeg 800w, https:\/\/wordpress.nibis.de\/gsneuhof\/files\/2025\/09\/IMG_0197-300x225.jpeg 300w, https:\/\/wordpress.nibis.de\/gsneuhof\/files\/2025\/09\/IMG_0197-768x576.jpeg 768w, https:\/\/wordpress.nibis.de\/gsneuhof\/files\/2025\/09\/IMG_0197-1536x1152.jpeg 1536w, https:\/\/wordpress.nibis.de\/gsneuhof\/files\/2025\/09\/IMG_0197-2048x1536.jpeg 2048w\" sizes=\"auto, (max-width: 800px) 100vw, 800px\" \/><\/figure>\n\n\n\n<p>Text und Bild: Frau Zellmann<\/p>\n","protected":false},"excerpt":{"rendered":"<p>Die Klassen 2a und 2b waren heute gemeinsam in der Stadtb\u00fccherei in Hildesheim. Nach einer kurzen Busfahrt wurde sich zuerst am Rolandbrunnen auf dem Marktplatz gest\u00e4rkt. Anschlie\u00dfend waren wir 1,5 Stunden in der B\u00fccherei und uns wurde Antolin erkl\u00e4rt. Danach &hellip; <a href=\"https:\/\/wordpress.nibis.de\/gsneuhof\/ausflug-zur-stadtbuecherei\/\">Weiterlesen <span class=\"meta-nav\">&rarr;<\/span><\/a><\/p>\n","protected":false},"author":781,"featured_media":0,"parent":0,"menu_order":0,"comment_status":"closed","ping_status":"closed","template":"","meta":{"footnotes":""},"class_list":["post-6514","page","type-page","status-publish","hentry"],"_links":{"self":[{"href":"https:\/\/wordpress.nibis.de\/gsneuhof\/wp-json\/wp\/v2\/pages\/6514","targetHints":{"allow":["GET"]}}],"collection":[{"href":"https:\/\/wordpress.nibis.de\/gsneuhof\/wp-json\/wp\/v2\/pages"}],"about":[{"href":"https:\/\/wordpress.nibis.de\/gsneuhof\/wp-json\/wp\/v2\/types\/page"}],"author":[{"embeddable":true,"href":"https:\/\/wordpress.nibis.de\/gsneuhof\/wp-json\/wp\/v2\/users\/781"}],"replies":[{"embeddable":true,"href":"https:\/\/wordpress.nibis.de\/gsneuhof\/wp-json\/wp\/v2\/comments?post=6514"}],"version-history":[{"count":1,"href":"https:\/\/wordpress.nibis.de\/gsneuhof\/wp-json\/wp\/v2\/pages\/6514\/revisions"}],"predecessor-version":[{"id":6516,"href":"https:\/\/wordpress.nibis.de\/gsneuhof\/wp-json\/wp\/v2\/pages\/6514\/revisions\/6516"}],"wp:attachment":[{"href":"https:\/\/wordpress.nibis.de\/gsneuhof\/wp-json\/wp\/v2\/media?parent=6514"}],"curies":[{"name":"wp","href":"https:\/\/api.w.org\/{rel}","templated":true}]}}