{"id":6568,"date":"2025-10-10T14:49:44","date_gmt":"2025-10-10T12:49:44","guid":{"rendered":"https:\/\/wordpress.nibis.de\/gsneuhof\/?page_id=6568"},"modified":"2025-10-10T14:49:44","modified_gmt":"2025-10-10T12:49:44","slug":"herbstforum-2025","status":"publish","type":"page","link":"https:\/\/wordpress.nibis.de\/gsneuhof\/herbstforum-2025\/","title":{"rendered":"Herbstforum 2025"},"content":{"rendered":"\n<p>Heute haben wir uns in der 3. Stunde zu einem sch\u00f6nen Herbstforum in der Turnhalle getroffen. Viele Eltern und die zuk\u00fcnftigen Schulkinder waren unserer Einladung gefolgt und konnten schauen, was in den einzelnen Klassen in den letzten Wochen erarbeitet wurde.<\/p>\n<p>Das Programm war sehr vielf\u00e4ltig und bunt, so wie drau\u00dfen die Natur aktuell auch ist: Lieder, Bilder, Gedichte, Ziffernspr\u00fcche und ein Tanz wurden von den einzelnen Klassen vorgestellt. Gemeinsam konnten wir uns einen Teil der\u00a0 Lebensmittelspenden im Erntedankwagen anschauen, die wir seit zwei Wochen gesammelt haben und die nun dem Guten Hirten \u00fcbergeben werden.<\/p>\n\n\n\n<figure class=\"wp-block-gallery has-nested-images columns-2 is-cropped wp-block-gallery-1 is-layout-flex wp-block-gallery-is-layout-flex\">\n<figure class=\"wp-block-image size-large\"><img loading=\"lazy\" decoding=\"async\" width=\"800\" height=\"600\" data-id=\"6577\" src=\"https:\/\/wordpress.nibis.de\/gsneuhof\/files\/2025\/10\/K1600_P1060835-800x600.jpg\" alt=\"\" class=\"wp-image-6577\" srcset=\"https:\/\/wordpress.nibis.de\/gsneuhof\/files\/2025\/10\/K1600_P1060835-800x600.jpg 800w, https:\/\/wordpress.nibis.de\/gsneuhof\/files\/2025\/10\/K1600_P1060835-300x225.jpg 300w, https:\/\/wordpress.nibis.de\/gsneuhof\/files\/2025\/10\/K1600_P1060835-768x576.jpg 768w, https:\/\/wordpress.nibis.de\/gsneuhof\/files\/2025\/10\/K1600_P1060835-1536x1152.jpg 1536w, https:\/\/wordpress.nibis.de\/gsneuhof\/files\/2025\/10\/K1600_P1060835.jpg 1600w\" sizes=\"auto, (max-width: 800px) 100vw, 800px\" \/><\/figure>\n\n\n\n<figure class=\"wp-block-image size-large\"><img loading=\"lazy\" decoding=\"async\" width=\"800\" height=\"600\" data-id=\"6580\" src=\"https:\/\/wordpress.nibis.de\/gsneuhof\/files\/2025\/10\/K1600_P1060842-800x600.jpg\" alt=\"\" class=\"wp-image-6580\" srcset=\"https:\/\/wordpress.nibis.de\/gsneuhof\/files\/2025\/10\/K1600_P1060842-800x600.jpg 800w, https:\/\/wordpress.nibis.de\/gsneuhof\/files\/2025\/10\/K1600_P1060842-300x225.jpg 300w, https:\/\/wordpress.nibis.de\/gsneuhof\/files\/2025\/10\/K1600_P1060842-768x576.jpg 768w, https:\/\/wordpress.nibis.de\/gsneuhof\/files\/2025\/10\/K1600_P1060842-1536x1152.jpg 1536w, https:\/\/wordpress.nibis.de\/gsneuhof\/files\/2025\/10\/K1600_P1060842.jpg 1600w\" sizes=\"auto, (max-width: 800px) 100vw, 800px\" \/><\/figure>\n\n\n\n<figure class=\"wp-block-image size-large\"><img loading=\"lazy\" decoding=\"async\" width=\"800\" height=\"600\" data-id=\"6576\" src=\"https:\/\/wordpress.nibis.de\/gsneuhof\/files\/2025\/10\/K1600_P1060847-800x600.jpg\" alt=\"\" class=\"wp-image-6576\" srcset=\"https:\/\/wordpress.nibis.de\/gsneuhof\/files\/2025\/10\/K1600_P1060847-800x600.jpg 800w, https:\/\/wordpress.nibis.de\/gsneuhof\/files\/2025\/10\/K1600_P1060847-300x225.jpg 300w, https:\/\/wordpress.nibis.de\/gsneuhof\/files\/2025\/10\/K1600_P1060847-768x576.jpg 768w, https:\/\/wordpress.nibis.de\/gsneuhof\/files\/2025\/10\/K1600_P1060847-1536x1152.jpg 1536w, https:\/\/wordpress.nibis.de\/gsneuhof\/files\/2025\/10\/K1600_P1060847.jpg 1600w\" sizes=\"auto, (max-width: 800px) 100vw, 800px\" \/><\/figure>\n\n\n\n<figure class=\"wp-block-image size-large\"><img loading=\"lazy\" decoding=\"async\" width=\"800\" height=\"600\" data-id=\"6578\" src=\"https:\/\/wordpress.nibis.de\/gsneuhof\/files\/2025\/10\/K1600_P1060850-800x600.jpg\" alt=\"\" class=\"wp-image-6578\" srcset=\"https:\/\/wordpress.nibis.de\/gsneuhof\/files\/2025\/10\/K1600_P1060850-800x600.jpg 800w, https:\/\/wordpress.nibis.de\/gsneuhof\/files\/2025\/10\/K1600_P1060850-300x225.jpg 300w, https:\/\/wordpress.nibis.de\/gsneuhof\/files\/2025\/10\/K1600_P1060850-768x576.jpg 768w, https:\/\/wordpress.nibis.de\/gsneuhof\/files\/2025\/10\/K1600_P1060850-1536x1152.jpg 1536w, https:\/\/wordpress.nibis.de\/gsneuhof\/files\/2025\/10\/K1600_P1060850.jpg 1600w\" sizes=\"auto, (max-width: 800px) 100vw, 800px\" \/><\/figure>\n\n\n\n<figure class=\"wp-block-image size-large\"><img loading=\"lazy\" decoding=\"async\" width=\"800\" height=\"600\" data-id=\"6579\" src=\"https:\/\/wordpress.nibis.de\/gsneuhof\/files\/2025\/10\/K1600_P1060858-800x600.jpg\" alt=\"\" class=\"wp-image-6579\" srcset=\"https:\/\/wordpress.nibis.de\/gsneuhof\/files\/2025\/10\/K1600_P1060858-800x600.jpg 800w, https:\/\/wordpress.nibis.de\/gsneuhof\/files\/2025\/10\/K1600_P1060858-300x225.jpg 300w, https:\/\/wordpress.nibis.de\/gsneuhof\/files\/2025\/10\/K1600_P1060858-768x576.jpg 768w, https:\/\/wordpress.nibis.de\/gsneuhof\/files\/2025\/10\/K1600_P1060858-1536x1152.jpg 1536w, https:\/\/wordpress.nibis.de\/gsneuhof\/files\/2025\/10\/K1600_P1060858.jpg 1600w\" sizes=\"auto, (max-width: 800px) 100vw, 800px\" \/><\/figure>\n<\/figure>\n\n\n\n<p>Nun stehen die Herbstferien vor der T\u00fcr. Wir w\u00fcnschen allen Familien eine sch\u00f6ne, gemeinsame Zeit!<\/p>\n<p>Text und Bild: Frau Kunold<\/p>\n","protected":false},"excerpt":{"rendered":"<p>Heute haben wir uns in der 3. Stunde zu einem sch\u00f6nen Herbstforum in der Turnhalle getroffen. Viele Eltern und die zuk\u00fcnftigen Schulkinder waren unserer Einladung gefolgt und konnten schauen, was in den einzelnen Klassen in den letzten Wochen erarbeitet wurde. &hellip; <a href=\"https:\/\/wordpress.nibis.de\/gsneuhof\/herbstforum-2025\/\">Weiterlesen <span class=\"meta-nav\">&rarr;<\/span><\/a><\/p>\n","protected":false},"author":781,"featured_media":0,"parent":0,"menu_order":0,"comment_status":"closed","ping_status":"closed","template":"","meta":{"footnotes":""},"class_list":["post-6568","page","type-page","status-publish","hentry"],"_links":{"self":[{"href":"https:\/\/wordpress.nibis.de\/gsneuhof\/wp-json\/wp\/v2\/pages\/6568","targetHints":{"allow":["GET"]}}],"collection":[{"href":"https:\/\/wordpress.nibis.de\/gsneuhof\/wp-json\/wp\/v2\/pages"}],"about":[{"href":"https:\/\/wordpress.nibis.de\/gsneuhof\/wp-json\/wp\/v2\/types\/page"}],"author":[{"embeddable":true,"href":"https:\/\/wordpress.nibis.de\/gsneuhof\/wp-json\/wp\/v2\/users\/781"}],"replies":[{"embeddable":true,"href":"https:\/\/wordpress.nibis.de\/gsneuhof\/wp-json\/wp\/v2\/comments?post=6568"}],"version-history":[{"count":3,"href":"https:\/\/wordpress.nibis.de\/gsneuhof\/wp-json\/wp\/v2\/pages\/6568\/revisions"}],"predecessor-version":[{"id":6582,"href":"https:\/\/wordpress.nibis.de\/gsneuhof\/wp-json\/wp\/v2\/pages\/6568\/revisions\/6582"}],"wp:attachment":[{"href":"https:\/\/wordpress.nibis.de\/gsneuhof\/wp-json\/wp\/v2\/media?parent=6568"}],"curies":[{"name":"wp","href":"https:\/\/api.w.org\/{rel}","templated":true}]}}