{"id":6605,"date":"2025-12-06T15:49:32","date_gmt":"2025-12-06T14:49:32","guid":{"rendered":"https:\/\/wordpress.nibis.de\/gsneuhof\/?page_id=6605"},"modified":"2025-12-06T15:49:32","modified_gmt":"2025-12-06T14:49:32","slug":"vorlesetag-an-unserer-schule","status":"publish","type":"page","link":"https:\/\/wordpress.nibis.de\/gsneuhof\/vorlesetag-an-unserer-schule\/","title":{"rendered":"Vorlesetag an unserer Schule"},"content":{"rendered":"\n<p>Der Vorlesetag am 21.11.2025 war eine wunderbare Aktion, die unsere Sch\u00fclerinnen und Sch\u00fcler sehr begeistert hat.<\/p>\n<p>Mit spannenden Geschichten und tollen Bildern wurde Lesen auf ganz besondere Weise erlebbar.<\/p>\n<p>Ein herzliches Dankesch\u00f6n an Frau Remmer, Frau Opitz und Frau Deutschl\u00e4nder f\u00fcr ihr gro\u00dfes Engagement und die liebevolle Gestaltung des Vormittags.<\/p>\n<p>Wir freuen uns schon jetzt auf den n\u00e4chsten Vorlesetag!<\/p>\n<p>Text: Frau Spitzer<\/p>\n\n\n","protected":false},"excerpt":{"rendered":"<p>Der Vorlesetag am 21.11.2025 war eine wunderbare Aktion, die unsere Sch\u00fclerinnen und Sch\u00fcler sehr begeistert hat. Mit spannenden Geschichten und tollen Bildern wurde Lesen auf ganz besondere Weise erlebbar. Ein herzliches Dankesch\u00f6n an Frau Remmer, Frau Opitz und Frau Deutschl\u00e4nder &hellip; <a href=\"https:\/\/wordpress.nibis.de\/gsneuhof\/vorlesetag-an-unserer-schule\/\">Weiterlesen <span class=\"meta-nav\">&rarr;<\/span><\/a><\/p>\n","protected":false},"author":781,"featured_media":0,"parent":0,"menu_order":0,"comment_status":"closed","ping_status":"closed","template":"","meta":{"footnotes":""},"class_list":["post-6605","page","type-page","status-publish","hentry"],"_links":{"self":[{"href":"https:\/\/wordpress.nibis.de\/gsneuhof\/wp-json\/wp\/v2\/pages\/6605","targetHints":{"allow":["GET"]}}],"collection":[{"href":"https:\/\/wordpress.nibis.de\/gsneuhof\/wp-json\/wp\/v2\/pages"}],"about":[{"href":"https:\/\/wordpress.nibis.de\/gsneuhof\/wp-json\/wp\/v2\/types\/page"}],"author":[{"embeddable":true,"href":"https:\/\/wordpress.nibis.de\/gsneuhof\/wp-json\/wp\/v2\/users\/781"}],"replies":[{"embeddable":true,"href":"https:\/\/wordpress.nibis.de\/gsneuhof\/wp-json\/wp\/v2\/comments?post=6605"}],"version-history":[{"count":1,"href":"https:\/\/wordpress.nibis.de\/gsneuhof\/wp-json\/wp\/v2\/pages\/6605\/revisions"}],"predecessor-version":[{"id":6606,"href":"https:\/\/wordpress.nibis.de\/gsneuhof\/wp-json\/wp\/v2\/pages\/6605\/revisions\/6606"}],"wp:attachment":[{"href":"https:\/\/wordpress.nibis.de\/gsneuhof\/wp-json\/wp\/v2\/media?parent=6605"}],"curies":[{"name":"wp","href":"https:\/\/api.w.org\/{rel}","templated":true}]}}