{"id":6858,"date":"2026-01-29T07:45:55","date_gmt":"2026-01-29T06:45:55","guid":{"rendered":"https:\/\/wordpress.nibis.de\/gsneuhof\/?page_id=6858"},"modified":"2026-01-29T07:45:55","modified_gmt":"2026-01-29T06:45:55","slug":"gesundes-fruehstueck","status":"publish","type":"page","link":"https:\/\/wordpress.nibis.de\/gsneuhof\/gesundes-fruehstueck\/","title":{"rendered":"Gesundes Fr\u00fchst\u00fcck"},"content":{"rendered":"\n<p>Ein gesundes Fr\u00fchst\u00fcck sorgt f\u00fcr einen guten Start in den Schultag \u2013 und genau das durften alle Sch\u00fclerinnen und Sch\u00fcler erleben. Mit viel Freude genossen sie die zubereiteten Brote sowie Obst und Gem\u00fcse. <br \/>Ein herzliches Dankesch\u00f6n an alle, die dieses tolle Fr\u00fchst\u00fcck liebevoll vorbereitet haben!<\/p>\n\n\n\n<figure class=\"wp-block-gallery has-nested-images columns-default is-cropped wp-block-gallery-1 is-layout-flex wp-block-gallery-is-layout-flex\">\n<figure class=\"wp-block-image size-large\"><img loading=\"lazy\" decoding=\"async\" width=\"631\" height=\"600\" data-id=\"6859\" src=\"https:\/\/wordpress.nibis.de\/gsneuhof\/files\/2026\/01\/IMG_0975_2-631x600.jpg\" alt=\"\" class=\"wp-image-6859\" srcset=\"https:\/\/wordpress.nibis.de\/gsneuhof\/files\/2026\/01\/IMG_0975_2-631x600.jpg 631w, https:\/\/wordpress.nibis.de\/gsneuhof\/files\/2026\/01\/IMG_0975_2-300x285.jpg 300w, https:\/\/wordpress.nibis.de\/gsneuhof\/files\/2026\/01\/IMG_0975_2-768x730.jpg 768w, https:\/\/wordpress.nibis.de\/gsneuhof\/files\/2026\/01\/IMG_0975_2-100x95.jpg 100w, https:\/\/wordpress.nibis.de\/gsneuhof\/files\/2026\/01\/IMG_0975_2-1536x1461.jpg 1536w, https:\/\/wordpress.nibis.de\/gsneuhof\/files\/2026\/01\/IMG_0975_2-2048x1948.jpg 2048w\" sizes=\"auto, (max-width: 631px) 100vw, 631px\" \/><\/figure>\n\n\n\n<figure class=\"wp-block-image size-large\"><img loading=\"lazy\" decoding=\"async\" width=\"517\" height=\"600\" data-id=\"6860\" src=\"https:\/\/wordpress.nibis.de\/gsneuhof\/files\/2026\/01\/IMG_0977-517x600.jpg\" alt=\"\" class=\"wp-image-6860\" srcset=\"https:\/\/wordpress.nibis.de\/gsneuhof\/files\/2026\/01\/IMG_0977-517x600.jpg 517w, https:\/\/wordpress.nibis.de\/gsneuhof\/files\/2026\/01\/IMG_0977-259x300.jpg 259w, https:\/\/wordpress.nibis.de\/gsneuhof\/files\/2026\/01\/IMG_0977-768x891.jpg 768w, https:\/\/wordpress.nibis.de\/gsneuhof\/files\/2026\/01\/IMG_0977-100x116.jpg 100w, https:\/\/wordpress.nibis.de\/gsneuhof\/files\/2026\/01\/IMG_0977-1324x1536.jpg 1324w, https:\/\/wordpress.nibis.de\/gsneuhof\/files\/2026\/01\/IMG_0977-1765x2048.jpg 1765w\" sizes=\"auto, (max-width: 517px) 100vw, 517px\" \/><\/figure>\n\n\n\n<figure class=\"wp-block-image size-large\"><img loading=\"lazy\" decoding=\"async\" width=\"642\" height=\"600\" data-id=\"6861\" src=\"https:\/\/wordpress.nibis.de\/gsneuhof\/files\/2026\/01\/IMG_0982_2-642x600.jpg\" alt=\"\" class=\"wp-image-6861\" srcset=\"https:\/\/wordpress.nibis.de\/gsneuhof\/files\/2026\/01\/IMG_0982_2-642x600.jpg 642w, https:\/\/wordpress.nibis.de\/gsneuhof\/files\/2026\/01\/IMG_0982_2-300x281.jpg 300w, https:\/\/wordpress.nibis.de\/gsneuhof\/files\/2026\/01\/IMG_0982_2-768x718.jpg 768w, https:\/\/wordpress.nibis.de\/gsneuhof\/files\/2026\/01\/IMG_0982_2-100x94.jpg 100w, https:\/\/wordpress.nibis.de\/gsneuhof\/files\/2026\/01\/IMG_0982_2-1536x1436.jpg 1536w, https:\/\/wordpress.nibis.de\/gsneuhof\/files\/2026\/01\/IMG_0982_2-2048x1915.jpg 2048w\" sizes=\"auto, (max-width: 642px) 100vw, 642px\" \/><\/figure>\n<\/figure>\n\n\n\n<p>Text und Bilder: Frau Klein<\/p>\n\n\n\n\n\n\n","protected":false},"excerpt":{"rendered":"<p>Ein gesundes Fr\u00fchst\u00fcck sorgt f\u00fcr einen guten Start in den Schultag \u2013 und genau das durften alle Sch\u00fclerinnen und Sch\u00fcler erleben. Mit viel Freude genossen sie die zubereiteten Brote sowie Obst und Gem\u00fcse. Ein herzliches Dankesch\u00f6n an alle, die dieses &hellip; <a href=\"https:\/\/wordpress.nibis.de\/gsneuhof\/gesundes-fruehstueck\/\">Weiterlesen <span class=\"meta-nav\">&rarr;<\/span><\/a><\/p>\n","protected":false},"author":781,"featured_media":0,"parent":0,"menu_order":0,"comment_status":"closed","ping_status":"closed","template":"","meta":{"footnotes":""},"class_list":["post-6858","page","type-page","status-publish","hentry"],"_links":{"self":[{"href":"https:\/\/wordpress.nibis.de\/gsneuhof\/wp-json\/wp\/v2\/pages\/6858","targetHints":{"allow":["GET"]}}],"collection":[{"href":"https:\/\/wordpress.nibis.de\/gsneuhof\/wp-json\/wp\/v2\/pages"}],"about":[{"href":"https:\/\/wordpress.nibis.de\/gsneuhof\/wp-json\/wp\/v2\/types\/page"}],"author":[{"embeddable":true,"href":"https:\/\/wordpress.nibis.de\/gsneuhof\/wp-json\/wp\/v2\/users\/781"}],"replies":[{"embeddable":true,"href":"https:\/\/wordpress.nibis.de\/gsneuhof\/wp-json\/wp\/v2\/comments?post=6858"}],"version-history":[{"count":1,"href":"https:\/\/wordpress.nibis.de\/gsneuhof\/wp-json\/wp\/v2\/pages\/6858\/revisions"}],"predecessor-version":[{"id":6862,"href":"https:\/\/wordpress.nibis.de\/gsneuhof\/wp-json\/wp\/v2\/pages\/6858\/revisions\/6862"}],"wp:attachment":[{"href":"https:\/\/wordpress.nibis.de\/gsneuhof\/wp-json\/wp\/v2\/media?parent=6858"}],"curies":[{"name":"wp","href":"https:\/\/api.w.org\/{rel}","templated":true}]}}