{"id":7239,"date":"2026-03-13T13:01:45","date_gmt":"2026-03-13T12:01:45","guid":{"rendered":"https:\/\/wordpress.nibis.de\/gsneuhof\/?page_id=7239"},"modified":"2026-03-13T13:15:09","modified_gmt":"2026-03-13T12:15:09","slug":"die-ersten-klassen-besuchen-die-neuhofer-buecherei","status":"publish","type":"page","link":"https:\/\/wordpress.nibis.de\/gsneuhof\/die-ersten-klassen-besuchen-die-neuhofer-buecherei\/","title":{"rendered":"Die ersten Klassen besuchen die Neuhofer B\u00fccherei"},"content":{"rendered":"\n<p>Gut gelaunt und fr\u00f6hlich haben wir heute&nbsp;einen Ausflug in die Neuhofer B\u00fccherei gemacht.<\/p>\n<p>Die 1b war in den ersten beiden Unterrichtsstunden da und die 1a besuchte die B\u00fccherei in der 3. und 4. Stunde.<\/p>\n<p>Dabei haben wir den B\u00fcchereiraum mit den \u00fcber 1000 B\u00fcchern kennengelernt. Wir durften gemeinsam st\u00f6bern, uns B\u00fccher anschauen und darin lesen. Manche Kinder haben sich sogar ein Buch ausgeliehen.<\/p>\n<p>Im Anschluss daran wurde uns \u201eDie kleine Schusselhexe\u201c vorgelesen. Das ist ein lustiges Bilderbuch \u00fcber eine kleine Hexe, der nicht immer die richtigen W\u00f6rter bei den Hexenspr\u00fcchen einf\u00e4llt. Oh je!!!<\/p>\n<p>Mit einem Buchgeschenk bepackt, haben wir uns nach \u00fcber einer Stunde auf den Heimweg gemacht. Das war ein sch\u00f6ner Ausflug!<\/p>\n\n\n\n<figure class=\"wp-block-gallery has-nested-images columns-default is-cropped wp-block-gallery-1 is-layout-flex wp-block-gallery-is-layout-flex\">\n<figure class=\"wp-block-image size-large\"><img loading=\"lazy\" decoding=\"async\" width=\"450\" height=\"600\" data-id=\"7241\" src=\"https:\/\/wordpress.nibis.de\/gsneuhof\/files\/2026\/03\/K1600_P1070158-450x600.jpg\" alt=\"\" class=\"wp-image-7241\" srcset=\"https:\/\/wordpress.nibis.de\/gsneuhof\/files\/2026\/03\/K1600_P1070158-450x600.jpg 450w, https:\/\/wordpress.nibis.de\/gsneuhof\/files\/2026\/03\/K1600_P1070158-225x300.jpg 225w, https:\/\/wordpress.nibis.de\/gsneuhof\/files\/2026\/03\/K1600_P1070158-768x1024.jpg 768w, https:\/\/wordpress.nibis.de\/gsneuhof\/files\/2026\/03\/K1600_P1070158-100x133.jpg 100w, https:\/\/wordpress.nibis.de\/gsneuhof\/files\/2026\/03\/K1600_P1070158-1152x1536.jpg 1152w, https:\/\/wordpress.nibis.de\/gsneuhof\/files\/2026\/03\/K1600_P1070158-rotated.jpg 1200w\" sizes=\"auto, (max-width: 450px) 100vw, 450px\" \/><\/figure>\n\n\n\n<figure class=\"wp-block-image size-large\"><img loading=\"lazy\" decoding=\"async\" width=\"800\" height=\"600\" data-id=\"7240\" src=\"https:\/\/wordpress.nibis.de\/gsneuhof\/files\/2026\/03\/K1600_P1070176-800x600.jpg\" alt=\"\" class=\"wp-image-7240\" srcset=\"https:\/\/wordpress.nibis.de\/gsneuhof\/files\/2026\/03\/K1600_P1070176-800x600.jpg 800w, https:\/\/wordpress.nibis.de\/gsneuhof\/files\/2026\/03\/K1600_P1070176-300x225.jpg 300w, https:\/\/wordpress.nibis.de\/gsneuhof\/files\/2026\/03\/K1600_P1070176-768x576.jpg 768w, https:\/\/wordpress.nibis.de\/gsneuhof\/files\/2026\/03\/K1600_P1070176-100x75.jpg 100w, https:\/\/wordpress.nibis.de\/gsneuhof\/files\/2026\/03\/K1600_P1070176-1536x1152.jpg 1536w, https:\/\/wordpress.nibis.de\/gsneuhof\/files\/2026\/03\/K1600_P1070176.jpg 1600w\" sizes=\"auto, (max-width: 800px) 100vw, 800px\" \/><\/figure>\n<\/figure>\n\n\n\n\n\n<figure class=\"wp-block-gallery has-nested-images columns-2 is-cropped wp-block-gallery-2 is-layout-flex wp-block-gallery-is-layout-flex\">\n<figure class=\"wp-block-image size-large\"><img loading=\"lazy\" decoding=\"async\" width=\"450\" height=\"600\" data-id=\"7249\" src=\"https:\/\/wordpress.nibis.de\/gsneuhof\/files\/2026\/03\/K1600_IMG_0074-e1773403944813-450x600.jpg\" alt=\"\" class=\"wp-image-7249\" srcset=\"https:\/\/wordpress.nibis.de\/gsneuhof\/files\/2026\/03\/K1600_IMG_0074-e1773403944813-450x600.jpg 450w, https:\/\/wordpress.nibis.de\/gsneuhof\/files\/2026\/03\/K1600_IMG_0074-e1773403944813-225x300.jpg 225w, https:\/\/wordpress.nibis.de\/gsneuhof\/files\/2026\/03\/K1600_IMG_0074-e1773403944813-768x1024.jpg 768w, https:\/\/wordpress.nibis.de\/gsneuhof\/files\/2026\/03\/K1600_IMG_0074-e1773403944813-100x133.jpg 100w, https:\/\/wordpress.nibis.de\/gsneuhof\/files\/2026\/03\/K1600_IMG_0074-e1773403944813-1152x1536.jpg 1152w, https:\/\/wordpress.nibis.de\/gsneuhof\/files\/2026\/03\/K1600_IMG_0074-e1773403944813.jpg 1200w\" sizes=\"auto, (max-width: 450px) 100vw, 450px\" \/><\/figure>\n\n\n\n<figure class=\"wp-block-image size-large\"><img loading=\"lazy\" decoding=\"async\" width=\"450\" height=\"600\" data-id=\"7248\" src=\"https:\/\/wordpress.nibis.de\/gsneuhof\/files\/2026\/03\/K1600_IMG_0070-e1773403905185-450x600.jpg\" alt=\"\" class=\"wp-image-7248\" srcset=\"https:\/\/wordpress.nibis.de\/gsneuhof\/files\/2026\/03\/K1600_IMG_0070-e1773403905185-450x600.jpg 450w, https:\/\/wordpress.nibis.de\/gsneuhof\/files\/2026\/03\/K1600_IMG_0070-e1773403905185-225x300.jpg 225w, https:\/\/wordpress.nibis.de\/gsneuhof\/files\/2026\/03\/K1600_IMG_0070-e1773403905185-768x1024.jpg 768w, https:\/\/wordpress.nibis.de\/gsneuhof\/files\/2026\/03\/K1600_IMG_0070-e1773403905185-100x133.jpg 100w, https:\/\/wordpress.nibis.de\/gsneuhof\/files\/2026\/03\/K1600_IMG_0070-e1773403905185-1152x1536.jpg 1152w, https:\/\/wordpress.nibis.de\/gsneuhof\/files\/2026\/03\/K1600_IMG_0070-e1773403905185.jpg 1200w\" sizes=\"auto, (max-width: 450px) 100vw, 450px\" \/><\/figure>\n\n\n\n<figure class=\"wp-block-image size-large\"><img loading=\"lazy\" decoding=\"async\" width=\"800\" height=\"600\" data-id=\"7252\" src=\"https:\/\/wordpress.nibis.de\/gsneuhof\/files\/2026\/03\/K1600_P1070164-800x600.jpg\" alt=\"\" class=\"wp-image-7252\" srcset=\"https:\/\/wordpress.nibis.de\/gsneuhof\/files\/2026\/03\/K1600_P1070164-800x600.jpg 800w, https:\/\/wordpress.nibis.de\/gsneuhof\/files\/2026\/03\/K1600_P1070164-300x225.jpg 300w, https:\/\/wordpress.nibis.de\/gsneuhof\/files\/2026\/03\/K1600_P1070164-768x576.jpg 768w, https:\/\/wordpress.nibis.de\/gsneuhof\/files\/2026\/03\/K1600_P1070164-100x75.jpg 100w, https:\/\/wordpress.nibis.de\/gsneuhof\/files\/2026\/03\/K1600_P1070164-1536x1152.jpg 1536w, https:\/\/wordpress.nibis.de\/gsneuhof\/files\/2026\/03\/K1600_P1070164.jpg 1600w\" sizes=\"auto, (max-width: 800px) 100vw, 800px\" \/><\/figure>\n\n\n\n<figure class=\"wp-block-image size-large\"><img loading=\"lazy\" decoding=\"async\" width=\"800\" height=\"600\" data-id=\"7251\" src=\"https:\/\/wordpress.nibis.de\/gsneuhof\/files\/2026\/03\/K1600_IMG_0080-800x600.jpg\" alt=\"\" class=\"wp-image-7251\" srcset=\"https:\/\/wordpress.nibis.de\/gsneuhof\/files\/2026\/03\/K1600_IMG_0080-800x600.jpg 800w, https:\/\/wordpress.nibis.de\/gsneuhof\/files\/2026\/03\/K1600_IMG_0080-300x225.jpg 300w, https:\/\/wordpress.nibis.de\/gsneuhof\/files\/2026\/03\/K1600_IMG_0080-768x576.jpg 768w, https:\/\/wordpress.nibis.de\/gsneuhof\/files\/2026\/03\/K1600_IMG_0080-100x75.jpg 100w, https:\/\/wordpress.nibis.de\/gsneuhof\/files\/2026\/03\/K1600_IMG_0080-1536x1152.jpg 1536w, https:\/\/wordpress.nibis.de\/gsneuhof\/files\/2026\/03\/K1600_IMG_0080.jpg 1600w\" sizes=\"auto, (max-width: 800px) 100vw, 800px\" \/><\/figure>\n\n\n\n<figure class=\"wp-block-image size-large\"><img loading=\"lazy\" decoding=\"async\" width=\"800\" height=\"600\" data-id=\"7250\" src=\"https:\/\/wordpress.nibis.de\/gsneuhof\/files\/2026\/03\/K1600_P1070160-800x600.jpg\" alt=\"\" class=\"wp-image-7250\" srcset=\"https:\/\/wordpress.nibis.de\/gsneuhof\/files\/2026\/03\/K1600_P1070160-800x600.jpg 800w, https:\/\/wordpress.nibis.de\/gsneuhof\/files\/2026\/03\/K1600_P1070160-300x225.jpg 300w, https:\/\/wordpress.nibis.de\/gsneuhof\/files\/2026\/03\/K1600_P1070160-768x576.jpg 768w, https:\/\/wordpress.nibis.de\/gsneuhof\/files\/2026\/03\/K1600_P1070160-100x75.jpg 100w, https:\/\/wordpress.nibis.de\/gsneuhof\/files\/2026\/03\/K1600_P1070160-1536x1152.jpg 1536w, https:\/\/wordpress.nibis.de\/gsneuhof\/files\/2026\/03\/K1600_P1070160.jpg 1600w\" sizes=\"auto, (max-width: 800px) 100vw, 800px\" \/><\/figure>\n\n\n\n<figure class=\"wp-block-image size-large\"><img loading=\"lazy\" decoding=\"async\" width=\"800\" height=\"600\" data-id=\"7253\" src=\"https:\/\/wordpress.nibis.de\/gsneuhof\/files\/2026\/03\/K1600_P1070180-800x600.jpg\" alt=\"\" class=\"wp-image-7253\" srcset=\"https:\/\/wordpress.nibis.de\/gsneuhof\/files\/2026\/03\/K1600_P1070180-800x600.jpg 800w, https:\/\/wordpress.nibis.de\/gsneuhof\/files\/2026\/03\/K1600_P1070180-300x225.jpg 300w, https:\/\/wordpress.nibis.de\/gsneuhof\/files\/2026\/03\/K1600_P1070180-768x576.jpg 768w, https:\/\/wordpress.nibis.de\/gsneuhof\/files\/2026\/03\/K1600_P1070180-100x75.jpg 100w, https:\/\/wordpress.nibis.de\/gsneuhof\/files\/2026\/03\/K1600_P1070180-1536x1152.jpg 1536w, https:\/\/wordpress.nibis.de\/gsneuhof\/files\/2026\/03\/K1600_P1070180.jpg 1600w\" sizes=\"auto, (max-width: 800px) 100vw, 800px\" \/><\/figure>\n\n\n\n<figure class=\"wp-block-image size-large\"><img loading=\"lazy\" decoding=\"async\" width=\"800\" height=\"600\" data-id=\"7254\" src=\"https:\/\/wordpress.nibis.de\/gsneuhof\/files\/2026\/03\/K1600_P1070181-800x600.jpg\" alt=\"\" class=\"wp-image-7254\" srcset=\"https:\/\/wordpress.nibis.de\/gsneuhof\/files\/2026\/03\/K1600_P1070181-800x600.jpg 800w, https:\/\/wordpress.nibis.de\/gsneuhof\/files\/2026\/03\/K1600_P1070181-300x225.jpg 300w, https:\/\/wordpress.nibis.de\/gsneuhof\/files\/2026\/03\/K1600_P1070181-768x576.jpg 768w, https:\/\/wordpress.nibis.de\/gsneuhof\/files\/2026\/03\/K1600_P1070181-100x75.jpg 100w, https:\/\/wordpress.nibis.de\/gsneuhof\/files\/2026\/03\/K1600_P1070181-1536x1152.jpg 1536w, https:\/\/wordpress.nibis.de\/gsneuhof\/files\/2026\/03\/K1600_P1070181.jpg 1600w\" sizes=\"auto, (max-width: 800px) 100vw, 800px\" \/><\/figure>\n<\/figure>\n\n\n\n<p>Text und Bild: Frau Spitzer und Frau Kunold\u00a0<\/p>\n","protected":false},"excerpt":{"rendered":"<p>Gut gelaunt und fr\u00f6hlich haben wir heute&nbsp;einen Ausflug in die Neuhofer B\u00fccherei gemacht. Die 1b war in den ersten beiden Unterrichtsstunden da und die 1a besuchte die B\u00fccherei in der 3. und 4. Stunde. Dabei haben wir den B\u00fcchereiraum mit &hellip; <a href=\"https:\/\/wordpress.nibis.de\/gsneuhof\/die-ersten-klassen-besuchen-die-neuhofer-buecherei\/\">Weiterlesen <span class=\"meta-nav\">&rarr;<\/span><\/a><\/p>\n","protected":false},"author":781,"featured_media":0,"parent":0,"menu_order":0,"comment_status":"closed","ping_status":"closed","template":"","meta":{"footnotes":""},"class_list":["post-7239","page","type-page","status-publish","hentry"],"_links":{"self":[{"href":"https:\/\/wordpress.nibis.de\/gsneuhof\/wp-json\/wp\/v2\/pages\/7239","targetHints":{"allow":["GET"]}}],"collection":[{"href":"https:\/\/wordpress.nibis.de\/gsneuhof\/wp-json\/wp\/v2\/pages"}],"about":[{"href":"https:\/\/wordpress.nibis.de\/gsneuhof\/wp-json\/wp\/v2\/types\/page"}],"author":[{"embeddable":true,"href":"https:\/\/wordpress.nibis.de\/gsneuhof\/wp-json\/wp\/v2\/users\/781"}],"replies":[{"embeddable":true,"href":"https:\/\/wordpress.nibis.de\/gsneuhof\/wp-json\/wp\/v2\/comments?post=7239"}],"version-history":[{"count":2,"href":"https:\/\/wordpress.nibis.de\/gsneuhof\/wp-json\/wp\/v2\/pages\/7239\/revisions"}],"predecessor-version":[{"id":7256,"href":"https:\/\/wordpress.nibis.de\/gsneuhof\/wp-json\/wp\/v2\/pages\/7239\/revisions\/7256"}],"wp:attachment":[{"href":"https:\/\/wordpress.nibis.de\/gsneuhof\/wp-json\/wp\/v2\/media?parent=7239"}],"curies":[{"name":"wp","href":"https:\/\/api.w.org\/{rel}","templated":true}]}}