{"id":1679,"date":"2022-07-01T19:46:03","date_gmt":"2022-07-01T17:46:03","guid":{"rendered":"https:\/\/wordpress.nibis.de\/gsnordhorn\/?page_id=1679"},"modified":"2024-08-10T12:04:06","modified_gmt":"2024-08-10T10:04:06","slug":"fachraeume","status":"publish","type":"page","link":"https:\/\/wordpress.nibis.de\/gsnordhorn\/fachraeume\/","title":{"rendered":"Fachr\u00e4ume"},"content":{"rendered":"\n<p>Der gro\u00dfe Musik- und Allzweckraum im 1. OG des Nebentraktes ist mit zwei Whiteboards, einer B\u00fchne und Teppichboden ausgestattet. Er eignet sich daher nicht nur hervorragend zum Musizieren und Singen bei guter Akustik, sondern bietet seit einiger Zeit auch unserer Yoga-AG einen ruhigen R\u00fcckzugsort.<\/p>\n\n\n\n<figure class=\"wp-block-image size-large\"><img loading=\"lazy\" decoding=\"async\" width=\"1200\" height=\"675\" src=\"https:\/\/wordpress.nibis.de\/gsnordhorn\/files\/2023\/09\/Musikraum-1200x675.jpg\" alt=\"\" class=\"wp-image-2182\" srcset=\"https:\/\/wordpress.nibis.de\/gsnordhorn\/files\/2023\/09\/Musikraum-1200x675.jpg 1200w, https:\/\/wordpress.nibis.de\/gsnordhorn\/files\/2023\/09\/Musikraum-850x478.jpg 850w\" sizes=\"auto, (max-width: 1200px) 100vw, 1200px\" \/><figcaption>Musik- und Allzweckraum<\/figcaption><\/figure>\n\n\n\n<p>Der ger\u00e4umige Kunst- und Werkraum bietet mit seiner beidseitigen Fensterfront viel Licht f\u00fcr die Gestaltung von Kunstwerken jeglicher Art. Sowohl im Kunstunterricht, als auch im Rahmen des AG-Angebots k\u00f6nnen die Kinder hier ihre Kreativit\u00e4t ausleben. Auch einige preisgekr\u00f6nte Werke sind hier bereits entstanden.<\/p>\n\n\n\n<figure class=\"wp-block-image size-large\"><img loading=\"lazy\" decoding=\"async\" width=\"1200\" height=\"675\" src=\"https:\/\/wordpress.nibis.de\/gsnordhorn\/files\/2023\/09\/Kunstraum-1200x675.jpg\" alt=\"\" class=\"wp-image-2183\" srcset=\"https:\/\/wordpress.nibis.de\/gsnordhorn\/files\/2023\/09\/Kunstraum-1200x675.jpg 1200w, https:\/\/wordpress.nibis.de\/gsnordhorn\/files\/2023\/09\/Kunstraum-850x478.jpg 850w\" sizes=\"auto, (max-width: 1200px) 100vw, 1200px\" \/><figcaption>Kunst- und Werkraum<\/figcaption><\/figure>\n","protected":false},"excerpt":{"rendered":"<p>Der gro\u00dfe Musik- und Allzweckraum im 1. OG des Nebentraktes ist mit zwei Whiteboards, einer B\u00fchne und Teppichboden ausgestattet. Er eignet sich daher nicht nur hervorragend zum Musizieren und Singen bei guter Akustik, sondern bietet seit einiger Zeit auch unserer Yoga-AG einen ruhigen R\u00fcckzugsort. Der ger\u00e4umige Kunst- und Werkraum bietet mit seiner beidseitigen Fensterfront viel Licht f\u00fcr die Gestaltung von Kunstwerken jeglicher Art. Sowohl im Kunstunterricht, als auch im Rahmen des AG-Angebots k\u00f6nnen die Kinder hier ihre Kreativit\u00e4t ausleben. Auch&#8230;<\/p>\n<p class=\"read-more\"><a class=\"btn btn-default\" href=\"https:\/\/wordpress.nibis.de\/gsnordhorn\/fachraeume\/\">Weiterlesen<span class=\"screen-reader-text\"> Weiterlesen<\/span><\/a><\/p>\n","protected":false},"author":1187,"featured_media":0,"parent":0,"menu_order":0,"comment_status":"closed","ping_status":"closed","template":"","meta":{"footnotes":""},"class_list":["post-1679","page","type-page","status-publish","hentry"],"_links":{"self":[{"href":"https:\/\/wordpress.nibis.de\/gsnordhorn\/wp-json\/wp\/v2\/pages\/1679","targetHints":{"allow":["GET"]}}],"collection":[{"href":"https:\/\/wordpress.nibis.de\/gsnordhorn\/wp-json\/wp\/v2\/pages"}],"about":[{"href":"https:\/\/wordpress.nibis.de\/gsnordhorn\/wp-json\/wp\/v2\/types\/page"}],"author":[{"embeddable":true,"href":"https:\/\/wordpress.nibis.de\/gsnordhorn\/wp-json\/wp\/v2\/users\/1187"}],"replies":[{"embeddable":true,"href":"https:\/\/wordpress.nibis.de\/gsnordhorn\/wp-json\/wp\/v2\/comments?post=1679"}],"version-history":[{"count":3,"href":"https:\/\/wordpress.nibis.de\/gsnordhorn\/wp-json\/wp\/v2\/pages\/1679\/revisions"}],"predecessor-version":[{"id":2322,"href":"https:\/\/wordpress.nibis.de\/gsnordhorn\/wp-json\/wp\/v2\/pages\/1679\/revisions\/2322"}],"wp:attachment":[{"href":"https:\/\/wordpress.nibis.de\/gsnordhorn\/wp-json\/wp\/v2\/media?parent=1679"}],"curies":[{"name":"wp","href":"https:\/\/api.w.org\/{rel}","templated":true}]}}