{"id":1686,"date":"2022-07-01T19:46:04","date_gmt":"2022-07-01T17:46:04","guid":{"rendered":"https:\/\/wordpress.nibis.de\/gsnordhorn\/?page_id=1686"},"modified":"2025-09-12T09:42:05","modified_gmt":"2025-09-12T07:42:05","slug":"leitbild","status":"publish","type":"page","link":"https:\/\/wordpress.nibis.de\/gsnordhorn\/leitbild\/","title":{"rendered":"Leitbild"},"content":{"rendered":"\n<p><strong>\u00a0\u201eLehren und Lernen mit Kopf, Herz und Hand\u201c<\/strong><\/p>\n\n\n\n<p>Dieses Zitat des Schweizer P\u00e4dagogen Johann Heinrich Pestalozzi pr\u00e4gt das Leitbild unserer Schule. Im Sinne eines ganzheitlichen Erziehungskonzeptes soll unsere Schule nicht nur ein Ort der Wissensvermittlung sein, sondern ein echter Lebensraum, in dem Ihre Kinder sich wohl f\u00fchlen und sich zu selbstst\u00e4ndig denkenden und handelnden Menschen entwickeln k\u00f6nnen. Nicht nur der Lehrplan steht im Mittelpunkt, sondern Ihr Kind mit seiner ganzen Pers\u00f6nlichkeit!<\/p>\n\n\n\n<p>Wie wir dieses Ziel umsetzen, k\u00f6nnen Sie unseren Schulkonzepten entnehmen.<\/p>\n\n\n","protected":false},"excerpt":{"rendered":"<p>\u00a0\u201eLehren und Lernen mit Kopf, Herz und Hand\u201c Dieses Zitat des Schweizer P\u00e4dagogen Johann Heinrich Pestalozzi pr\u00e4gt das Leitbild unserer Schule. Im Sinne eines ganzheitlichen Erziehungskonzeptes soll unsere Schule nicht nur ein Ort der Wissensvermittlung sein, sondern ein echter Lebensraum, in dem Ihre Kinder sich wohl f\u00fchlen und sich zu selbstst\u00e4ndig denkenden und handelnden Menschen entwickeln k\u00f6nnen. Nicht nur der Lehrplan steht im Mittelpunkt, sondern Ihr Kind mit seiner ganzen Pers\u00f6nlichkeit! Wie wir dieses Ziel umsetzen, k\u00f6nnen Sie unseren Schulkonzepten&#8230;<\/p>\n<p class=\"read-more\"><a class=\"btn btn-default\" href=\"https:\/\/wordpress.nibis.de\/gsnordhorn\/leitbild\/\">Weiterlesen<span class=\"screen-reader-text\"> Weiterlesen<\/span><\/a><\/p>\n","protected":false},"author":1187,"featured_media":0,"parent":0,"menu_order":0,"comment_status":"closed","ping_status":"closed","template":"","meta":{"footnotes":""},"class_list":["post-1686","page","type-page","status-publish","hentry"],"_links":{"self":[{"href":"https:\/\/wordpress.nibis.de\/gsnordhorn\/wp-json\/wp\/v2\/pages\/1686","targetHints":{"allow":["GET"]}}],"collection":[{"href":"https:\/\/wordpress.nibis.de\/gsnordhorn\/wp-json\/wp\/v2\/pages"}],"about":[{"href":"https:\/\/wordpress.nibis.de\/gsnordhorn\/wp-json\/wp\/v2\/types\/page"}],"author":[{"embeddable":true,"href":"https:\/\/wordpress.nibis.de\/gsnordhorn\/wp-json\/wp\/v2\/users\/1187"}],"replies":[{"embeddable":true,"href":"https:\/\/wordpress.nibis.de\/gsnordhorn\/wp-json\/wp\/v2\/comments?post=1686"}],"version-history":[{"count":4,"href":"https:\/\/wordpress.nibis.de\/gsnordhorn\/wp-json\/wp\/v2\/pages\/1686\/revisions"}],"predecessor-version":[{"id":2665,"href":"https:\/\/wordpress.nibis.de\/gsnordhorn\/wp-json\/wp\/v2\/pages\/1686\/revisions\/2665"}],"wp:attachment":[{"href":"https:\/\/wordpress.nibis.de\/gsnordhorn\/wp-json\/wp\/v2\/media?parent=1686"}],"curies":[{"name":"wp","href":"https:\/\/api.w.org\/{rel}","templated":true}]}}