{"id":2022,"date":"2022-11-17T16:53:12","date_gmt":"2022-11-17T15:53:12","guid":{"rendered":"https:\/\/wordpress.nibis.de\/gsnordhorn\/?page_id=2022"},"modified":"2025-12-08T06:30:11","modified_gmt":"2025-12-08T05:30:11","slug":"impressum-datenschutz","status":"publish","type":"page","link":"https:\/\/wordpress.nibis.de\/gsnordhorn\/impressum-datenschutz\/","title":{"rendered":"Impressum &amp; Datenschutz"},"content":{"rendered":"\n<p><span style=\"text-decoration: underline\"><strong>Impressum<\/strong><\/span><\/p>\n<p>Land Niedersachsen (Dienstanbieter im Sinne des Telemediengesetzes)<\/p>\n<p>Das Land Niedersachsen ist eine juristische Person des \u00f6ffentlichen Rechts<br \/>vertreten durch:<\/p>\n<p>Schulleitung:<br \/>Frau Simone Keller<\/p>\n<p>Pestalozzi Grundschule Nordhorn<br \/>Pestalozzistra\u00dfe 23<br \/>48527 Nordhorn<br \/>Telefon: 05921 34748<br \/>E-Mail: &#x73;&#x63;&#x68;&#x75;&#x6c;&#x6c;&#x65;&#x69;&#x74;&#x75;&#x6e;&#x67;&#x40;&#x67;&#115;&#112;&#101;&#115;&#116;&#97;&#108;&#111;&#122;&#122;&#105;-noh&#46;de<\/p>\n<p>Verantwortlicher f\u00fcr redaktionell-journalistische Angebote i. S. d. \u00a7 55 Abs. 2 Rundfunkstaatsvertrag:<\/p>\n<p>Simone Keller<\/p>\n<p>Pestalozzi Grundschule Nordhorn<br \/>Pestalozzistra\u00dfe 23<br \/>48527 Nordhorn<br \/>Telefon: 05921 34748<br \/>E-Mail: &#x73;&#x63;&#104;u&#x6c;&#x6c;&#101;it&#x75;&#x6e;&#103;&#64;&#x67;&#x73;&#112;&#101;s&#x74;&#x61;&#108;o&#x7a;&#x7a;&#105;&#45;n&#x6f;&#x68;&#46;d&#x65;<\/p>\n<p><strong>Disclaimer<\/strong><\/p>\n<p>Diese Webseite beinhaltet externe Links. Deren Inhalte entziehen sich unserer Einflussnahme, sodass eine Gew\u00e4hrung f\u00fcr solche Inhalte von uns nicht \u00fcbernommen werden kann.<\/p>\n<p>Die Verantwortung liegt stets beim jeweiligen Betreiber der externen Seiten. Zum Zeitpunkt der Verkn\u00fcpfung der externen Links waren keine Rechtsverst\u00f6\u00dfe ersichtlich. Die permanente \u00dcberwachung fremder Inhalte auf Rechtsverst\u00f6\u00dfe ohne konkrete Hinweise ist uns nicht zumutbar.<\/p>\n<p>Sollten wir Kenntnis von Rechtsverletzungen erlangen, werden wir die entsprechenden externen Links unverz\u00fcglich entfernen.<\/p>\n<p><span style=\"text-decoration: underline\"><strong>Datenschutzvereinbarung<\/strong><\/span><\/p>\n<p><strong>I. Name und Anschrift des Verantwortlichen<br \/><\/strong>Pestalozzi Grundschule Nordhorn<br \/>Pestalozzistra\u00dfe 23<br \/>48527 Nordhorn<br \/>Telefon: 05921 34748<br \/>E-Mail: &#115;&#x63;&#104;&#x75;&#108;&#x6c;&#101;&#x69;&#116;&#x75;&#110;&#x67;&#64;&#x67;&#115;&#x70;&#101;&#x73;&#116;&#x61;&#108;&#x6f;&#122;&#x7a;&#105;&#x2d;&#110;&#x6f;&#104;&#x2e;&#100;&#x65;<\/p>\n<p><strong>Vertretungsberechtigt<\/strong><br \/>Simone Keller, Schulleitung<\/p>\n<p><strong>II. Kontaktdaten der oder des beh\u00f6rdlichen Datenschutzbeauftragten<br \/><\/strong>Kirsten Oude Lansink<strong><br \/><\/strong>Tel.: 05921 34748<br \/>Fax.: 05921 320589<br \/>E-Mail: &#x64;&#x61;&#x74;&#101;&#110;sc&#x68;&#x75;&#x74;&#122;&#64;gs&#x70;&#x65;&#x73;&#116;&#97;lo&#x7a;&#x7a;&#x69;&#45;&#110;oh&#x2e;&#x64;&#x65;<\/p>\n<p><strong>III. Name und Anschrift unseres Host-Providers<br \/><\/strong>Nieders\u00e4chsisches Landesinstitut f\u00fcr schulische Qualit\u00e4tsentwicklung (NLQ)<br \/>vertreten durch die Pr\u00e4sidentin Frau Dr. Elke Richlick<br \/>Ke\u00dflerstra\u00dfe 52<br \/>31134 Hildesheim<\/p>\n<p><strong>IV. Bereitstellung der Website und Erstellung von Logfiles<br \/><\/strong>Bei jedem Aufruf unserer Internetseite erfasst unser System automatisiert Daten und Informationen vom Computersystem des aufrufenden Rechners. Folgende Daten werden hierbei erhoben:<\/p>\n<p>(1) Datum und Uhrzeit des Zugriffes<br \/>(2) Vom System protokollierte Fehler beim Aufruf unserer Seiten<br \/>(3) Die IP-Adresse des Nutzers<br \/>(4) Die Betriebssystemversion des Nutzers<br \/>(5) Der Browsertyp des Nutzers<br \/>(6) Die vom Nutzer aufgerufene Seite<br \/>(7) Die Weiterleitung auf eine externe Seite<\/p>\n<p>Die Daten werden in den Logfiles gespeichert. Eine Speicherung dieser Daten zusammen mit anderen personenbezogenen Daten des Nutzers findet nicht statt. Zweck der Datenspeicherung ist technische Optimierung unserer Internetseite. Rechtsgrundlage f\u00fcr die vor\u00fcbergehende Speicherung der Daten ist Art. 6 Abs.1 lit.f DSGVO.<\/p>\n<p>Die Daten werden f\u00fcr 8 Wochen gespeichert, sie werden lediglich statistisch ausgewertet. Danach werden sie gel\u00f6scht.<\/p>\n<p><strong>V. Verwendung von Cookies<br \/><\/strong>Beim Anmelden in WordPress werden Cookies eingerichtet, um die Anmeldeinformationen und Anzeigeoptionen zu speichern. Anmelde-Cookies verfallen nach zwei Tagen und Cookies f\u00fcr die Anzeigeoptionen nach einem Jahr. Falls Sie bei der Anmeldung \u201eAngemeldet bleiben\u201c ausgew\u00e4hlt haben, wird Ihre Anmeldung zwei Wochen lang aufrechterhalten. Mit der Abmeldung aus Ihrem Konto werden die Anmelde-Cookies gel\u00f6scht.<\/p>\n<p><strong>VI. Speicherung personenbezogener Daten bei Kontaktaufnahme<br \/><\/strong>Sofern Sie per E-Mail den Kontakt mit uns aufnehmen, werden die von Ihnen \u00fcbermittelten personenbezogenen Daten automatisch gespeichert. Diese Daten werden f\u00fcr Zwecke der Bearbeitung Ihres Anliegens und der Kontaktaufnahme mit Ihnen gespeichert.<\/p>\n<p>Wenn Sie Gebrauch von unserem Kontaktformular machen, werden die folgenden personenbezogenen Daten von Ihnen gespeichert: Ihr Name, Ihre Anschrift, Ihre E-Mail-Adresse.<\/p>\n<p>Die L\u00f6schung der Daten erfolgt, sobald deren Speicherung f\u00fcr die Bearbeitung Ihres Anliegens nicht mehr erforderlich ist.<\/p>\n<p><strong>VII. Kontaktformulare<br \/><\/strong>Wenn Sie einen Kommentar auf unserer Website schreiben, kann das eine Einwilligung sein, Ihren Namen, E-Mailadresse und Website in Cookies zu speichern. Dies ist eine Komfortfunktion, damit Sie nicht, wenn Sie einen weiteren Kommentar schreiben, all diese Daten erneut eingeben m\u00fcssen. Diese Cookies werden ein Jahr lang gespeichert.<\/p>\n<p><strong>VIII. Medien<br \/><\/strong>Wenn Sie ein registrierter Benutzer sind und Fotos auf diese Website laden, sollten Sie vermeiden Fotos mit einer EXIF-GPS-Standort hochzuladen. Besucher dieser Website k\u00f6nnten Fotos, die auf dieser Website gespeichert sind, herunterladen und deren Standort-Informationen extrahieren.<\/p>\n<p><strong>IX. Eingebettete Inhalte von anderen Websites<br \/><\/strong>Beitr\u00e4ge auf dieser Website k\u00f6nnen eingebettete Inhalte beinhalten (z. B. Videos, Bilder, Beitr\u00e4ge etc.). Eingebettete Inhalte von anderen Websites verhalten sich exakt so, als ob der Besucher die andere Website besucht h\u00e4tte.<br \/>Diese Websites k\u00f6nnen Daten \u00fcber Sie sammeln, Cookies benutzen, zus\u00e4tzliche Tracking-Dienste von Dritten einbetten und Ihre Interaktion mit diesem eingebetteten Inhalt aufzeichnen, inklusive Ihrer Interaktion mit dem eingebetteten Inhalt, falls Sie ein Konto haben und auf dieser Website angemeldet sind.\u201c<\/p>\n<p><strong>X. Betroffenenrechte<br \/><\/strong>Sie k\u00f6nnen folgende Rechte geltend machen:<\/p>\n<p><em>\u2022 Auskunft\/ Akteneinsicht<\/em><br \/>Gem. Art. 15 DSGVO haben Sie das Recht, Auskunft bzw. Akteneinsicht \u00fcber die von uns verarbeiteten personenbezogenen Daten zu erhalten.<\/p>\n<p><em>\u2022 Berichtigung<\/em><br \/>Sind bei uns gespeicherte personenbezogene Daten unrichtig oder unvollst\u00e4ndig, haben Sie gem. Art. 16 DSGVO das Recht, diese berichtigen bzw. vervollst\u00e4ndigen zu lassen.<\/p>\n<p><em>\u2022 L\u00f6schung<\/em><br \/>Art. 17 DSGVO normiert das Recht auf L\u00f6schung personenbezogener Daten. Dieses Recht steht Ihnen insbesondere dann zu, wenn die Speicherung der personenbezogenen Daten zur Erf\u00fcllung unserer gesetzlichen Aufgaben nicht mehr erforderlich ist oder Sie Ihre Einwilligung zur Datenverarbeitung mit Wirkung f\u00fcr die Zukunft widerrufen haben.<\/p>\n<p><em>\u2022 Einschr\u00e4nkung der Verarbeitung<\/em><br \/>Gem. Art. 18 DSGVO k\u00f6nnen Sie die Einschr\u00e4nkung der personenbezogenen Daten verlangen, wenn<br \/>\u2013 die Richtigkeit der Daten von Ihnen bestritten wird<br \/>\u2013 die Verarbeitung unrechtm\u00e4\u00dfig ist, Sie aber deren L\u00f6schung ablehnen<br \/>\u2013 wir die Daten nicht mehr ben\u00f6tigen, Sie jedoch diese zur Geltendmachung, Aus\u00fcbung oder Verteidigung von Rechtsanspr\u00fcchen ben\u00f6tigen<br \/>\u2013 oder Sie gem\u00e4\u00df Art. 21 DSGVO Widerspruch gegen die Verarbeitung eingelegt haben<\/p>\n<p><em>\u2022 Widerspruch<\/em><br \/>Sie k\u00f6nnen bei Gr\u00fcnden, die sich aus Ihrer besonderen Situation ergeben, ein Widerspruchsrecht geltend machen. Gem. Art. 21 DSGVO ist jedoch zu ber\u00fccksichtigten, ob schutzw\u00fcrdige Gr\u00fcnde f\u00fcr die Verarbeitung vorliegen oder die Verarbeitung der Geltendmachung, Aus\u00fcbung oder Verteidigung von Rechtsanspr\u00fcchen dient.<\/p>\n<p><em>\u2022 Daten\u00fcbertragbarkeit<\/em><br \/>Ist die Verarbeitung Ihrer Daten mit Hilfe eines automatisierten Verfahrens erfolgt, haben Sie gem. Art. 20 DSGVO das Recht, die Daten in einem g\u00e4ngigen und maschinenlesbaren Format zu erhalten und an eine andere Schule zu \u00fcbermitteln bzw. durch uns \u00fcbermitteln zu lassen.<\/p>\n<p><em>\u2022 Widerruf der Einwilligung<\/em><br \/>Sie haben gem. Art. 7 Absatz 3 DSGVO das Recht, uns erteilte Einwilligungen jederzeit mit Wirkung f\u00fcr die Zukunft zu widerrufen.<\/p>\n<p><em>\u2022 Beschwerde<\/em><br \/>Art. 77 DSGVO normiert ein Beschwerderecht bei der Aufsichtsbeh\u00f6rde. Die f\u00fcr uns zust\u00e4ndige Aufsichtsbeh\u00f6rde ist die Landesbeauftragte f\u00fcr den Datenschutz Niedersachsen, Prinzenstra\u00dfe 5, 30159 Hannover. E-Mail: &#x70;&#x6f;&#115;&#116;&#115;t&#x65;&#x6c;&#x6c;&#101;&#64;lf&#x64;&#x2e;&#x6e;&#105;&#101;d&#x65;&#x72;&#x73;&#97;&#99;&#104;s&#x65;&#x6e;&#x2e;&#100;&#101;<\/p>\n","protected":false},"excerpt":{"rendered":"<p>Impressum Land Niedersachsen (Dienstanbieter im Sinne des Telemediengesetzes) Das Land Niedersachsen ist eine juristische Person des \u00f6ffentlichen Rechtsvertreten durch: Schulleitung:Frau Simone Keller Pestalozzi Grundschule NordhornPestalozzistra\u00dfe 2348527 NordhornTelefon: 05921 34748E-Mail: &#x73;&#99;&#x68;&#x75;l&#x6c;&#101;i&#x74;&#117;n&#x67;&#64;&#x67;&#x73;p&#x65;&#115;t&#x61;&#108;o&#x7a;&#122;&#x69;&#x2d;&#110;&#x6f;&#x68;&#46;&#x64;&#101; Verantwortlicher f\u00fcr redaktionell-journalistische Angebote i. S. d. \u00a7 55 Abs. 2 Rundfunkstaatsvertrag: Simone Keller Pestalozzi Grundschule NordhornPestalozzistra\u00dfe 2348527 NordhornTelefon: 05921 34748E-Mail: s&#99;&#104;&#x75;&#x6c;&#x6c;e&#105;&#116;&#x75;&#x6e;&#x67;&#64;g&#115;&#x70;&#x65;&#x73;ta&#108;&#111;&#x7a;&#x7a;&#x69;-&#110;&#111;&#x68;&#x2e;&#x64;e Disclaimer Diese Webseite beinhaltet externe Links. Deren Inhalte entziehen sich unserer Einflussnahme, sodass eine Gew\u00e4hrung f\u00fcr solche Inhalte von uns nicht \u00fcbernommen werden kann. Die Verantwortung liegt stets&#8230;<\/p>\n<p class=\"read-more\"><a class=\"btn btn-default\" href=\"https:\/\/wordpress.nibis.de\/gsnordhorn\/impressum-datenschutz\/\">Weiterlesen<span class=\"screen-reader-text\"> Weiterlesen<\/span><\/a><\/p>\n","protected":false},"author":1187,"featured_media":0,"parent":0,"menu_order":0,"comment_status":"closed","ping_status":"closed","template":"","meta":{"footnotes":""},"class_list":["post-2022","page","type-page","status-publish","hentry"],"_links":{"self":[{"href":"https:\/\/wordpress.nibis.de\/gsnordhorn\/wp-json\/wp\/v2\/pages\/2022","targetHints":{"allow":["GET"]}}],"collection":[{"href":"https:\/\/wordpress.nibis.de\/gsnordhorn\/wp-json\/wp\/v2\/pages"}],"about":[{"href":"https:\/\/wordpress.nibis.de\/gsnordhorn\/wp-json\/wp\/v2\/types\/page"}],"author":[{"embeddable":true,"href":"https:\/\/wordpress.nibis.de\/gsnordhorn\/wp-json\/wp\/v2\/users\/1187"}],"replies":[{"embeddable":true,"href":"https:\/\/wordpress.nibis.de\/gsnordhorn\/wp-json\/wp\/v2\/comments?post=2022"}],"version-history":[{"count":6,"href":"https:\/\/wordpress.nibis.de\/gsnordhorn\/wp-json\/wp\/v2\/pages\/2022\/revisions"}],"predecessor-version":[{"id":2940,"href":"https:\/\/wordpress.nibis.de\/gsnordhorn\/wp-json\/wp\/v2\/pages\/2022\/revisions\/2940"}],"wp:attachment":[{"href":"https:\/\/wordpress.nibis.de\/gsnordhorn\/wp-json\/wp\/v2\/media?parent=2022"}],"curies":[{"name":"wp","href":"https:\/\/api.w.org\/{rel}","templated":true}]}}