{"id":1325,"date":"2023-03-10T12:52:37","date_gmt":"2023-03-10T11:52:37","guid":{"rendered":"https:\/\/wordpress.nibis.de\/gsoberg\/?page_id=1325"},"modified":"2024-03-08T12:43:27","modified_gmt":"2024-03-08T11:43:27","slug":"wir-ueber-uns","status":"publish","type":"page","link":"https:\/\/wordpress.nibis.de\/gsoberg\/wir-ueber-uns\/","title":{"rendered":"Wir \u00fcber uns"},"content":{"rendered":"<p>Im n\u00f6rdlichen Teil von Oberg angrenzend an die Freiwillige Feuerwehr und gegen\u00fcber der B\u00fccherei ist unsere Grundschule Oberg zu finden.<\/p>\n<p><img loading=\"lazy\" decoding=\"async\" class=\"aligncenter size-full wp-image-1445\" src=\"https:\/\/wordpress.nibis.de\/gsoberg\/files\/2023\/03\/Schulgebaeude.jpg\" alt=\"\" width=\"300\" height=\"200\" \/><\/p>\n<p>In 8 Schulklassen der Jahrg\u00e4nge 1 bis 4 sind zurzeit circa 160 Sch\u00fclerinnen und Sch\u00fcler auf dem Weg zum Schulerfolg. Unterst\u00fctzt werden sie dabei von einem starken Kollegium von 12 Lehrkr\u00e4ften, 15 p\u00e4dagogischen Mitarbeiterinnen, einer Schulsozialarbeiterin, der Schulleitung und nat\u00fcrlich auch von der Schulsekret\u00e4rin und dem Hausmeister, den Mitarbeiterinnen bei der Essensausgabe sowie einem engagierten Reinigungsteam. Wir bieten unseren Sch\u00fclerinnen und Sch\u00fclern ein ganzheitliches Nachmittagsangebot. Unser Ganztag kann von Montag bis Freitag gew\u00e4hlt werden und l\u00e4uft bis 15.30 Uhr. Das Mittagessen wird im ortsans\u00e4ssigen Gasthof Radtke t\u00e4glich frisch zubereitet, die Hausaufgaben werden jahrgangsweise angefertigt und die Arbeitsgemeinschaften k\u00f6nnen nach Interessen halbj\u00e4hrlich gew\u00e4hlt werden.<\/p>\n<p>Unser vielf\u00e4ltiges AG-Angebot zeichnet uns aus. Wir bieten beispielsweise eine N\u00e4hstuben-AG, Lecker schmecker- Koch-AG, Orientalischer Tanz-AG, Cheerleading-AG (in Kooperation mit dem VT Union Gro\u00df Ilsede) und eine Sch\u00fclerzeitung-AG.<\/p>\n<p>Jeder Klasse ist ein eigener Klassenraum zugewiesen. Au\u00dferdem haben wir einen eigenen Werkraum, einen Computerraum, einen Musikraum, eine gro\u00dfz\u00fcgige Mensa, zwei F\u00f6rderr\u00e4ume und einen Verwaltungstrakt im Dachgeschoss der Schule. Wir arbeiten seit vielen Jahren inklusiv und sind rollstuhlgerecht umgebaut worden.<\/p>\n<p>Ach und eine Sache haben wir noch gar nicht erw\u00e4hnt: Bei uns lernen die tollsten Kinder der Welt.<\/p>\n","protected":false},"excerpt":{"rendered":"<p>Im n\u00f6rdlichen Teil von Oberg angrenzend an die Freiwillige Feuerwehr und gegen\u00fcber der B\u00fccherei ist unsere Grundschule Oberg zu finden. In 8 Schulklassen der Jahrg\u00e4nge 1 bis 4 sind zurzeit circa 160 Sch\u00fclerinnen und Sch\u00fcler auf dem Weg zum Schulerfolg. Unterst\u00fctzt werden sie dabei von einem starken Kollegium von 12 Lehrkr\u00e4ften, 15 p\u00e4dagogischen Mitarbeiterinnen, einer &#8230; <a title=\"Wir \u00fcber uns\" class=\"read-more\" href=\"https:\/\/wordpress.nibis.de\/gsoberg\/wir-ueber-uns\/\" aria-label=\"Mehr Informationen \u00fcber Wir \u00fcber uns\">Weiterlesen<\/a><\/p>\n","protected":false},"author":9192944,"featured_media":0,"parent":0,"menu_order":0,"comment_status":"closed","ping_status":"closed","template":"","meta":{"footnotes":""},"class_list":["post-1325","page","type-page","status-publish"],"_links":{"self":[{"href":"https:\/\/wordpress.nibis.de\/gsoberg\/wp-json\/wp\/v2\/pages\/1325","targetHints":{"allow":["GET"]}}],"collection":[{"href":"https:\/\/wordpress.nibis.de\/gsoberg\/wp-json\/wp\/v2\/pages"}],"about":[{"href":"https:\/\/wordpress.nibis.de\/gsoberg\/wp-json\/wp\/v2\/types\/page"}],"author":[{"embeddable":true,"href":"https:\/\/wordpress.nibis.de\/gsoberg\/wp-json\/wp\/v2\/users\/9192944"}],"replies":[{"embeddable":true,"href":"https:\/\/wordpress.nibis.de\/gsoberg\/wp-json\/wp\/v2\/comments?post=1325"}],"version-history":[{"count":4,"href":"https:\/\/wordpress.nibis.de\/gsoberg\/wp-json\/wp\/v2\/pages\/1325\/revisions"}],"predecessor-version":[{"id":1661,"href":"https:\/\/wordpress.nibis.de\/gsoberg\/wp-json\/wp\/v2\/pages\/1325\/revisions\/1661"}],"wp:attachment":[{"href":"https:\/\/wordpress.nibis.de\/gsoberg\/wp-json\/wp\/v2\/media?parent=1325"}],"curies":[{"name":"wp","href":"https:\/\/api.w.org\/{rel}","templated":true}]}}