{"id":1502,"date":"2023-03-23T14:28:00","date_gmt":"2023-03-23T13:28:00","guid":{"rendered":"https:\/\/wordpress.nibis.de\/gsoberg\/?page_id=1502"},"modified":"2023-03-23T15:07:46","modified_gmt":"2023-03-23T14:07:46","slug":"es-ist-endlich-soweit-unsere-projektwoche-zur-100-jahr-feier-startete-am-20-03-2023","status":"publish","type":"page","link":"https:\/\/wordpress.nibis.de\/gsoberg\/es-ist-endlich-soweit-unsere-projektwoche-zur-100-jahr-feier-startete-am-20-03-2023\/","title":{"rendered":"Projektwoche 100-Jahr-Feier"},"content":{"rendered":"\n<p><\/p>\n\n\n\n<p><\/p>\n\n\n\n<p>Die Sch\u00fclerinnen und Sch\u00fcler erhalten in der Woche vor den Osterferien einen guten Einblick in das Leben vor hundert Jahren. <\/p>\n\n\n\n<p><\/p>\n\n\n\n<p>Geplant ist Folgendes an den Wochentagen:<\/p>\n\n\n\n<ul class=\"wp-block-list\"><li>Montag:         Leben vor 100 Jahren: Wie lebten die Menschen? Wie war Schule vor 100 Jahren?<\/li><li>Dienstag:       Kleidung fr\u00fcher &#8211; heute<\/li><\/ul>\n\n\n\n<figure class=\"wp-block-image size-large is-style-tw-rounded-corners\"><img loading=\"lazy\" decoding=\"async\" width=\"1200\" height=\"675\" src=\"https:\/\/wordpress.nibis.de\/gsoberg\/files\/2023\/03\/20230321_074732-1200x675.jpg\" alt=\"\" class=\"wp-image-1488\" srcset=\"https:\/\/wordpress.nibis.de\/gsoberg\/files\/2023\/03\/20230321_074732-1200x675.jpg 1200w, https:\/\/wordpress.nibis.de\/gsoberg\/files\/2023\/03\/20230321_074732-850x478.jpg 850w, https:\/\/wordpress.nibis.de\/gsoberg\/files\/2023\/03\/20230321_074732-250x141.jpg 250w\" sizes=\"auto, (max-width: 1200px) 100vw, 1200px\" \/><figcaption>Ausstellung in der Pausenhalle<\/figcaption><\/figure>\n\n\n\n<ul class=\"wp-block-list\"><li>Mittwoch:      alte Spiele herstellen und spielen<\/li><li>Donnerstag: Ern\u00e4hrung fr\u00fcher; eigenes Brot backen, Butter &#8222;sch\u00fctteln&#8220;<\/li><li>Freitag:          eigene Schulflagge gestalten; S\u00fctterlinschrift<\/li><\/ul>\n\n\n\n<p>Au\u00dferdem f\u00e4hrt jede Klasse einmal in das Kreismuseum nach Peine. Die Sch\u00fclerinnen und Sch\u00fcler erleben hier hautnah eine damalige Unterrichtsstunde mit dem strengen Fr\u00e4ulein K\u00fcnnemann. Auch die Heimatstube in Oberg wird von jeder Klasse besucht, um eine waschechte &#8222;alte&#8220; Wohnung sehen zu k\u00f6nnen.<\/p>\n\n\n\n<figure class=\"wp-block-gallery has-nested-images columns-default is-cropped is-style-tw-img-frame wp-block-gallery-1 is-layout-flex wp-block-gallery-is-layout-flex\">\n<figure class=\"wp-block-image size-large\"><img loading=\"lazy\" decoding=\"async\" width=\"1200\" height=\"675\" data-id=\"1492\" src=\"https:\/\/wordpress.nibis.de\/gsoberg\/files\/2023\/03\/20230321_090324-1200x675.jpg\" alt=\"\" class=\"wp-image-1492\" srcset=\"https:\/\/wordpress.nibis.de\/gsoberg\/files\/2023\/03\/20230321_090324-1200x675.jpg 1200w, https:\/\/wordpress.nibis.de\/gsoberg\/files\/2023\/03\/20230321_090324-850x478.jpg 850w, https:\/\/wordpress.nibis.de\/gsoberg\/files\/2023\/03\/20230321_090324-250x141.jpg 250w\" sizes=\"auto, (max-width: 1200px) 100vw, 1200px\" \/><figcaption>Die Klasse 4b im Klassenzimmer von Fr\u00e4ulein K\u00fcnnemann<\/figcaption><\/figure>\n\n\n\n<figure class=\"wp-block-image size-large\"><img loading=\"lazy\" decoding=\"async\" width=\"908\" height=\"675\" data-id=\"1489\" src=\"https:\/\/wordpress.nibis.de\/gsoberg\/files\/2023\/03\/20230321_091831-908x675.jpg\" alt=\"\" class=\"wp-image-1489\" \/><figcaption>Gemeinsames Lesen der S\u00fctterlinschrift steht auf dem Lehrplan.<\/figcaption><\/figure>\n\n\n\n<figure class=\"wp-block-image size-large\"><img loading=\"lazy\" decoding=\"async\" width=\"908\" height=\"675\" data-id=\"1493\" src=\"https:\/\/wordpress.nibis.de\/gsoberg\/files\/2023\/03\/20230321_095938-908x675.jpg\" alt=\"\" class=\"wp-image-1493\" \/><figcaption>S\u00fctterlinschrift<\/figcaption><\/figure>\n\n\n\n<figure class=\"wp-block-image size-large\"><img loading=\"lazy\" decoding=\"async\" width=\"908\" height=\"675\" data-id=\"1494\" src=\"https:\/\/wordpress.nibis.de\/gsoberg\/files\/2023\/03\/20230321_101807-908x675.jpg\" alt=\"\" class=\"wp-image-1494\" \/><figcaption>Einkaufsfladen fr\u00fcher<\/figcaption><\/figure>\n\n\n\n<figure class=\"wp-block-image size-large\"><img loading=\"lazy\" decoding=\"async\" width=\"908\" height=\"675\" data-id=\"1496\" src=\"https:\/\/wordpress.nibis.de\/gsoberg\/files\/2023\/03\/20230321_102914-908x675.jpg\" alt=\"\" class=\"wp-image-1496\" \/><\/figure>\n<\/figure>\n\n\n\n<p><\/p>\n\n\n\n<p>Wir freuen uns auf diese Woche und hoffen, dass alle Kinder mit Freude davon berichten werden.<\/p>\n\n\n\n<p><\/p>\n","protected":false},"excerpt":{"rendered":"<p>Die Sch\u00fclerinnen und Sch\u00fcler erhalten in der Woche vor den Osterferien einen guten Einblick in das Leben vor hundert Jahren. Geplant ist Folgendes an den Wochentagen: Montag: Leben vor 100 Jahren: Wie lebten die Menschen? Wie war Schule vor 100 Jahren? Dienstag: Kleidung fr\u00fcher &#8211; heute Mittwoch: alte Spiele herstellen und spielen Donnerstag: Ern\u00e4hrung fr\u00fcher; &#8230; <a title=\"Projektwoche 100-Jahr-Feier\" class=\"read-more\" href=\"https:\/\/wordpress.nibis.de\/gsoberg\/es-ist-endlich-soweit-unsere-projektwoche-zur-100-jahr-feier-startete-am-20-03-2023\/\" aria-label=\"Mehr Informationen \u00fcber Projektwoche 100-Jahr-Feier\">Weiterlesen<\/a><\/p>\n","protected":false},"author":9194160,"featured_media":0,"parent":0,"menu_order":0,"comment_status":"closed","ping_status":"closed","template":"","meta":{"footnotes":""},"class_list":["post-1502","page","type-page","status-publish"],"_links":{"self":[{"href":"https:\/\/wordpress.nibis.de\/gsoberg\/wp-json\/wp\/v2\/pages\/1502","targetHints":{"allow":["GET"]}}],"collection":[{"href":"https:\/\/wordpress.nibis.de\/gsoberg\/wp-json\/wp\/v2\/pages"}],"about":[{"href":"https:\/\/wordpress.nibis.de\/gsoberg\/wp-json\/wp\/v2\/types\/page"}],"author":[{"embeddable":true,"href":"https:\/\/wordpress.nibis.de\/gsoberg\/wp-json\/wp\/v2\/users\/9194160"}],"replies":[{"embeddable":true,"href":"https:\/\/wordpress.nibis.de\/gsoberg\/wp-json\/wp\/v2\/comments?post=1502"}],"version-history":[{"count":2,"href":"https:\/\/wordpress.nibis.de\/gsoberg\/wp-json\/wp\/v2\/pages\/1502\/revisions"}],"predecessor-version":[{"id":1529,"href":"https:\/\/wordpress.nibis.de\/gsoberg\/wp-json\/wp\/v2\/pages\/1502\/revisions\/1529"}],"wp:attachment":[{"href":"https:\/\/wordpress.nibis.de\/gsoberg\/wp-json\/wp\/v2\/media?parent=1502"}],"curies":[{"name":"wp","href":"https:\/\/api.w.org\/{rel}","templated":true}]}}