{"id":659,"date":"2020-03-26T17:48:55","date_gmt":"2020-03-26T16:48:55","guid":{"rendered":"https:\/\/wordpress.nibis.de\/gsoberg\/?page_id=659"},"modified":"2020-03-26T17:48:56","modified_gmt":"2020-03-26T16:48:56","slug":"schulobst","status":"publish","type":"page","link":"https:\/\/wordpress.nibis.de\/gsoberg\/schulobst\/","title":{"rendered":"Schulobst"},"content":{"rendered":"\n<h3><img loading=\"lazy\" decoding=\"async\" class=\"alignnone  wp-image-662\" src=\"https:\/\/wordpress.nibis.de\/gsoberg\/files\/2020\/03\/apfel-670x478.jpg\" alt=\"\" width=\"71\" height=\"51\" \/> <img loading=\"lazy\" decoding=\"async\" class=\"alignnone  wp-image-663\" src=\"https:\/\/wordpress.nibis.de\/gsoberg\/files\/2020\/03\/banane-731x478.jpg\" alt=\"\" width=\"75\" height=\"49\" \/> <img loading=\"lazy\" decoding=\"async\" class=\"alignnone  wp-image-664\" src=\"https:\/\/wordpress.nibis.de\/gsoberg\/files\/2020\/03\/birne-470x478.jpg\" alt=\"\" width=\"47\" height=\"48\" \/> <img loading=\"lazy\" decoding=\"async\" class=\"alignnone  wp-image-665\" src=\"https:\/\/wordpress.nibis.de\/gsoberg\/files\/2020\/03\/erdbeere-517x478.jpg\" alt=\"\" width=\"52\" height=\"48\" \/> <img loading=\"lazy\" decoding=\"async\" class=\"alignnone  wp-image-666\" src=\"https:\/\/wordpress.nibis.de\/gsoberg\/files\/2020\/03\/Gurke-850x344.jpg\" alt=\"\" width=\"117\" height=\"47\" \/> <img loading=\"lazy\" decoding=\"async\" class=\"alignnone  wp-image-667\" src=\"https:\/\/wordpress.nibis.de\/gsoberg\/files\/2020\/03\/himbeere-520x478.jpg\" alt=\"\" width=\"50\" height=\"46\" \/> <img loading=\"lazy\" decoding=\"async\" class=\"alignnone wp-image-668\" src=\"https:\/\/wordpress.nibis.de\/gsoberg\/files\/2020\/03\/kirschen-637x478.jpg\" alt=\"\" width=\"64\" height=\"68\" \/> <img loading=\"lazy\" decoding=\"async\" class=\"alignnone  wp-image-669\" src=\"https:\/\/wordpress.nibis.de\/gsoberg\/files\/2020\/03\/melone-786x478.jpg\" alt=\"\" width=\"74\" height=\"45\" \/> <img loading=\"lazy\" decoding=\"async\" class=\"alignnone wp-image-670\" src=\"https:\/\/wordpress.nibis.de\/gsoberg\/files\/2020\/03\/Paprika-806x478.jpg\" alt=\"\" width=\"81\" height=\"68\" \/><img loading=\"lazy\" decoding=\"async\" class=\"alignnone  wp-image-674\" src=\"https:\/\/wordpress.nibis.de\/gsoberg\/files\/2020\/03\/tomate-632x478.jpg\" alt=\"\" width=\"69\" height=\"52\" \/><\/h3>\n<h4 style=\"text-align: center\"><strong>Mit Beginn des Schuljahres 2014\/15 <\/strong><\/h4>\n<h4 style=\"text-align: center\"><strong>startete in Niedersachsen f\u00fcr Grund- und F\u00f6rderschulen <\/strong><\/h4>\n<h4 style=\"text-align: center\"><strong>das EU-Schulobst und -gem\u00fcse-Programm<\/strong><strong>.<\/strong><\/h4>\n<p><span style=\"font-family: helvetica,arial,sans-serif\">Neben regelm\u00e4\u00dfiger Bewegung bildet eine ausgewogene und abwechslungsreiche Ern\u00e4hrung die Grundlage f\u00fcr die Entwicklung, das Wachstum und f\u00fcr den Lernerfolg von Kindern.<\/span><\/p>\n<p><span style=\"font-family: helvetica,arial,sans-serif\">Ziel des EU-Schulprogramms ist es, Kinder f\u00fcr eine ausgewogene Ern\u00e4hrung zu begeistern. Die Kinder lernen die bunte Vielfalt der Obst- und Gem\u00fcsearten aus der Region kennen und erfahren dabei, wo ihr Essen herkommt und wie es angebaut wird.<\/span><\/p>\n<p><span style=\"font-family: helvetica,arial,sans-serif\">Durch die regelm\u00e4\u00dfige Extraportion Obst, Gem\u00fcse und die angebotenen p\u00e4dagogischen Begleitma\u00dfnahmen sollen die Kenntnisse und die F\u00e4higkeiten der Kinder im Umgang mit Lebensmitteln weiterentwickelt werden. Hierdurch wird ein wichtiger Beitrag zur Entwicklung eines gesundheitsf\u00f6rdernden Ern\u00e4hrungsverhaltens geleistet.<\/span><\/p>\n<p>\u00a0<\/p>\n<p style=\"text-align: center\"><strong>Wer Apfel und Birne, Karotte und Kohlrabi fr\u00fch schmecken lernt,<\/strong><\/p>\n<p style=\"text-align: center\"><strong> wird diese auch sp\u00e4ter zu sch\u00e4tzen wissen<\/strong><strong>.<\/strong><\/p>\n<p>\u00a0<\/p>\n<p><span style=\"font-family: helvetica,arial,sans-serif\">Bereits seit Beginn des Schuljahres 2014\/15 nimmt die Grundschule Oberg am EU\u2011Schulobstprogramm teil.\u00a0Ziel des Programms ist es, die Schulen in ihren Anstrengungen f\u00fcr eine gesunde Ern\u00e4hrung zu st\u00e4rken. Dabei finanziert die EU in den beteiligten Schulen die Versorgung mit regional und saisonal produziertem Obst und Gem\u00fcse.\u00a0Der Hof Wiedemann aus Bettmar beliefert uns mit einem frischen und vielf\u00e4ltigen Sortiment. Von Montag bis einschlie\u00dflich Donnerstag wird alles vor der Fr\u00fchst\u00fcckspause von Eltern, Gro\u00dfeltern und anderen Ehrenamtlichen zubereitet. So tanken die Kinder beim Essen von Obst und Gem\u00fcse nicht nur Vitamine und Ballaststoffe, sondern lernen auch, was eine ausgewogene Ern\u00e4hrung ausmacht. Obst und Gem\u00fcse sind ein bedeutender Bestandteil guter Ern\u00e4hrung, doch die meisten Kinder essen deutlich weniger davon als empfohlen.<\/span><\/p>\n<p><span style=\"font-family: helvetica,arial,sans-serif\">Ein ganz besonderer Dank gilt an dieser Stelle den verschiedenen Helfern f\u00fcr ihr vorbildliches Engagement. Sie treffen sich montags bis donnerstags zum Unterrichtsbeginn in der K\u00fcche und sorgen daf\u00fcr, dass die Obst- und Gem\u00fcsesch\u00fcsseln f\u00fcr alle Klassen f\u00fcr den Verzehr vorbereitet werden. Kein Wunder, dass dieses k\u00f6stlich aufbereitete Obst- und Gem\u00fcseangebot von den Sch\u00fclerinnen und Sch\u00fclern mit Wonne verspeist wird. Alle Sch\u00fcler und das Kollegium sind dankbar f\u00fcr diese tolle Unterst\u00fctzung, die t\u00e4glich oft zu wenig bemerkt wird, aber das Bem\u00fchen der Schule um gesunde Ern\u00e4hrung sehr effektiv und tatkr\u00e4ftig unterst\u00fctzt.<\/span><\/p>\n<p><span style=\"font-family: helvetica,arial,sans-serif\">Weitere Informationen finden sie hier<\/span>:<\/p>\n<p><strong><a href=\"http:\/\/www.schulobst.niedersachsen.de\"><img loading=\"lazy\" decoding=\"async\" class=\"alignnone size-full wp-image-660\" src=\"https:\/\/wordpress.nibis.de\/gsoberg\/files\/2020\/03\/schulobstnds.gif\" alt=\"\" width=\"306\" height=\"82\" \/><\/a><\/strong><\/p>\n<p>\u00a0<\/p>\n<h4><span style=\"font-family: helvetica,arial,sans-serif\"><strong>Die Grundschule Oberg w\u00fcrde sich sehr freuen, wenn sich auch in Zukunft viele Helfer finden, denn ohne Ihre Unterst\u00fctzung kann dieses wertvolle Programm nicht funktionieren! <\/strong><\/span><\/h4>\n<h4><span style=\"font-family: helvetica,arial,sans-serif\"><strong>Am Ende des Schuljahres werden Sie einen Elternbrief erhalten. Im unteren Abschnitt k\u00f6nnen Sie Ihre Hilfe anbieten, den Wochentag k\u00f6nnen Sie dabei w\u00e4hlen. Mindestens drei, besser vier \u201eObstschnibbler\u201c werden pro Tag ben\u00f6tigt.<\/strong><\/span><\/h4>\n","protected":false},"excerpt":{"rendered":"<p>Mit Beginn des Schuljahres 2014\/15 startete in Niedersachsen f\u00fcr Grund- und F\u00f6rderschulen das EU-Schulobst und -gem\u00fcse-Programm. Neben regelm\u00e4\u00dfiger Bewegung bildet eine ausgewogene und abwechslungsreiche Ern\u00e4hrung die Grundlage f\u00fcr die Entwicklung, das Wachstum und f\u00fcr den Lernerfolg von Kindern. Ziel des EU-Schulprogramms ist es, Kinder f\u00fcr eine ausgewogene Ern\u00e4hrung zu begeistern. Die Kinder lernen die bunte &#8230; <a title=\"Schulobst\" class=\"read-more\" href=\"https:\/\/wordpress.nibis.de\/gsoberg\/schulobst\/\" aria-label=\"Mehr Informationen \u00fcber Schulobst\">Weiterlesen<\/a><\/p>\n","protected":false},"author":9192944,"featured_media":0,"parent":0,"menu_order":0,"comment_status":"closed","ping_status":"closed","template":"","meta":{"footnotes":""},"class_list":["post-659","page","type-page","status-publish"],"_links":{"self":[{"href":"https:\/\/wordpress.nibis.de\/gsoberg\/wp-json\/wp\/v2\/pages\/659","targetHints":{"allow":["GET"]}}],"collection":[{"href":"https:\/\/wordpress.nibis.de\/gsoberg\/wp-json\/wp\/v2\/pages"}],"about":[{"href":"https:\/\/wordpress.nibis.de\/gsoberg\/wp-json\/wp\/v2\/types\/page"}],"author":[{"embeddable":true,"href":"https:\/\/wordpress.nibis.de\/gsoberg\/wp-json\/wp\/v2\/users\/9192944"}],"replies":[{"embeddable":true,"href":"https:\/\/wordpress.nibis.de\/gsoberg\/wp-json\/wp\/v2\/comments?post=659"}],"version-history":[{"count":8,"href":"https:\/\/wordpress.nibis.de\/gsoberg\/wp-json\/wp\/v2\/pages\/659\/revisions"}],"predecessor-version":[{"id":681,"href":"https:\/\/wordpress.nibis.de\/gsoberg\/wp-json\/wp\/v2\/pages\/659\/revisions\/681"}],"wp:attachment":[{"href":"https:\/\/wordpress.nibis.de\/gsoberg\/wp-json\/wp\/v2\/media?parent=659"}],"curies":[{"name":"wp","href":"https:\/\/api.w.org\/{rel}","templated":true}]}}