{"id":67,"date":"2018-08-05T17:41:52","date_gmt":"2018-08-05T15:41:52","guid":{"rendered":"http:\/\/wordpress.nibis.de\/gsoberg\/?page_id=67"},"modified":"2019-05-09T21:13:00","modified_gmt":"2019-05-09T19:13:00","slug":"schluesselloch","status":"publish","type":"page","link":"https:\/\/wordpress.nibis.de\/gsoberg\/schluesselloch\/","title":{"rendered":"Blick durchs Schl\u00fcsselloch"},"content":{"rendered":"<p><img loading=\"lazy\" decoding=\"async\" class=\"size-medium wp-image-193 alignleft\" src=\"http:\/\/wordpress.nibis.de\/gsoberg\/files\/2018\/11\/P1010880-e1541344435657-200x300.jpg\" alt=\"\" width=\"200\" height=\"300\" srcset=\"https:\/\/wordpress.nibis.de\/gsoberg\/files\/2018\/11\/P1010880-e1541344435657-200x300.jpg 200w, https:\/\/wordpress.nibis.de\/gsoberg\/files\/2018\/11\/P1010880-e1541344435657.jpg 683w\" sizes=\"auto, (max-width: 200px) 100vw, 200px\" \/><\/p>\n<p>Schule bietet oft sehr viel mehr als Lesen, Schreiben und Rechnen &#8230;<\/p>\n<p>&#8230; hier k\u00f6nnt ihr durchs Schl\u00fcsselloch schauen und einen kleinen Einblick \u00fcber all die Vielfalt unseres Schullebens bekommen &#8230;<\/p>\n<p>Unser Schulelternrat organisiert zum Beispiel in den Sommerferien in Zusammenarbeit mit p\u00e4dagogischen Fachk\u00e4ften eine tolle Ferienbetreuung.<\/p>\n<p>Eine Neuerung seit diesem Schuljahr sind unsere &#8222;Methodentage&#8220;, die wir letztes Jahr im Herbst zum ersten Mal organisiert haben. An diesen Projekttagen lernen die Kinder eine neue Methode kennen oder vertiefen ihr Wissen dar\u00fcber. So sollen die Sch\u00fclerinnen und Sch\u00fcler im Laufe ihrer Grundschulzeit in Oberg ein Repertoire an vielf\u00e4ltigen Methoden und Medien kennenlernen. Im Fr\u00fchjahr und im Herbst jeden Jahres werden wir zuk\u00fcnftig diese Projekttage organisieren.<\/p>\n","protected":false},"excerpt":{"rendered":"<p>Schule bietet oft sehr viel mehr als Lesen, Schreiben und Rechnen &#8230; &#8230; hier k\u00f6nnt ihr durchs Schl\u00fcsselloch schauen und einen kleinen Einblick \u00fcber all die Vielfalt unseres Schullebens bekommen &#8230; Unser Schulelternrat organisiert zum Beispiel in den Sommerferien in Zusammenarbeit mit p\u00e4dagogischen Fachk\u00e4ften eine tolle Ferienbetreuung. Eine Neuerung seit diesem Schuljahr sind unsere &#8222;Methodentage&#8220;, &#8230; <a title=\"Blick durchs Schl\u00fcsselloch\" class=\"read-more\" href=\"https:\/\/wordpress.nibis.de\/gsoberg\/schluesselloch\/\" aria-label=\"Mehr Informationen \u00fcber Blick durchs Schl\u00fcsselloch\">Weiterlesen<\/a><\/p>\n","protected":false},"author":9192632,"featured_media":0,"parent":0,"menu_order":10,"comment_status":"closed","ping_status":"closed","template":"","meta":{"footnotes":""},"class_list":["post-67","page","type-page","status-publish"],"_links":{"self":[{"href":"https:\/\/wordpress.nibis.de\/gsoberg\/wp-json\/wp\/v2\/pages\/67","targetHints":{"allow":["GET"]}}],"collection":[{"href":"https:\/\/wordpress.nibis.de\/gsoberg\/wp-json\/wp\/v2\/pages"}],"about":[{"href":"https:\/\/wordpress.nibis.de\/gsoberg\/wp-json\/wp\/v2\/types\/page"}],"author":[{"embeddable":true,"href":"https:\/\/wordpress.nibis.de\/gsoberg\/wp-json\/wp\/v2\/users\/9192632"}],"replies":[{"embeddable":true,"href":"https:\/\/wordpress.nibis.de\/gsoberg\/wp-json\/wp\/v2\/comments?post=67"}],"version-history":[{"count":10,"href":"https:\/\/wordpress.nibis.de\/gsoberg\/wp-json\/wp\/v2\/pages\/67\/revisions"}],"predecessor-version":[{"id":364,"href":"https:\/\/wordpress.nibis.de\/gsoberg\/wp-json\/wp\/v2\/pages\/67\/revisions\/364"}],"wp:attachment":[{"href":"https:\/\/wordpress.nibis.de\/gsoberg\/wp-json\/wp\/v2\/media?parent=67"}],"curies":[{"name":"wp","href":"https:\/\/api.w.org\/{rel}","templated":true}]}}