{"id":37,"date":"2024-09-10T10:58:32","date_gmt":"2024-09-10T08:58:32","guid":{"rendered":"https:\/\/wordpress.nibis.de\/gsobk\/?page_id=37"},"modified":"2025-08-18T12:09:37","modified_gmt":"2025-08-18T10:09:37","slug":"ganztag","status":"publish","type":"page","link":"https:\/\/wordpress.nibis.de\/gsobk\/ganztag\/","title":{"rendered":"Ganztag"},"content":{"rendered":"\n<p>Seit 2008 ist die Grundschule Obernkirchen eine offene Ganztagsschule. Die Anmeldung zu diesem Angebot ist freiwillig, verpflichtet jedoch zur regelm\u00e4\u00dfigen Teilnahme. Eine tageweise oder unregelm\u00e4\u00dfige Teilnahme ist nicht m\u00f6glich. <\/p>\n\n\n\n<p>Der Ganztag wird von montags bis donnerstags bis 15 Uhr angeboten. In dieser Zeit k\u00f6nnen die Kinder ein warmes Mittagessen (kostenflichtig) erhalten und es findet eine Hausaufgabenbetreuung in festen Gruppen statt. Im Anschluss gibt es freie Spielzeit oder Angebote von Kooperationspartnern und dem Schulpersonal.<\/p>\n\n\n\n<p>Das Mittagessen wird von &#8222;Erste Sahne&#8220; abwechslungsreich zusammengestellt und der Schule geliefert. Es stehen zwei Men\u00fcs zur Auswahl, die von den Kindern w\u00e4hrend des Ganztages f\u00fcr die folgende Woche ausgew\u00e4hlt werden. Die Abrechnung erfolgt in Form einer monatlichen Rechnung per Post. Der aktuelle Men\u00fcplan wird im Infokasten am Parkplatz der Schule ausgeh\u00e4ngt.<\/p>\n\n\n\n<p>Neben dem Ganztag wird auch eine Mittagsbetreuung in der 5. Stunde angeboten. Diese findet an den Tagen statt, an denen der 1. oder 2. Jahrgang nicht f\u00fcnf Unterrichtsstunden haben. Auch zu diesem Angebot ist eine Anmeldung freiwillig.<\/p>\n\n\n\n<p>Das Formular zur Anmeldung erhalten Sie hier oder direkt im Sekretariat.<\/p>\n\n\n\n<div class=\"wp-block-file\"><a id=\"wp-block-file--media-41609bd5-5c7c-482d-9a0e-38edd046541e\" href=\"https:\/\/wordpress.nibis.de\/gsobk\/files\/2025\/05\/Anmeldung-GT-25-26.pdf\">Anmeldung-GT-25-26<\/a><a href=\"https:\/\/wordpress.nibis.de\/gsobk\/files\/2025\/05\/Anmeldung-GT-25-26.pdf\" class=\"wp-block-file__button\" download aria-describedby=\"wp-block-file--media-41609bd5-5c7c-482d-9a0e-38edd046541e\">Herunterladen<\/a><\/div>\n","protected":false},"excerpt":{"rendered":"<p>Seit 2008 ist die Grundschule Obernkirchen eine offene Ganztagsschule. Die Anmeldung zu diesem Angebot ist freiwillig, verpflichtet jedoch zur regelm\u00e4\u00dfigen Teilnahme. Eine tageweise oder unregelm\u00e4\u00dfige Teilnahme ist nicht m\u00f6glich. Der Ganztag wird von montags bis donnerstags bis 15 Uhr angeboten. In dieser Zeit k\u00f6nnen die Kinder ein warmes Mittagessen (kostenflichtig) erhalten und es findet eine &#8230; <a title=\"Ganztag\" class=\"read-more\" href=\"https:\/\/wordpress.nibis.de\/gsobk\/ganztag\/\" aria-label=\"Mehr Informationen \u00fcber Ganztag\">Weiterlesen<\/a><\/p>\n","protected":false},"author":9194377,"featured_media":0,"parent":0,"menu_order":0,"comment_status":"closed","ping_status":"closed","template":"","meta":{"footnotes":""},"class_list":["post-37","page","type-page","status-publish"],"_links":{"self":[{"href":"https:\/\/wordpress.nibis.de\/gsobk\/wp-json\/wp\/v2\/pages\/37","targetHints":{"allow":["GET"]}}],"collection":[{"href":"https:\/\/wordpress.nibis.de\/gsobk\/wp-json\/wp\/v2\/pages"}],"about":[{"href":"https:\/\/wordpress.nibis.de\/gsobk\/wp-json\/wp\/v2\/types\/page"}],"author":[{"embeddable":true,"href":"https:\/\/wordpress.nibis.de\/gsobk\/wp-json\/wp\/v2\/users\/9194377"}],"replies":[{"embeddable":true,"href":"https:\/\/wordpress.nibis.de\/gsobk\/wp-json\/wp\/v2\/comments?post=37"}],"version-history":[{"count":8,"href":"https:\/\/wordpress.nibis.de\/gsobk\/wp-json\/wp\/v2\/pages\/37\/revisions"}],"predecessor-version":[{"id":636,"href":"https:\/\/wordpress.nibis.de\/gsobk\/wp-json\/wp\/v2\/pages\/37\/revisions\/636"}],"wp:attachment":[{"href":"https:\/\/wordpress.nibis.de\/gsobk\/wp-json\/wp\/v2\/media?parent=37"}],"curies":[{"name":"wp","href":"https:\/\/api.w.org\/{rel}","templated":true}]}}