{"id":47,"date":"2024-09-10T11:03:26","date_gmt":"2024-09-10T09:03:26","guid":{"rendered":"https:\/\/wordpress.nibis.de\/gsobk\/?page_id=47"},"modified":"2025-06-26T09:05:53","modified_gmt":"2025-06-26T07:05:53","slug":"kollegium","status":"publish","type":"page","link":"https:\/\/wordpress.nibis.de\/gsobk\/home\/kollegium\/","title":{"rendered":"Kollegium"},"content":{"rendered":"\n<p class=\"has-accent-color has-text-color\"><strong>Schulleitung:<\/strong> <\/p>\n\n\n\n<p class=\"has-contrast-color has-text-color\">Lutz Kujath, Rektor<br>Christian Hunsche, Konrektor<\/p>\n\n\n\n<p class=\"has-accent-color has-text-color\"><strong>Lehrkr\u00e4fte:<\/strong><\/p>\n\n\n\n<p class=\"has-contrast-color has-text-color\">Friederike Berbuir, Sarah Bischof, Rieke Brackmann, Mirko Celten, Birgit Delonge, Daniel Eikelmann, Anna-Sophie G\u00fctzkow, Christine Hantschko, Mark Henselewski, Prisca R\u00fc\u00dfau, Stefanie Steinig, Ina Teubener, Danica Volker, Mario Woidsch\u00fctzke u.W.<\/p>\n\n\n\n<p class=\"has-accent-color has-text-color\"><strong>F\u00f6rderschullehrkr\u00e4fte:<\/strong><\/p>\n\n\n\n<p class=\"has-contrast-color has-text-color\">Claudia Spiess<\/p>\n\n\n\n<p class=\"has-accent-color has-text-color\"><strong>P\u00e4dagogische Mitarbeiterinnen:<\/strong><\/p>\n\n\n\n<p class=\"has-contrast-color has-text-color\">Wiebke Klapp, Heidi Klaus, Ulrike L\u00fcrding, Corinna Probst, Elke Renzel, Kay-Ute Stuckenberg u.W.<\/p>\n\n\n\n<p class=\"has-accent-color has-text-color\"><strong>Sekretariat:<\/strong><\/p>\n\n\n\n<p class=\"has-contrast-color has-text-color\">Fabienne Frisch<\/p>\n\n\n\n<p class=\"has-accent-color has-text-color\"><strong>Hausmeister: <\/strong><\/p>\n\n\n\n<p class=\"has-contrast-color has-text-color\">Stephan Meier<br><\/p>\n","protected":false},"excerpt":{"rendered":"<p>Schulleitung: Lutz Kujath, RektorChristian Hunsche, Konrektor Lehrkr\u00e4fte: Friederike Berbuir, Sarah Bischof, Rieke Brackmann, Mirko Celten, Birgit Delonge, Daniel Eikelmann, Anna-Sophie G\u00fctzkow, Christine Hantschko, Mark Henselewski, Prisca R\u00fc\u00dfau, Stefanie Steinig, Ina Teubener, Danica Volker, Mario Woidsch\u00fctzke u.W. F\u00f6rderschullehrkr\u00e4fte: Claudia Spiess P\u00e4dagogische Mitarbeiterinnen: Wiebke Klapp, Heidi Klaus, Ulrike L\u00fcrding, Corinna Probst, Elke Renzel, Kay-Ute Stuckenberg u.W. Sekretariat: &#8230; <a title=\"Kollegium\" class=\"read-more\" href=\"https:\/\/wordpress.nibis.de\/gsobk\/home\/kollegium\/\" aria-label=\"Mehr Informationen \u00fcber Kollegium\">Weiterlesen<\/a><\/p>\n","protected":false},"author":9194377,"featured_media":0,"parent":2,"menu_order":0,"comment_status":"closed","ping_status":"closed","template":"","meta":{"footnotes":""},"class_list":["post-47","page","type-page","status-publish"],"_links":{"self":[{"href":"https:\/\/wordpress.nibis.de\/gsobk\/wp-json\/wp\/v2\/pages\/47","targetHints":{"allow":["GET"]}}],"collection":[{"href":"https:\/\/wordpress.nibis.de\/gsobk\/wp-json\/wp\/v2\/pages"}],"about":[{"href":"https:\/\/wordpress.nibis.de\/gsobk\/wp-json\/wp\/v2\/types\/page"}],"author":[{"embeddable":true,"href":"https:\/\/wordpress.nibis.de\/gsobk\/wp-json\/wp\/v2\/users\/9194377"}],"replies":[{"embeddable":true,"href":"https:\/\/wordpress.nibis.de\/gsobk\/wp-json\/wp\/v2\/comments?post=47"}],"version-history":[{"count":9,"href":"https:\/\/wordpress.nibis.de\/gsobk\/wp-json\/wp\/v2\/pages\/47\/revisions"}],"predecessor-version":[{"id":631,"href":"https:\/\/wordpress.nibis.de\/gsobk\/wp-json\/wp\/v2\/pages\/47\/revisions\/631"}],"up":[{"embeddable":true,"href":"https:\/\/wordpress.nibis.de\/gsobk\/wp-json\/wp\/v2\/pages\/2"}],"wp:attachment":[{"href":"https:\/\/wordpress.nibis.de\/gsobk\/wp-json\/wp\/v2\/media?parent=47"}],"curies":[{"name":"wp","href":"https:\/\/api.w.org\/{rel}","templated":true}]}}