{"id":49,"date":"2024-09-10T11:05:07","date_gmt":"2024-09-10T09:05:07","guid":{"rendered":"https:\/\/wordpress.nibis.de\/gsobk\/?page_id=49"},"modified":"2025-06-20T09:24:55","modified_gmt":"2025-06-20T07:24:55","slug":"iserv","status":"publish","type":"page","link":"https:\/\/wordpress.nibis.de\/gsobk\/informationen-fuer-eltern\/iserv\/","title":{"rendered":"IServ"},"content":{"rendered":"\n<p>Die Grundschule Obernkirchen nutzt iServ als zentrale Kommunikationsplattform.<\/p>\n\n\n\n<p>Wichtige Informationen zu aktuellen Schulthemen, Ausf\u00e4llen im Ganztagsbereich oder von AGs, Unterrichtsausf\u00e4llen aufgrund besonderer Wetterbedingungen sowie Mitteilungen von Kooperationspartnern, etc. werden <strong>ausschlie\u00dflich<\/strong> \u00fcber iServ bereitgestellt. <br>Dar\u00fcber hinaus sollte <strong>vorrangig<\/strong> diese Plattform f\u00fcr krankheitsbedingte Abmeldungen vom Unterricht genutzt werden. Auf diesem Weg ist gew\u00e4hrleistet, dass alle relevanten Personen zeitnah Zugriff auf die Informationen haben. Dies erleichtert die Organisation erheblich und vermeidet Verz\u00f6gerungen. Bitte nutzen Sie m\u00f6glichst nicht mehr den Anrufbeantworter oder Emails.<\/p>\n\n\n\n<p>Mit der Einschulung erhalten Sie von der Schule einen Registrierungscode, um einen IServ-Zugang mit pers\u00f6nlichen Daten (Email und Passwort) anzulegen. Fehlt Ihnen der Code, fragen Sie gerne im Sekretariat nach!<\/p>\n\n\n\n<div class=\"wp-block-file\"><a id=\"wp-block-file--media-58b55232-3ad5-480a-952f-ab0e3785e964\" href=\"https:\/\/wordpress.nibis.de\/gsobk\/files\/2025\/06\/Anleitung-IServ.pdf\">Eine Anleitung zur Nutzung von IServ finden Sie hier:<\/a><a href=\"https:\/\/wordpress.nibis.de\/gsobk\/files\/2025\/06\/Anleitung-IServ.pdf\" class=\"wp-block-file__button\" download aria-describedby=\"wp-block-file--media-58b55232-3ad5-480a-952f-ab0e3785e964\">Herunterladen<\/a><\/div>\n\n\n\n<p><\/p>\n\n\n\n<p>Wichtig: Die IServ-Adresse lautet (ohne weitere Zeichen): <a href=\"https:\/\/gs-obk.de\/\">gs-obk.de<\/a><\/p>\n","protected":false},"excerpt":{"rendered":"<p>Die Grundschule Obernkirchen nutzt iServ als zentrale Kommunikationsplattform. Wichtige Informationen zu aktuellen Schulthemen, Ausf\u00e4llen im Ganztagsbereich oder von AGs, Unterrichtsausf\u00e4llen aufgrund besonderer Wetterbedingungen sowie Mitteilungen von Kooperationspartnern, etc. werden ausschlie\u00dflich \u00fcber iServ bereitgestellt. Dar\u00fcber hinaus sollte vorrangig diese Plattform f\u00fcr krankheitsbedingte Abmeldungen vom Unterricht genutzt werden. Auf diesem Weg ist gew\u00e4hrleistet, dass alle relevanten Personen &#8230; <a title=\"IServ\" class=\"read-more\" href=\"https:\/\/wordpress.nibis.de\/gsobk\/informationen-fuer-eltern\/iserv\/\" aria-label=\"Mehr Informationen \u00fcber IServ\">Weiterlesen<\/a><\/p>\n","protected":false},"author":9194377,"featured_media":0,"parent":66,"menu_order":0,"comment_status":"closed","ping_status":"closed","template":"","meta":{"footnotes":""},"class_list":["post-49","page","type-page","status-publish"],"_links":{"self":[{"href":"https:\/\/wordpress.nibis.de\/gsobk\/wp-json\/wp\/v2\/pages\/49","targetHints":{"allow":["GET"]}}],"collection":[{"href":"https:\/\/wordpress.nibis.de\/gsobk\/wp-json\/wp\/v2\/pages"}],"about":[{"href":"https:\/\/wordpress.nibis.de\/gsobk\/wp-json\/wp\/v2\/types\/page"}],"author":[{"embeddable":true,"href":"https:\/\/wordpress.nibis.de\/gsobk\/wp-json\/wp\/v2\/users\/9194377"}],"replies":[{"embeddable":true,"href":"https:\/\/wordpress.nibis.de\/gsobk\/wp-json\/wp\/v2\/comments?post=49"}],"version-history":[{"count":6,"href":"https:\/\/wordpress.nibis.de\/gsobk\/wp-json\/wp\/v2\/pages\/49\/revisions"}],"predecessor-version":[{"id":630,"href":"https:\/\/wordpress.nibis.de\/gsobk\/wp-json\/wp\/v2\/pages\/49\/revisions\/630"}],"up":[{"embeddable":true,"href":"https:\/\/wordpress.nibis.de\/gsobk\/wp-json\/wp\/v2\/pages\/66"}],"wp:attachment":[{"href":"https:\/\/wordpress.nibis.de\/gsobk\/wp-json\/wp\/v2\/media?parent=49"}],"curies":[{"name":"wp","href":"https:\/\/api.w.org\/{rel}","templated":true}]}}