{"id":109,"date":"2022-10-22T18:29:23","date_gmt":"2022-10-22T16:29:23","guid":{"rendered":"https:\/\/wordpress.nibis.de\/gsoesing\/?page_id=109"},"modified":"2022-10-22T21:18:47","modified_gmt":"2022-10-22T19:18:47","slug":"krankmeldung-unfallmeldung","status":"publish","type":"page","link":"https:\/\/wordpress.nibis.de\/gsoesing\/krankmeldung-unfallmeldung\/","title":{"rendered":"Unterrichtsvers\u00e4umnisse"},"content":{"rendered":"<h3>Krankmeldungen<\/h3>\n<p>Wenn Ihr Kind krank ist, m\u00fcssen Sie es in der Schule entschuldigen. Daf\u00fcr gibt es folgende M\u00f6glichkeiten:<\/p>\n<ul>\n<li>Sie rufen in der Schule an: 05838-330 <br>Falls Sie au\u00dferhalb der B\u00fcro\u00f6ffnungszeiten anrufen, sprechen Sie bitte auf den Anrufbeantworter.<\/li>\n<li>Sie schreiben eine Email an: <a href=\"&#109;&#x61;i&#x6c;&#x74;&#111;&#x3a;r&#x65;&#x67;&#101;&#x6e;b&#x6f;&#x67;&#101;&#x6e;s&#x63;&#x68;&#117;&#x6c;e&#x67;&#x72;&#111;&#x73;s&#x6f;&#x65;&#115;&#x69;n&#x67;&#x65;&#110;&#x40;t&#x2d;&#x6f;&#110;&#x6c;i&#x6e;&#x65;&#46;&#x64;e\">re&#103;&#101;&#110;&#x62;&#x6f;&#x67;&#x65;ns&#99;&#104;&#117;&#x6c;&#x65;&#x67;&#x72;os&#115;&#111;&#101;&#x73;&#x69;&#x6e;&#x67;en&#64;&#116;&#45;&#x6f;&#x6e;&#x6c;&#x69;ne&#46;&#100;&#101;<\/a><\/li>\n<li>Sie geben Ihrem Kind eine Entschuldigung mit in die Schule, wenn es wieder gesund ist.<\/li>\n<\/ul>\n<p>Falls Ihr Kind der Schule aus Krankheitsgr\u00fcnden l\u00e4nger als drei Tage fernbleiben muss, sollten Sie sich in jedem Fall sp\u00e4testens am 3. Krankheitstag in der Schule melden.<\/p>\n<p>Bei L\u00e4usebefall, Corona und anderen meldepflichtigen Krankheiten ist die Schule umgehend zu benachrichtigen.<\/p>\n\n\n<div style=\"height:10px\" aria-hidden=\"true\" class=\"wp-block-spacer\"><\/div>\n\n\n<h3>Unfallmeldung<\/h3>\n<p>Sollte Ihr Kind in der Schule oder auf dem Schulweg einen Unfall erleiden, der eine \u00e4rztliche Versorgung erforderlich macht, muss die Schule dies dem Gemeindeunfallverband melden. Bitte informieren Sie die Schule daher, wenn Sie Ihr Kind nach einem Schul(weg)unfall \u00e4rztlich versorgen lassen. Die Schule wird sich dann um die Unfallanzeige k\u00fcmmern.<\/p>\n\n\n<div style=\"height:10px\" aria-hidden=\"true\" class=\"wp-block-spacer\"><\/div>\n\n\n<h3>Hausaufgaben im Krankheitsfall<\/h3>\n<p>Es wird nicht erwartet, dass ein krankes Kind Hausaufgaben anfertigt. Sollte es die Erkrankung zulassen, ist es jedoch sinnvoll, vers\u00e4umten Unterrichtsstoff nachzuarbeiten und Hausaufgaben anzufertigen, damit das betroffene Kind nicht zu viel vers\u00e4umt. Bitte erkundigen Sie sich in diesem Fall bei den Mitsch\u00fcler*innen oder bitten Sie eine*n Klassenkamerad*innen, die Materialien und Aufgaben mitzubringen. Es ist auch m\u00f6glich, die ben\u00f6tigten Materialien nach dem regul\u00e4ren Unterrichtsschluss in der Schule aus dem Fach Ihres Kindes zu holen und die Hausaufgaben ggf. von der Tafel im Klassenraum abzuschreiben. Die Schule ist bis 14.00 Uhr zug\u00e4nglich.<\/p>\n\n\n<div style=\"height:10px\" aria-hidden=\"true\" class=\"wp-block-spacer\"><\/div>\n\n\n<h3>Beurlaubungen und andere Fehlzeiten<\/h3>\n<p>Falls ein Kind f\u00fcr ein oder mehrere Tage beurlaubt werden soll, muss Folgendes beachtet werden:<\/p>\n<p>Die Klassenlehrerin oder der Klassenlehrer kann eine Sch\u00fclerin oder einen Sch\u00fcler f\u00fcr <strong>einen Tag<\/strong> beurlauben, wenn der Tag nicht unmittelbar an die Schulferien angrenzt. In diesem Fall ist ein formloser schriftlicher Antrag mit dem Datum und dem Anlass an die Klassenlehrerin oder den Klassenlehrer zu richten.<\/p>\n<p>Wenn Ihr Kind <strong>l\u00e4nger als einen Tag<\/strong> beurlaubt werden soll, oder der Tag direkt an die Schulferien grenzt, muss ein schriftlicher Antrag an die Schulleiterin der Regenbogenschule, Frau Prei\u00dfner,\u00a0gestellt werden.<\/p>\n<p>Sollte es sich bei der Beurlaubung um eine <strong>Kur<\/strong> handeln, reicht es, wenn Sie die Bewilligung der Kur mit dem Kurzeitraum bei der Klassenlehrerin oder dem Klassenlehrer abgeben. Ihr Kind erh\u00e4lt ggf. kurz vor Kurantritt eine Liste mit Schulaufgaben, die zu bearbeiten ist.<\/p>\n\n\n<div style=\"height:10px\" aria-hidden=\"true\" class=\"wp-block-spacer\"><\/div>\n\n\n<p><span style=\"color: #ff0000\">Alle nicht entschuldigten Fehlzeiten werden im Zeugnis vermerkt.<\/span><\/p>\n\n\n<p><\/p>\n","protected":false},"excerpt":{"rendered":"<p>Krankmeldungen Wenn Ihr Kind krank ist, m\u00fcssen Sie es in der Schule entschuldigen. Daf\u00fcr gibt es folgende M\u00f6glichkeiten: Sie rufen in der Schule an: 05838-330 Falls Sie au\u00dferhalb der B\u00fcro\u00f6ffnungszeiten anrufen, sprechen Sie bitte auf den Anrufbeantworter. Sie schreiben eine <span class=\"excerpt-dots\">&hellip;<\/span> <a class=\"more-link\" href=\"https:\/\/wordpress.nibis.de\/gsoesing\/krankmeldung-unfallmeldung\/\"><span class=\"more-msg\">Weiterlesen &rarr;<\/span><\/a><\/p>\n","protected":false},"author":9194057,"featured_media":0,"parent":0,"menu_order":0,"comment_status":"closed","ping_status":"closed","template":"","meta":{"footnotes":""},"class_list":["post-109","page","type-page","status-publish","hentry"],"_links":{"self":[{"href":"https:\/\/wordpress.nibis.de\/gsoesing\/wp-json\/wp\/v2\/pages\/109","targetHints":{"allow":["GET"]}}],"collection":[{"href":"https:\/\/wordpress.nibis.de\/gsoesing\/wp-json\/wp\/v2\/pages"}],"about":[{"href":"https:\/\/wordpress.nibis.de\/gsoesing\/wp-json\/wp\/v2\/types\/page"}],"author":[{"embeddable":true,"href":"https:\/\/wordpress.nibis.de\/gsoesing\/wp-json\/wp\/v2\/users\/9194057"}],"replies":[{"embeddable":true,"href":"https:\/\/wordpress.nibis.de\/gsoesing\/wp-json\/wp\/v2\/comments?post=109"}],"version-history":[{"count":6,"href":"https:\/\/wordpress.nibis.de\/gsoesing\/wp-json\/wp\/v2\/pages\/109\/revisions"}],"predecessor-version":[{"id":405,"href":"https:\/\/wordpress.nibis.de\/gsoesing\/wp-json\/wp\/v2\/pages\/109\/revisions\/405"}],"wp:attachment":[{"href":"https:\/\/wordpress.nibis.de\/gsoesing\/wp-json\/wp\/v2\/media?parent=109"}],"curies":[{"name":"wp","href":"https:\/\/api.w.org\/{rel}","templated":true}]}}