{"id":49,"date":"2018-09-17T16:09:40","date_gmt":"2018-09-17T14:09:40","guid":{"rendered":"http:\/\/wordpress.nibis.de\/gsoldendorf\/?page_id=49"},"modified":"2026-01-17T14:02:36","modified_gmt":"2026-01-17T13:02:36","slug":"foerderverein","status":"publish","type":"page","link":"https:\/\/wordpress.nibis.de\/gsoldendorf\/foerderverein\/","title":{"rendered":"F\u00f6rderverein"},"content":{"rendered":"\n<figure class=\"wp-block-image size-full is-resized\"><img loading=\"lazy\" decoding=\"async\" width=\"937\" height=\"600\" src=\"https:\/\/wordpress.nibis.de\/gsoldendorf\/files\/2026\/01\/K800_1000452435.jpg\" alt=\"\" class=\"wp-image-3510\" style=\"aspect-ratio:1.5617011387404136;width:484px;height:auto\" srcset=\"https:\/\/wordpress.nibis.de\/gsoldendorf\/files\/2026\/01\/K800_1000452435.jpg 937w, https:\/\/wordpress.nibis.de\/gsoldendorf\/files\/2026\/01\/K800_1000452435-300x192.jpg 300w, https:\/\/wordpress.nibis.de\/gsoldendorf\/files\/2026\/01\/K800_1000452435-768x492.jpg 768w, https:\/\/wordpress.nibis.de\/gsoldendorf\/files\/2026\/01\/K800_1000452435-100x64.jpg 100w\" sizes=\"auto, (max-width: 937px) 100vw, 937px\" \/><\/figure>\n\n\n<p><span style=\"font-size: 14pt\">Der F\u00f6rderverein der Grundschule Oldendorf ist ein eingetragener Verein,<br \/>der am 26. Mai 1998\u00a0von 10 Personen gegr\u00fcndet wurde. Die Hauptaufgabe<br \/>sieht der Verein in der Unterst\u00fctzung der\u00a0Grundschule Oldendorf bei ihrer<br \/>p\u00e4dagogischen und erzieherischen Aufgabe, indem seinerseits\u00a0finanzielle<br \/>Mittel und ideelle Hilfe zur Verf\u00fcgung gestellt werden.<\/span><\/p>\n<p><span style=\"font-size: 14pt\">Wichtig bei dem Tun und Handeln des F\u00f6rdervereins ist das Wohlergehen<br \/>der Sch\u00fclerinnen und Sch\u00fcler\u00a0der Grundschule Oldendorf.<\/span><\/p>\n<p><span style=\"font-size: 18pt\"><strong>Vorstand 2025\/26<\/strong><\/span><\/p>\n<h4>Erste Vorsitzende: Julia Gommer<\/h4>\n<h4>Zweite Vorsitzende: Aileen M\u00fcller<\/h4>\n<h4>Kassenwartin: Cathleen Berner<\/h4>\n<h4>Schriftf\u00fchrerin: Sabrina Lanfer<\/h4>\n<h4>Kassenpr\u00fcferin: Birgit Brinkmeyer<\/h4>\n<h4>Kassenpr\u00fcferin: Jessica Pfeiffer<\/h4>\n<p>\u00a0<\/p>\n<p>\u00a0<\/p>\n<p><strong><span style=\"font-size: 18pt\">Kontakt<\/span><\/strong><\/p>\n<p><span style=\"font-size: 14pt\">F\u00f6rderverein der GS Oldendorf e. V.<br \/>Am Kreimerhof 14<br \/>49324\u00a0 Melle<br \/>Email: f&#111;&#101;&#x72;&#x64;e&#114;&#118;&#x65;&#x72;&#x65;i&#110;&#64;&#x67;&#x73;-o&#108;&#x64;&#x65;&#x6e;d&#111;&#114;&#x66;&#x2e;ne&#116;<\/span><\/p>\n<p>Bankverbindung: Kreissparkasse Melle, IBAN DE30265522860000716118, BIC NOLADE21MEL<\/p>\n<p><span style=\"font-size: 14pt\">Seit Gr\u00fcndung des Vereins wurden durch die Mitgliedsbeitr\u00e4ge und<br \/>zahlreiche Spenden vielf\u00e4ltige Projekte\u00a0<\/span><span style=\"font-size: 14pt\">im Schulalltag unterst\u00fctzt:<\/span><\/p>\n<ul style=\"list-style-type: circle\">\n<li><span style=\"font-size: 14pt\">Anschaffung von vielf\u00e4ltigen Bewegungsmaterialien f\u00fcr die aktive Pause<\/span><\/li>\n<li><span style=\"font-size: 14pt\">Finanzierung von Musikinstrumenten<\/span><\/li>\n<li><span style=\"font-size: 14pt\">Durchf\u00fchrung von AGs und \u00dcbernahme von Materialkosten<\/span><\/li>\n<li><span style=\"font-size: 14pt\">Auff\u00fchrung und Einstudierung des Kindermusicals &#8222;Ich bin ich und<br \/>du bist\u00a0du&#8220; (2. Platz beim <\/span><span style=\"font-size: 14pt\">bundesweiten Wettbewerbs des JAKO-O Verlags)\u00a0<\/span><\/li>\n<li><span style=\"font-size: 14pt\">Finanzierung von Lernmaterialien (Lekt\u00fcren, Lernspielen, Software usw.)<\/span><\/li>\n<li><span style=\"font-size: 14pt\">Bau des Fahrradunterstands<\/span><\/li>\n<li><span style=\"font-size: 14pt\">Mitfinanzierung von Projekttagen\u00a0<\/span><\/li>\n<li><span style=\"font-size: 14pt\">Organisation und Durchf\u00fchrung von Flohm\u00e4rkten<\/span><\/li>\n<li><span style=\"font-size: 14pt\">Organisation und Durchf\u00fchrung einer Cafeteria bei diversen Veranstaltungen<\/span><\/li>\n<li><span style=\"font-size: 14pt\">Popcornverkauf bei Kinonachmittagen<\/span><\/li>\n<li><span style=\"font-size: 14pt\">Stiftung einer Seilbahn, einer H\u00e4ngematte und einer Vogelnestschaukel<br \/>f\u00fcr den Schulhof<\/span><\/li>\n<li><span style=\"font-size: 14pt\">Kostenbeteiligung an diversen Theaterauff\u00fchrungen<\/span><\/li>\n<li><span style=\"font-size: 14pt\">Finanzierung einer Musikanlage mit Boxen<\/span><\/li>\n<li><span style=\"font-size: 14pt\">Kostenbeteiligung an verschiedenen Autorenlesungen<\/span><\/li>\n<li><span style=\"font-size: 14pt\">Kostenbeteiligung an der Kletterwand auf dem Schulhof<\/span><\/li>\n<li><span style=\"font-size: 14pt\">Anschaffung von Webrahmen<\/span><\/li>\n<li><span style=\"font-size: 14pt\">Kosten\u00fcbernahme und Aufbau des Gartenhauses auf dem Schulhof<\/span><\/li>\n<li><span style=\"font-size: 14pt\">Anschaffung von 12 Computern f\u00fcr die Klassenr\u00e4ume<\/span><\/li>\n<li>Anschaffung von Blue Bots<\/li>\n<li>Anschaffung einer Leseecke<\/li>\n<li>Zuschuss f\u00fcr den Snoezelenraum<\/li>\n<li>Zuschuss f\u00fcr Schulfahrten nach Cloppenburg oder in den Tierpark<\/li>\n<\/ul>\n<p><strong><span style=\"font-size: 18pt\">Das Beitrittsformular mit einem Jahresbeitrag von nur 13 \u20ac k\u00f6nnen Sie hier herunterladen oder im Sekretariat erhalten.<\/span><\/strong><\/p>\n\n\n<div data-wp-interactive=\"core\/file\" class=\"wp-block-file\"><object data-wp-bind--hidden=\"!state.hasPdfPreview\" hidden class=\"wp-block-file__embed\" data=\"https:\/\/wordpress.nibis.de\/gsoldendorf\/files\/2026\/01\/2025-Beitrittserklaerung-mit-SEPA-DINA4.pdf\" type=\"application\/pdf\" style=\"width:100%;height:600px\" aria-label=\"Einbettung von 2025 Beitrittserklaerung mit SEPA DINA4.\"><\/object><a id=\"wp-block-file--media-6ae24a41-1581-49e7-8972-a6a555fa13ae\" href=\"https:\/\/wordpress.nibis.de\/gsoldendorf\/files\/2026\/01\/2025-Beitrittserklaerung-mit-SEPA-DINA4.pdf\">2025 Beitrittserklaerung mit SEPA DINA4<\/a><a href=\"https:\/\/wordpress.nibis.de\/gsoldendorf\/files\/2026\/01\/2025-Beitrittserklaerung-mit-SEPA-DINA4.pdf\" class=\"wp-block-file__button wp-element-button\" download aria-describedby=\"wp-block-file--media-6ae24a41-1581-49e7-8972-a6a555fa13ae\">Herunterladen<\/a><\/div>\n","protected":false},"excerpt":{"rendered":"<p>Der F\u00f6rderverein der Grundschule Oldendorf ist ein eingetragener Verein,der am 26. Mai 1998\u00a0von 10 Personen gegr\u00fcndet wurde. Die Hauptaufgabesieht der Verein in der Unterst\u00fctzung der\u00a0Grundschule Oldendorf bei ihrerp\u00e4dagogischen und erzieherischen Aufgabe, indem seinerseits\u00a0finanzielleMittel und ideelle Hilfe zur Verf\u00fcgung gestellt werden. Wichtig bei dem Tun und Handeln des F\u00f6rdervereins ist das Wohlergehender Sch\u00fclerinnen und Sch\u00fcler\u00a0der Grundschule [&hellip;]<\/p>\n","protected":false},"author":9192721,"featured_media":0,"parent":0,"menu_order":0,"comment_status":"closed","ping_status":"closed","template":"","meta":{"footnotes":""},"class_list":["post-49","page","type-page","status-publish","hentry"],"_links":{"self":[{"href":"https:\/\/wordpress.nibis.de\/gsoldendorf\/wp-json\/wp\/v2\/pages\/49","targetHints":{"allow":["GET"]}}],"collection":[{"href":"https:\/\/wordpress.nibis.de\/gsoldendorf\/wp-json\/wp\/v2\/pages"}],"about":[{"href":"https:\/\/wordpress.nibis.de\/gsoldendorf\/wp-json\/wp\/v2\/types\/page"}],"author":[{"embeddable":true,"href":"https:\/\/wordpress.nibis.de\/gsoldendorf\/wp-json\/wp\/v2\/users\/9192721"}],"replies":[{"embeddable":true,"href":"https:\/\/wordpress.nibis.de\/gsoldendorf\/wp-json\/wp\/v2\/comments?post=49"}],"version-history":[{"count":31,"href":"https:\/\/wordpress.nibis.de\/gsoldendorf\/wp-json\/wp\/v2\/pages\/49\/revisions"}],"predecessor-version":[{"id":3538,"href":"https:\/\/wordpress.nibis.de\/gsoldendorf\/wp-json\/wp\/v2\/pages\/49\/revisions\/3538"}],"wp:attachment":[{"href":"https:\/\/wordpress.nibis.de\/gsoldendorf\/wp-json\/wp\/v2\/media?parent=49"}],"curies":[{"name":"wp","href":"https:\/\/api.w.org\/{rel}","templated":true}]}}