{"id":62,"date":"2019-05-16T18:55:36","date_gmt":"2019-05-16T16:55:36","guid":{"rendered":"https:\/\/wordpress.nibis.de\/gsovgcol\/?page_id=62"},"modified":"2025-09-12T08:14:15","modified_gmt":"2025-09-12T06:14:15","slug":"lehrschwimmbecken","status":"publish","type":"page","link":"https:\/\/wordpress.nibis.de\/gsovgcol\/lehrschwimmbecken\/","title":{"rendered":"Lehrschwimmbecken"},"content":{"rendered":"\n<figure class=\"wp-block-image\"><img loading=\"lazy\" decoding=\"async\" width=\"720\" height=\"404\" src=\"https:\/\/wordpress.nibis.de\/gsovgcol\/files\/2019\/07\/FB_IMG_1520954641491.jpg\" alt=\"\" class=\"wp-image-129\" srcset=\"https:\/\/wordpress.nibis.de\/gsovgcol\/files\/2019\/07\/FB_IMG_1520954641491.jpg 720w, https:\/\/wordpress.nibis.de\/gsovgcol\/files\/2019\/07\/FB_IMG_1520954641491-300x168.jpg 300w\" sizes=\"auto, (max-width: 720px) 100vw, 720px\" \/><\/figure>\n\n\n\n<p><strong>In den Sommerferien wird es wieder Schwimmkurse geben. Diese werden im Juni im Online-Ferienpass ver\u00f6ffentlicht unter <a href=\"http:\/\/mein-ferienpass.de\/\" target=\"_blank\" rel=\"noopener\">http:\/\/mein-ferienpass.de\/<\/a>. Auch die Termine f\u00fcr \u00f6ffentliches Schwimmen wird es dort geben.<br \/><\/strong><\/p>\n<div class=\"medium-12 column\"><strong>F\u00f6rderverein f\u00fcr Schwimmausbildung von Kindern und Jugendlichen<\/strong><br \/>Am Wall 6<br \/>26817 Rhauderfehn<br \/><br \/><strong>Ansprechpartnerin<\/strong><br \/>Frau Larissa Bluhm <br \/><br \/><i class=\"fa fa-phone\"><\/i> <a href=\"tel:04952 \/ 9528465\">04952 \/ 9528465<\/a> <br \/><i class=\"fa fa-envelope-o\"><\/i> <a href=\"https:\/\/www.rhauderfehn.de\/#\" data-mailto-token=\"ocknvq,ocknBuejykoogp\/eqnnkpijqtuv0pgv\" data-mailto-vector=\"2\">ma&#105;&#108;&#x40;&#x73;&#x63;&#x68;wi&#109;&#109;&#x65;&#x6e;&#x2d;&#x63;ol&#108;&#105;&#110;&#x67;&#x68;&#x6f;&#x72;st&#46;&#110;&#x65;&#x74;<\/a><\/div>\n<p>\u00a0<\/p>\n\n\n\n<p><\/p>\n","protected":false},"excerpt":{"rendered":"<p>In den Sommerferien wird es wieder Schwimmkurse geben. Diese werden im Juni im Online-Ferienpass ver\u00f6ffentlicht unter http:\/\/mein-ferienpass.de\/. Auch die Termine f\u00fcr \u00f6ffentliches Schwimmen wird es dort geben. F\u00f6rderverein f\u00fcr Schwimmausbildung von Kindern und JugendlichenAm Wall 626817 Rhauderfehn AnsprechpartnerinFrau Larissa Bluhm 04952 \/ 9528465 &#x6d;&#x61;&#x69;&#x6c;&#64;&#115;&#99;&#104;wim&#x6d;&#x65;&#x6e;&#x2d;&#x63;&#111;&#108;&#108;ing&#x68;&#x6f;&#x72;&#x73;&#x74;&#46;&#110;&#101;t \u00a0<\/p>\n","protected":false},"author":9193117,"featured_media":0,"parent":0,"menu_order":0,"comment_status":"closed","ping_status":"closed","template":"","meta":{"footnotes":""},"class_list":["post-62","page","type-page","status-publish","hentry"],"_links":{"self":[{"href":"https:\/\/wordpress.nibis.de\/gsovgcol\/wp-json\/wp\/v2\/pages\/62","targetHints":{"allow":["GET"]}}],"collection":[{"href":"https:\/\/wordpress.nibis.de\/gsovgcol\/wp-json\/wp\/v2\/pages"}],"about":[{"href":"https:\/\/wordpress.nibis.de\/gsovgcol\/wp-json\/wp\/v2\/types\/page"}],"author":[{"embeddable":true,"href":"https:\/\/wordpress.nibis.de\/gsovgcol\/wp-json\/wp\/v2\/users\/9193117"}],"replies":[{"embeddable":true,"href":"https:\/\/wordpress.nibis.de\/gsovgcol\/wp-json\/wp\/v2\/comments?post=62"}],"version-history":[{"count":17,"href":"https:\/\/wordpress.nibis.de\/gsovgcol\/wp-json\/wp\/v2\/pages\/62\/revisions"}],"predecessor-version":[{"id":1095,"href":"https:\/\/wordpress.nibis.de\/gsovgcol\/wp-json\/wp\/v2\/pages\/62\/revisions\/1095"}],"wp:attachment":[{"href":"https:\/\/wordpress.nibis.de\/gsovgcol\/wp-json\/wp\/v2\/media?parent=62"}],"curies":[{"name":"wp","href":"https:\/\/api.w.org\/{rel}","templated":true}]}}