{"id":145,"date":"2023-10-08T16:57:42","date_gmt":"2023-10-08T14:57:42","guid":{"rendered":"https:\/\/wordpress.nibis.de\/gspeheim\/?page_id=145"},"modified":"2023-10-08T16:57:42","modified_gmt":"2023-10-08T14:57:42","slug":"termine-im-jahreskreis","status":"publish","type":"page","link":"https:\/\/wordpress.nibis.de\/gspeheim\/termine-im-jahreskreis\/","title":{"rendered":"Termine im Jahreskreis"},"content":{"rendered":"\n<p><strong>August<\/strong><\/p>\n\n\n\n<p>Einschulung<\/p>\n\n\n\n<p>Schulanfangsgottesdienst<\/p>\n\n\n\n<p><strong>September<\/strong><\/p>\n\n\n\n<p>Elternabende Klasse 1-4 (Wahlen 1 und 3)<\/p>\n\n\n\n<p>Feueralarm<\/p>\n\n\n\n<p>Polizeib\u00fchne Wilhelmshaven (alle 4 Jahre 2018\/19, 2023\/24, 2027\/28)<\/p>\n\n\n\n<p><strong>Oktober<\/strong><\/p>\n\n\n\n<p>Projektwoche Plattdeutsch\/ Ernte\/Schulgarten (2023\/24) oder Sommer<\/p>\n\n\n\n<p>Gesamtkonferenz 1<\/p>\n\n\n\n<p>Fahrradkontrolle Polizei<\/p>\n\n\n\n<p>Bustraining Klasse 1<\/p>\n\n\n\n<p><strong>November<\/strong><\/p>\n\n\n\n<p>Methodentag Klasse 1 &#8211; 4<\/p>\n\n\n\n<p>1.Elternsprechtag am Bu\u00df-und Bettag (Beratungsgepr\u00e4che 1 f\u00fcr Klasse 4)<\/p>\n\n\n\n<p>Wortgottesdienst Bu\u00df-und Bettag mit Pastor Oliver D\u00fcrr<\/p>\n\n\n\n<p>St Martins Umzug (Laternen basteln)<\/p>\n\n\n\n<p>St Martins Gottesdienst<\/p>\n\n\n\n<p>Projekt Tulpen f\u00fcr Brot&nbsp; (alle 4 Jahre 2024\/25, 2030\/31)<\/p>\n\n\n\n<p>Gesamtkonferenz 2<\/p>\n\n\n\n<p><strong>Dezember<\/strong><\/p>\n\n\n\n<p>Nikolaustheater<\/p>\n\n\n\n<p>Besuch Weihnachtstheater (alle 4 Jahre Staatstheater Oldenburg 2022\/23, 2026\/27)<\/p>\n\n\n\n<p>Weihnachtgottesdienst<\/p>\n\n\n\n<p>Seniorensingen am Mittwoch vor den Ferien (Klasse 3 und 4)<\/p>\n\n\n\n<p>Klasse 1 und 2 Betreuung<\/p>\n\n\n\n<p>Weihnachtsbasteltag alle Klassen mit Klassenlehrer (Waffeln backen der PMs)<\/p>\n\n\n\n<p>Ausflug zum UBZ Vrees Adventsbacken<\/p>\n\n\n\n<p>Adventssingen unterm Adventskranz jeden Adventsmontag<\/p>\n\n\n\n<p>Gestaltung der Seniorenadventsfeier (Alle 7 Jahre 2018\/19, 2025\/26,2032\/33,2039\/40)<\/p>\n\n\n\n<p><strong>Januar<\/strong><\/p>\n\n\n\n<p>Zeugnisse f\u00fcr Klasse 2-4<\/p>\n\n\n\n<p>Beratungsgespr\u00e4che 2 f\u00fcr Klasse 4<\/p>\n\n\n\n<p>Besuch der AFS von Klasse 3 \/ 4<\/p>\n\n\n\n<p><strong>Februar<\/strong><\/p>\n\n\n\n<p>Karnevalsfeier mit Umzug durch den Ort<\/p>\n\n\n\n<p>Karnevalsfeier vom F\u00f6rderverein in der Sporthalle<\/p>\n\n\n\n<p>Arbeitseins\u00e4tze Schulgarten vom F\u00f6rderverein<\/p>\n\n\n\n<p>Beginn Br\u00fcckenjahr (Schlauf\u00fcchse besuchen die Schule alle 14 Tage.)<\/p>\n\n\n\n<p><strong>M\u00e4rz\/April\/Mai<\/strong><\/p>\n\n\n\n<p>Projektwoche (Wald\/Schulfestthema 22\/23\/Wechsel alle 4 Jahre) oder Herbst<\/p>\n\n\n\n<p>Klassenfahrt nach Bad Zwischenahn Klasse 4<\/p>\n\n\n\n<p>Gesamtkonferenz 3<\/p>\n\n\n\n<p>Fastengottesdienst oder Fr\u00fchjahrsgottesdienst<\/p>\n\n\n\n<p>Teilnahme am Aschermittwochsgottesdienst<\/p>\n\n\n\n<p>Vorlesetag der Klasse 1 in der KiTA<\/p>\n\n\n\n<p>Skipping Hearts (Alle 4 Jahre 2019\/20, 2023\/24, 2027\/28)<\/p>\n\n\n\n<p>Sponsorenlauf (alle 4 Jahre 2021\/22, 2025\/26, 2029\/30)<\/p>\n\n\n\n<p>Schulfest (Alle 4 Jahre 2018\/19, 2022\/23, 2026\/27, 2030\/31))<\/p>\n\n\n\n<p>Plattdeutscher Lesewettbewerb (alle 2 Jahre f\u00fcr Klasse 3 und 4)<\/p>\n\n\n\n<p>2.Elternsprechtag<\/p>\n\n\n\n<p>Schwimmwettk\u00e4mpfe der kleinen Schulen in L\u00f6ningen (Klasse 3 und 4)<\/p>\n\n\n\n<p>Fu\u00dfball- und V\u00f6lkerballturnier Klasse 3 und 4<\/p>\n\n\n\n<p>Dankgottesdienst und Fr\u00fchst\u00fcck Kommunionkinder (Klasse 3)<br>Besuch Imker M\u00f6ller Klasse 3 und 4<\/p>\n\n\n\n<p><strong>Juni\/Juli<\/strong><\/p>\n\n\n\n<p>Bundesjugendspiele<\/p>\n\n\n\n<p>Ausfl\u00fcge (Museumsdorf Cloppenburg\/ Kletterwald und Tierpark Th\u00fcle\/ Zoo Osnabr\u00fcck \/Tagesausflug)<\/p>\n\n\n\n<p>Theater Ahmsen<\/p>\n\n\n\n<p>Radfahrpr\u00fcfung Klasse 4<\/p>\n\n\n\n<p>Fronleichnam Teppich legen (Klasse 4)<\/p>\n\n\n\n<p>Lesenacht Klasse 2 (\u00dcbernachten in der Schule)<\/p>\n\n\n\n<p>Abschlussgottesdiesnt und Abschlussgrillen Klasse 4<\/p>\n","protected":false},"excerpt":{"rendered":"<p>August Einschulung Schulanfangsgottesdienst September Elternabende Klasse 1-4 (Wahlen 1 und 3) Feueralarm Polizeib\u00fchne Wilhelmshaven (alle 4 Jahre 2018\/19, 2023\/24, 2027\/28) Oktober Projektwoche Plattdeutsch\/ Ernte\/Schulgarten (2023\/24) oder Sommer Gesamtkonferenz 1 Fahrradkontrolle Polizei Bustraining Klasse 1 November Methodentag Klasse 1 &#8211; 4 &hellip; <a href=\"https:\/\/wordpress.nibis.de\/gspeheim\/termine-im-jahreskreis\/\">Weiterlesen <span class=\"meta-nav\">&rarr;<\/span><\/a><\/p>\n","protected":false},"author":9193914,"featured_media":0,"parent":0,"menu_order":0,"comment_status":"closed","ping_status":"closed","template":"","meta":{"footnotes":""},"class_list":["post-145","page","type-page","status-publish","hentry"],"_links":{"self":[{"href":"https:\/\/wordpress.nibis.de\/gspeheim\/wp-json\/wp\/v2\/pages\/145","targetHints":{"allow":["GET"]}}],"collection":[{"href":"https:\/\/wordpress.nibis.de\/gspeheim\/wp-json\/wp\/v2\/pages"}],"about":[{"href":"https:\/\/wordpress.nibis.de\/gspeheim\/wp-json\/wp\/v2\/types\/page"}],"author":[{"embeddable":true,"href":"https:\/\/wordpress.nibis.de\/gspeheim\/wp-json\/wp\/v2\/users\/9193914"}],"replies":[{"embeddable":true,"href":"https:\/\/wordpress.nibis.de\/gspeheim\/wp-json\/wp\/v2\/comments?post=145"}],"version-history":[{"count":2,"href":"https:\/\/wordpress.nibis.de\/gspeheim\/wp-json\/wp\/v2\/pages\/145\/revisions"}],"predecessor-version":[{"id":147,"href":"https:\/\/wordpress.nibis.de\/gspeheim\/wp-json\/wp\/v2\/pages\/145\/revisions\/147"}],"wp:attachment":[{"href":"https:\/\/wordpress.nibis.de\/gspeheim\/wp-json\/wp\/v2\/media?parent=145"}],"curies":[{"name":"wp","href":"https:\/\/api.w.org\/{rel}","templated":true}]}}