{"id":385,"date":"2024-05-22T09:37:46","date_gmt":"2024-05-22T07:37:46","guid":{"rendered":"https:\/\/wordpress.nibis.de\/gspeheim\/?page_id=385"},"modified":"2024-05-22T09:38:36","modified_gmt":"2024-05-22T07:38:36","slug":"foerderung-der-lesekompetenz","status":"publish","type":"page","link":"https:\/\/wordpress.nibis.de\/gspeheim\/foerderung-der-lesekompetenz\/","title":{"rendered":"F\u00f6rderung der Lesekompetenz"},"content":{"rendered":"\n<figure class=\"wp-block-image size-full\"><img loading=\"lazy\" decoding=\"async\" width=\"889\" height=\"222\" src=\"https:\/\/wordpress.nibis.de\/gspeheim\/files\/2024\/05\/Logo.png\" alt=\"\" class=\"wp-image-386\" srcset=\"https:\/\/wordpress.nibis.de\/gspeheim\/files\/2024\/05\/Logo.png 889w, https:\/\/wordpress.nibis.de\/gspeheim\/files\/2024\/05\/Logo-300x75.png 300w, https:\/\/wordpress.nibis.de\/gspeheim\/files\/2024\/05\/Logo-768x192.png 768w\" sizes=\"auto, (max-width: 889px) 100vw, 889px\" \/><\/figure>\n\n\n\n<ul class=\"wp-block-list\" type=\"1\"><li><strong>In der Schule<\/strong><\/li><li>B\u00fcchereif\u00fchrerschein in der Schulb\u00fccherei f\u00fcr die Vorschulkinder im Jahr vor der Einschulung<\/li><li>Lesepaten f\u00f6rdern Sch\u00fcler aus Klasse 1 und 2 Kooperation mit der \u00f6ffentlichen B\u00fccherei Peheim<\/li><li>Buchausleihe in der Schulb\u00fccherei wird von den Sch\u00fclerInnen der Klasse 4 organisiert<\/li><li>Lesekoffer wurde \u00fcber Coronagelder bereits angeschafft f\u00fcr die \u201eB\u00fccherei auf Reisen\u201c (Klasse 3 und 4)<\/li><li>Ein plattdeutscher Lesekoffer wird in Klasse 4 ausgeliehen<\/li><li>Teilnahme am plattdeutsche Lesewettstriet<\/li><li>Interner Lesewettbewerb f\u00fcr alle Klassen mit Antolinpunkte (Die beste Klasse erh\u00e4lt einen Wandertag und hausaufgabenfrei. Die 2 besten Sch\u00fcler aus den Jahrg\u00e4ngen erhalten ein Buch \u2013 auch hier suchen wir f\u00fcr das neue Jahr Sponsoren)<\/li><li>Teilnahme am Projekt \u201eIch schenk dir eine Geschichte\u201c<\/li><li>Ganzschriften in allen Klassen werden jedes Jahr gelesen und konnten \u00fcber Coronagelder als Klassensatz angeschafft werden<\/li><li>\u00dcberlegungen einen internen Leewettbewerb zu initialisieren<\/li><li>\u00dcberlegungen im Herbst einen Flohmarkt f\u00fcr B\u00fccher zu starten<\/li><li>Eventuell Lesef\u00f6rderung (Antolin-AG) im Rahmen des Ganztags anzubieten<\/li><li>Basisstunde soll bei gen\u00fcgender Personallage doppelt gesteckt werden und als Lesestunde eingef\u00fchrt werden<\/li><li>Sch\u00fcler der Klasse(n) lesen im Fr\u00fchjahr im Kindergarten vor und zeigen, was sie schon k\u00f6nnen<\/li><li>Lesenacht in Klasse 2<\/li><\/ul>\n\n\n\n<ul class=\"wp-block-list\"><li><strong>\u00d6ffentliche B\u00fccherei<\/strong><\/li><li>Absprache mit der \u00f6ffentlichen B\u00fccherei \u00fcber Buchanschaffungen, damit es nicht zu Dopplungen kommt (Schulb\u00fccherei schafft vermehrt Sachb\u00fccher zu Themenfeldern des Curriculums an: Wald, Ozeane, K\u00f6rper, Pferde, Insekten, Dinosaurier, Weltall..<\/li><li>Kooperation mit der \u00f6ffentlichen B\u00fccherei Peheim \u2013 es k\u00f6nnen alle vier bis 6 Wochen B\u00fccher entliehen werden (Klasse 2 \u2013 4); daf\u00fcr gibt es Sonder\u00f6ffnungszeiten nur f\u00fcr die Schule<\/li><\/ul>\n\n\n\n<ul class=\"wp-block-list\"><li><strong>F\u00f6rderverein als starker Partner (Helfend H\u00e4nde)<\/strong><\/li><li>F\u00f6rderverein investiert j\u00e4hrlich 400\u20ac bis 500\u20ac in die Anschaffung neuer B\u00fccher<\/li><li>Kosten der Leihe in der \u00f6ffentlichen B\u00fccherei \u00fcbernimmt der F\u00f6rderverein<\/li><li>Schule sucht mit Unterst\u00fctzung des F\u00f6rdervereins nach Sponsoren um weitere B\u00fccher anzuschaffen eventuell \u00fcber ortsans\u00e4ssige Vereine (Feuerwehr spendet Sachb\u00fccher zum Thema Feuerwehr, J\u00e4gerschaft zum Thema Wald, Tierarztpraxis \u00fcber Tiere..)<\/li><li>Es sollen neue Regale angeschafft werden, um die B\u00fccher auch richtig lagern und pr\u00e4sentieren zu k\u00f6nnen (Antrag bei der Volksbank, Kleebaumstiftung Cloppenburg)<\/li><li>Mobile B\u00fccherkisten sollen angeschafft werden<\/li><\/ul>\n\n\n\n<ul class=\"wp-block-list\"><li><strong>Gemeinde Molbergen<\/strong><\/li><li>zahlt den Account f\u00fcr Antolin<\/li><li>\u00dcber Digitalpakt wurden I-Pads angeschafft (Antolin)<\/li><\/ul>\n","protected":false},"excerpt":{"rendered":"<p>In der Schule B\u00fcchereif\u00fchrerschein in der Schulb\u00fccherei f\u00fcr die Vorschulkinder im Jahr vor der Einschulung Lesepaten f\u00f6rdern Sch\u00fcler aus Klasse 1 und 2 Kooperation mit der \u00f6ffentlichen B\u00fccherei Peheim Buchausleihe in der Schulb\u00fccherei wird von den Sch\u00fclerInnen der Klasse 4 &hellip; <a href=\"https:\/\/wordpress.nibis.de\/gspeheim\/foerderung-der-lesekompetenz\/\">Weiterlesen <span class=\"meta-nav\">&rarr;<\/span><\/a><\/p>\n","protected":false},"author":9193914,"featured_media":0,"parent":0,"menu_order":0,"comment_status":"closed","ping_status":"closed","template":"","meta":{"footnotes":""},"class_list":["post-385","page","type-page","status-publish","hentry"],"_links":{"self":[{"href":"https:\/\/wordpress.nibis.de\/gspeheim\/wp-json\/wp\/v2\/pages\/385","targetHints":{"allow":["GET"]}}],"collection":[{"href":"https:\/\/wordpress.nibis.de\/gspeheim\/wp-json\/wp\/v2\/pages"}],"about":[{"href":"https:\/\/wordpress.nibis.de\/gspeheim\/wp-json\/wp\/v2\/types\/page"}],"author":[{"embeddable":true,"href":"https:\/\/wordpress.nibis.de\/gspeheim\/wp-json\/wp\/v2\/users\/9193914"}],"replies":[{"embeddable":true,"href":"https:\/\/wordpress.nibis.de\/gspeheim\/wp-json\/wp\/v2\/comments?post=385"}],"version-history":[{"count":2,"href":"https:\/\/wordpress.nibis.de\/gspeheim\/wp-json\/wp\/v2\/pages\/385\/revisions"}],"predecessor-version":[{"id":388,"href":"https:\/\/wordpress.nibis.de\/gspeheim\/wp-json\/wp\/v2\/pages\/385\/revisions\/388"}],"wp:attachment":[{"href":"https:\/\/wordpress.nibis.de\/gspeheim\/wp-json\/wp\/v2\/media?parent=385"}],"curies":[{"name":"wp","href":"https:\/\/api.w.org\/{rel}","templated":true}]}}