{"id":61,"date":"2023-09-03T21:57:16","date_gmt":"2023-09-03T19:57:16","guid":{"rendered":"https:\/\/wordpress.nibis.de\/gspeheim\/?page_id=61"},"modified":"2023-09-04T12:45:11","modified_gmt":"2023-09-04T10:45:11","slug":"abc-der-schule","status":"publish","type":"page","link":"https:\/\/wordpress.nibis.de\/gspeheim\/abc-der-schule\/","title":{"rendered":"Eltern ABC"},"content":{"rendered":"\n<p>Liebe Eltern,<\/p>\n\n\n\n<p>an der Grundschule Peheim hei\u00dfen wir Sie herzlich willkommen!<\/p>\n\n\n\n<p>Mit einem kleinen Anfangs-ABC m\u00f6chten wir Ihnen erste Informationen \u00fcber unser Schulleben geben und w\u00fcnschen Ihnen und Ihrem Kind eine sch\u00f6ne Schulzeit und mit uns eine gute Zusammenarbeit!<\/p>\n\n\n\n<p><strong>Schulleitung, Kollegium &amp; Sekret\u00e4rin<\/strong><\/p>\n\n\n\n<p><strong><u>A&nbsp;&nbsp;&nbsp;&nbsp;&nbsp;&nbsp;&nbsp;&nbsp;&nbsp;&nbsp;&nbsp;&nbsp;&nbsp;&nbsp;&nbsp;&nbsp; Anfangszeiten<\/u><\/strong><\/p>\n\n\n\n<p>Der Unterrichtsbeginn ist um 7.56 Uhr. Der Beginn der Aufsicht auf dem Schulhof ist um 7.35 Uhr. Kinder, die fr\u00fcher als 7.35 auf dem Schulgel\u00e4nde abgesetzt werden, sind nicht beaufsichtigt und nicht \u00fcber den Gemeindeunfallverband (GUV) versichert.<\/p>\n\n\n\n<p><strong><u>B&nbsp;&nbsp;&nbsp;&nbsp;&nbsp;&nbsp;&nbsp;&nbsp;&nbsp;&nbsp;&nbsp;&nbsp;&nbsp;&nbsp;&nbsp;&nbsp; Betreuung\/Bewegung<\/u><\/strong><\/p>\n\n\n\n<p>Sie haben vor Schuleintritt Ihres Kindes die M\u00f6glichkeit, es zur Betreuung von 11.50 Uhr bis 12.50 Uhr anzumelden. In dieser Zeit werden die Kinder von p\u00e4dagogischen Mitarbeiterinnen betreut, die eng mit den Klassenlehrerinnen zusammenarbeiten und ihre Arbeit mit ihnen abstimmen. In der Betreuung werden ihnen Angebote aus den Bereichen Malen und Basteln, Bauen, Spiele f\u00fcr drinnen und drau\u00dfen, Bewegungsspiele auf dem Schulhof und in der Sporthalle usw. geboten.<\/p>\n\n\n\n<p><strong><u>B&nbsp;&nbsp;&nbsp;&nbsp;&nbsp;&nbsp;&nbsp;&nbsp;&nbsp;&nbsp;&nbsp;&nbsp;&nbsp;&nbsp;&nbsp;&nbsp; Bus<\/u><\/strong><\/p>\n\n\n\n<p>Wenn Ihr Kind die Berechtigung hat, f\u00fcr seinen Schulweg die \u00f6ffentlichen Busverbindungen unentgeltlich benutzen zu d\u00fcrfen, erh\u00e4lt es von uns eine Fahrkarte und wird \u00fcber die Abfahrtzeiten und Ankunftszeiten an den bekannten Bushaltestellen informiert. Nach der 4. Schulstunde (11.50 Uhr) <strong><u>f\u00e4hrt kein Bus.<\/u><\/strong><\/p>\n\n\n\n<p><strong><u>C&nbsp;&nbsp;&nbsp;&nbsp;&nbsp;&nbsp;&nbsp;&nbsp;&nbsp;&nbsp;&nbsp;&nbsp;&nbsp;&nbsp;&nbsp;&nbsp; Computer<\/u><\/strong><\/p>\n\n\n\n<p>Computer lernen die Kinder als Lern- und Arbeitsger\u00e4te kennen. Jede Klasse hat Zugang zu einem mobilen Laptopwagen. Die Laptops sind mit Lernprogrammen ausger\u00fcstet. Ebenfalls werden sie in unterschiedlichen F\u00e4chern zu Recherchezwecken eingebunden, sodass die Sch\u00fcler im Umgang mit ihnen geschult werden und im Umgang mit digitalen Medien gest\u00e4rkt werden.<\/p>\n\n\n\n<p><strong><u>D&nbsp;&nbsp;&nbsp;&nbsp;&nbsp;&nbsp;&nbsp;&nbsp;&nbsp;&nbsp;&nbsp;&nbsp;&nbsp;&nbsp;&nbsp;&nbsp; Druckschrift<\/u><\/strong><\/p>\n\n\n\n<p>Druckschrift ist die erste Schrift, die Ihr Kind lesen und schreiben lernt. Mit der Schreibschrift beginnen wir nach der Einf\u00fchrung aller Druckbuchstaben und Druckbuchstabenverbindungen.<\/p>\n\n\n\n<p><strong><u>E&nbsp;&nbsp;&nbsp;&nbsp;&nbsp;&nbsp;&nbsp;&nbsp;&nbsp;&nbsp;&nbsp;&nbsp;&nbsp;&nbsp;&nbsp;&nbsp;&nbsp; Elterngespr\u00e4che\/Elternsprechtage<\/u><\/strong><\/p>\n\n\n\n<p>Elterngespr\u00e4che sind wichtig und notwendig. Nach vorheriger Terminabsprache k\u00f6nnen Sie jederzeit mit jeder Lehrerin sprechen. Lehrerkontakte werden auf dem ersten Elternabend bekannt gemacht.<\/p>\n\n\n\n<p>An unserer Schule sind zwei Elternsprechtage f\u00fcr jedes Schuljahr vorgesehen. (erster Sprechtag im November\/ und zweiter Sprechtag im M\u00e4rz\/April). &nbsp;Hier k\u00f6nnen Sie sich im pers\u00f6nlichen Gespr\u00e4ch mit der Lehrerin z. B. \u00fcber den Leistungsstand Ihres Kindes informieren.<\/p>\n\n\n\n<p>Sie erhalten jeweils Einladungen. Termine werden vorher, Ihren W\u00fcnschen entsprechend, ausgegeben.<\/p>\n\n\n\n<p><strong><u>E&nbsp;&nbsp;&nbsp;&nbsp;&nbsp;&nbsp;&nbsp;&nbsp;&nbsp;&nbsp;&nbsp;&nbsp;&nbsp;&nbsp;&nbsp;&nbsp;&nbsp; Entschuldigungen<\/u><\/strong><\/p>\n\n\n\n<p>Bei Krankheit Ihres Kindes sollten Sie die Schule umgehend, m\u00f6glichst bis sp\u00e4testens 7.55 Uhr, benachrichtigen, damit wir wissen, dass Ihrem Kind auf dem Schulweg nichts zugesto\u00dfen ist. Es gen\u00fcgt, wenn Sie dies telefonisch erledigen (B\u00fcro besetzt ab 7.35 Uhr).<\/p>\n\n\n\n<p>&nbsp;Bei Krankheit ben\u00f6tigen wir eine schriftliche Entschuldigung, die sie in den Schulplaner Ihres Kindes auf der entsprechenden Seite eintragen k\u00f6nnen. Entschuldigungen vom Sport\/ bzw. Schwimmunterricht vermerken Sie bitte schriftlich im Schulplaner.<\/p>\n\n\n\n<p><strong><u>F&nbsp;&nbsp;&nbsp;&nbsp;&nbsp;&nbsp;&nbsp;&nbsp;&nbsp;&nbsp;&nbsp;&nbsp;&nbsp;&nbsp;&nbsp;&nbsp;&nbsp; Fahrrad<\/u><\/strong><\/p>\n\n\n\n<p>Lassen Sie sich beim Kauf eines Fahrrades beraten und achten Sie auf dessen Verkehrssicherheit und die passende Gr\u00f6\u00dfe. Begleiten Sie Ihr Kind mit dem Fahrrad \u2013 eine Fahrradpr\u00fcfung wird erst im 4. Schuljahr gemacht. Zur Sicherheit Ihres Kindes sollte es einen gut sitzenden Fahrradhelm (mit Pr\u00fcfsiegel) tragen. Die Fahrr\u00e4der m\u00fcssen an den daf\u00fcr vorgesehenen Pl\u00e4tzen abgestellt werden.<\/p>\n\n\n\n<p><strong><u>F&nbsp;&nbsp;&nbsp;&nbsp;&nbsp;&nbsp;&nbsp;&nbsp;&nbsp;&nbsp;&nbsp;&nbsp;&nbsp;&nbsp;&nbsp;&nbsp;&nbsp; Ferien<\/u><\/strong><\/p>\n\n\n\n<p>Ferientermine und bewegliche Feiertage bzw. ge\u00e4nderte Abholzeiten und Betreuung bei d\u00f6rflichen Festen erhalten Sie in schriftlicher Form.<\/p>\n\n\n\n<p><strong><u>F&nbsp;&nbsp;&nbsp;&nbsp;&nbsp;&nbsp;&nbsp;&nbsp;&nbsp;&nbsp;&nbsp;&nbsp;&nbsp;&nbsp;&nbsp;&nbsp;&nbsp; F\u00f6rderverein<\/u><\/strong><\/p>\n\n\n\n<p>Zur F\u00f6rderung des Unterrichts und der Erziehungsarbeit haben engagierte Eltern einen F\u00f6rderverein gegr\u00fcndet, der aktiv und kreativ bereits verschiedene Veranstaltungen geplant und erfolgreich durchgef\u00fchrt hat. Der Verein unterst\u00fctzt die Schule finanziell bei der Anschaffung von Unterrichts-, Spiel- und Sportmaterial und leistet Arbeitseins\u00e4tze im Schulgarten oder bei Schulfesten. Er zahlt ausnahmslos alle Busfahrten zu Theaterauff\u00fchrungen oder Parks.<\/p>\n\n\n\n<p>Wir f\u00e4nden es sch\u00f6n, wenn jede Familie f\u00fcr die Dauer der Grundschulzeit ihrer Kinder dem F\u00f6rderverein als Mitglied angeh\u00f6rt.<\/p>\n\n\n\n<p><strong><u>F&nbsp;&nbsp;&nbsp;&nbsp;&nbsp;&nbsp;&nbsp;&nbsp;&nbsp;&nbsp;&nbsp;&nbsp;&nbsp;&nbsp;&nbsp;&nbsp;&nbsp; Feste und Feiern<\/u><\/strong><\/p>\n\n\n\n<p>Alle vier Jahre findet ein Schulfest statt, so dass Ihr Kind im Lauf der Grundschulzeit eines dieser Feste miterlebt. Au\u00dferdem feiern wir Nikolaus, Karneval, veranstalten alle sieben Jahre den Seniorennachmittag und besuchen j\u00e4hrlich in der Vorweihnachtszeit die Senioren \u00fcber 80.<\/p>\n\n\n\n<p><strong><u>G&nbsp;&nbsp;&nbsp;&nbsp;&nbsp;&nbsp;&nbsp;&nbsp;&nbsp;&nbsp;&nbsp;&nbsp;&nbsp;&nbsp;&nbsp;&nbsp; Gesundes Fr\u00fchst\u00fcck<\/u><\/strong><\/p>\n\n\n\n<p>Die Kinder fr\u00fchst\u00fccken gemeinsam im Klassenraum (Fr\u00fchst\u00fcckspause von 9.40 \u2013 9.50 Uhr). Sie fr\u00fchst\u00fccken in Ruhe im Klassenraum an ihren Tischen.<\/p>\n\n\n\n<p>Bitte sorgen Sie f\u00fcr ein gesundes, abwechslungsreiches Fr\u00fchst\u00fcck.<\/p>\n\n\n\n<p>Wichtig sind Obst und Gem\u00fcse (Gurken, M\u00f6hren, Paprika usw.), ein Butterbrot und ein Getr\u00e4nk. Zu trinken geben Sie ihrem Kind im besten Fall Wasser mit.<\/p>\n\n\n\n<p>Jeden Freitag findet in den Klassen das aus dem Kindergarten bekannte \u201eJulinchen-Fr\u00fchst\u00fcck\u201c statt. Jedes Kind bringt etwas Gesundes von zu Hause mit, welches dann als Buffet im Klassenraum aufgebaut und gemeinsam gegessen wird.<\/p>\n\n\n\n<p><strong><u>G&nbsp;&nbsp;&nbsp;&nbsp;&nbsp;&nbsp;&nbsp;&nbsp;&nbsp;&nbsp;&nbsp;&nbsp;&nbsp;&nbsp;&nbsp;&nbsp; Grundschulplaner<\/u><\/strong><\/p>\n\n\n\n<p>In den Grundschulplaner werden viele Informationen eingetragen.<\/p>\n\n\n\n<p>Die Kinder f\u00fchren ihn als Hausaufgabenheft, die Eltern und Lehrerinnen k\u00f6nnen ihn zum Austausch von Mitteilungen benutzen. Bitte kontrollieren Sie den Grundschulplaner t\u00e4glich.<\/p>\n\n\n\n<p>Der Planer wird f\u00fcr alle Kinder der Schule \u00fcber eine Sammelbestellung angeschafft.<\/p>\n\n\n\n<p><strong><u>G&nbsp;&nbsp;&nbsp;&nbsp;&nbsp;&nbsp;&nbsp;&nbsp;&nbsp;&nbsp;&nbsp;&nbsp;&nbsp;&nbsp;&nbsp;&nbsp; Gottesdienste<\/u><\/strong><\/p>\n\n\n\n<p>Als katholische Grundschule nehmen wir an ausgew\u00e4hlten Gottesdiensten der katholischen Kirche teil (Aschermittwoch, Bu\u00df- und Bettag, Wortgottesdienst zur Einschulung) und gestalten selber mehrere Gottesdienste mit den Kindern (Gottesdienst zum Schuljahresbeginn, St. Martin, Weihnachten, Fastenzeit\/ Fr\u00fchling im Schulgarten, Abschlussgottesdienst).<\/p>\n\n\n\n<p><strong><u>H&nbsp;&nbsp;&nbsp;&nbsp;&nbsp;&nbsp;&nbsp;&nbsp;&nbsp;&nbsp;&nbsp;&nbsp;&nbsp;&nbsp;&nbsp;&nbsp; Hausaufgaben<\/u><\/strong><\/p>\n\n\n\n<p>Die Hausaufgaben erg\u00e4nzen die Arbeit in der Schule und unterst\u00fctzen den Lernprozess der Kinder. Sie sollten in der Regel ca. 30 Minuten konzentriertes Arbeiten pro Tag nicht \u00fcberschreiten.<\/p>\n\n\n\n<p>Hausaufgaben sollten regelm\u00e4\u00dfig und vollst\u00e4ndig gemacht und von Ihrem Kind selbst\u00e4ndig erledigt werden. Sollte es dabei Schwierigkeiten haben, sprechen Sie mit der Lehrerin oder schreiben Sie eine Nachricht ins Hausaufgabenheft.<\/p>\n\n\n\n<p><strong><u>I&nbsp;&nbsp;&nbsp;&nbsp;&nbsp;&nbsp;&nbsp;&nbsp;&nbsp;&nbsp;&nbsp;&nbsp;&nbsp;&nbsp;&nbsp;&nbsp;&nbsp;&nbsp; Internet<\/u><\/strong><\/p>\n\n\n\n<p>Unsere Sch\u00fclerinnen und Sch\u00fcler arbeiten w\u00e4hrend des Unterrichts auch im Internet (siehe \u201eComputer\u201c).<\/p>\n\n\n\n<p>Auf unserer Homepage k\u00f6nnen Sie viele interessante und aktuelle Dinge \u00fcber unsere Schule erfahren. Unter anderem die Termine und aktuellen Elternbriefe und Downloads. Unsere Homepage-Adresse finden Sie unter der Google Suche: \u201eGrundschule Peheim\u201c.<\/p>\n\n\n\n<p>oder direkt unter der Adresse http:\/\/grundschule-peheim.de.<\/p>\n\n\n\n<p><strong><u>I&nbsp;&nbsp;&nbsp;&nbsp;&nbsp;&nbsp;&nbsp;&nbsp;&nbsp;&nbsp;&nbsp;&nbsp;&nbsp;&nbsp;&nbsp;&nbsp;&nbsp;&nbsp; Inklusion<\/u><\/strong><\/p>\n\n\n\n<p>Seit dem 01.08.2013 gibt es in Niedersachsen die Inklusion. D.h., Kinder mit besonderem F\u00f6rderbedarf werden im Klassenverband, teilweise zieldifferent, unterrichtet. Daf\u00fcr steht uns ebenfalls eine F\u00f6rderschullehrkraft mit 2 Unterrichtsstunden\/Jahrgang pro Woche zur Verf\u00fcgung.<\/p>\n\n\n\n<p><strong><u>K&nbsp;&nbsp;&nbsp;&nbsp;&nbsp;&nbsp;&nbsp;&nbsp;&nbsp;&nbsp;&nbsp;&nbsp;&nbsp;&nbsp;&nbsp;&nbsp; Kleidung<\/u><\/strong><\/p>\n\n\n\n<p>Die Kleidung Ihres Kindes sollte praktisch sein und Ihr Kinder sollte allein mit den Verschl\u00fcssen klarkommen. Gummistiefeln und Matschhosen\/Schneehosen d\u00fcrfen gerne mitgebracht werden. Achten Sie darauf, dass Jacken wasserabweisend\/wasserdicht sind und eine Kapuze haben. Die Kinder sollen auch bei leichtem Regen\/Nieselregen drau\u00dfen spielen k\u00f6nnen.<\/p>\n\n\n\n<p><strong><u>L&nbsp;&nbsp;&nbsp;&nbsp;&nbsp;&nbsp;&nbsp;&nbsp;&nbsp;&nbsp;&nbsp;&nbsp;&nbsp;&nbsp;&nbsp;&nbsp;&nbsp; Lehrerinnen und Mitarbeiter der Schule<\/u><\/strong><\/p>\n\n\n\n<p>An unserer Schule unterrichten seit dem Schuljahr 2019\/20 folgende Lehrerinnen:<\/p>\n\n\n\n<p>Frau Martina Gerdes, Frau Lucia Meyer, Frau Maria Wichmann.<\/p>\n\n\n\n<p>Frau Riesenbeck ist die Rektorin unserer Schule.<\/p>\n\n\n\n<p>Als p\u00e4dagogische Mitarbeiter arbeiten Frau Baalmann und Frau Brozmann bei uns. Frau Baalmann unterst\u00fctzt uns im Krankheitsfall als Vertretungslehrerin und begleitet den Schwimmunterricht. Frau Brozmann macht die Betreuungsstunden f\u00fcr Klasse 1 und 2. Frau Frye-S\u00fcdkamp unterst\u00fctzt unser Kollegium als F\u00f6rderschullehrkraft.<\/p>\n\n\n\n<p><strong><u>L&nbsp;&nbsp;&nbsp;&nbsp;&nbsp;&nbsp;&nbsp;&nbsp;&nbsp;&nbsp;&nbsp;&nbsp;&nbsp;&nbsp;&nbsp;&nbsp;&nbsp; Lernmittelausleihe<\/u><\/strong><\/p>\n\n\n\n<p>An unserer Schule werden die meisten Lernmittel gegen Zahlung eines Entgelts ausgeliehen. F\u00fcr die Klasse 1 ist daf\u00fcr die Fibel vorgesehen. Als Leihentgelt wird ein Richtwert von ca. 33% des Ladenpreises angenommen. Familien mit 3 oder mehr schulpflichtigen Kindern zahlen 80% des festgesetzten Entgelts. Sollten die ausgeliehenen B\u00fccher besch\u00e4digt sein, m\u00fcssen die Eltern diese im Rahmen des Zeitwertes der Ausleihe ersetzen. Alle anderen Materialien sind kostenpflichtige Arbeitsmaterialien.<\/p>\n\n\n\n<p><strong><u>M&nbsp;&nbsp;&nbsp;&nbsp;&nbsp;&nbsp;&nbsp;&nbsp;&nbsp;&nbsp;&nbsp;&nbsp;&nbsp;&nbsp;&nbsp;&nbsp; Materialien<\/u><\/strong><\/p>\n\n\n\n<p>Sie erhalten von uns eine Liste mit allen Materialien, die Ihr Kind ben\u00f6tigt. \u00dcberpr\u00fcfen Sie regelm\u00e4\u00dfig die Arbeitsmaterialien auf ihre Vollst\u00e4ndigkeit.<\/p>\n\n\n\n<p><strong><u>N&nbsp;&nbsp;&nbsp;&nbsp;&nbsp;&nbsp;&nbsp;&nbsp;&nbsp;&nbsp;&nbsp;&nbsp;&nbsp;&nbsp;&nbsp;&nbsp; Noten<\/u><\/strong><\/p>\n\n\n\n<p>Noten gibt es im 1. und 2. Schuljahr noch nicht. Ab Klasse 3 werden Noten erteilt, ab Klasse 4 wird auch das Fach Englisch zensiert.<\/p>\n\n\n\n<p><strong><u>O&nbsp;&nbsp;&nbsp;&nbsp;&nbsp;&nbsp;&nbsp;&nbsp;&nbsp;&nbsp;&nbsp;&nbsp;&nbsp;&nbsp;&nbsp;&nbsp; Ordnung<\/u><\/strong><\/p>\n\n\n\n<p>Bitte versehen Sie B\u00fccher und Hefte innerhalb der ersten Tage mit einem Schutzumschlag und Namen.<\/p>\n\n\n\n<p>Halten Sie Ihr Kind auch Zuhause an, seine Jacke aufzuh\u00e4ngen, Schuhe wegzustellen usw.! Wir tun das in der Schule auch. Bitte kontrollieren Sie w\u00f6chentlich die Schultasche und die Griffelmappe auf Vollst\u00e4ndigkeit.<\/p>\n\n\n\n<p><strong><u>P&nbsp;&nbsp;&nbsp;&nbsp;&nbsp;&nbsp;&nbsp;&nbsp;&nbsp;&nbsp;&nbsp;&nbsp;&nbsp;&nbsp;&nbsp;&nbsp;&nbsp; Pausen<\/u><\/strong><\/p>\n\n\n\n<p>Die erste Pause ist von 08.50 bis 8.55 Uhr. In dieser Pause haben die Kinder Zeit auf die Toilette zu gehen oder wenn n\u00f6tig in einen anderen Raum zu wechseln.<\/p>\n\n\n\n<p>Von 9.40 Uhr bis 9.50 Uhr findet die Fr\u00fchst\u00fcckspause statt. Direkt im Anschluss daran folgt eine gro\u00dfe Drau\u00dfenpause (25 Minuten). Damit die Kinder die Pausen m\u00f6glichst aktiv gestalten k\u00f6nnen, stehen ihnen verschiedene Bewegungsmaterialien wie Fahrzeuge, Seile, Stelzen, B\u00e4lle, eine Tischtennisplatte usw. zur Verf\u00fcgung. Bei Regen gibt es eine besondere Pausenregelung, bei der die Sch\u00fcler im Geb\u00e4ude bleiben.<\/p>\n\n\n\n<p>Nach der 3. Stunde findet von 11.00 Uhr bis 11.05 Uhr noch eine Toilettenpause und nach der 4. Stunde von 11.50 Uhr bis 12.05 Uhr eine 15-min\u00fctige Drau\u00dfenpause statt.<\/p>\n\n\n\n<p><strong><u>P&nbsp;&nbsp;&nbsp;&nbsp;&nbsp;&nbsp;&nbsp;&nbsp;&nbsp;&nbsp;&nbsp;&nbsp;&nbsp;&nbsp;&nbsp;&nbsp;&nbsp; Parken<\/u><\/strong><\/p>\n\n\n\n<p>Sollten Sie Ihr Kind mit dem Auto zur Schule bringen bzw. abholen, achten Sie bitte auf die Sicherheit aller Schulkinder \/ Kindergartenkinder und parken Sie nicht an der Bushaltestelle.<\/p>\n\n\n\n<p><strong><u>R&nbsp;&nbsp;&nbsp;&nbsp;&nbsp;&nbsp;&nbsp;&nbsp;&nbsp;&nbsp;&nbsp;&nbsp;&nbsp;&nbsp;&nbsp;&nbsp; Regeln<\/u><\/strong><\/p>\n\n\n\n<p>Das Zusammenleben in einer gro\u00dfen Gemeinschaft ist nur m\u00f6glich, wenn jeder sich an bestimmte Regeln h\u00e4lt. Deshalb gibt es in der Schule ein Erziehungskonzept und eine Schulordnung. In den Klassen werden gemeinsam Regeln aufgestellt und erarbeitet, die den Kindern bekannt sind und an die sich alle halten m\u00fcssen. Eine Verletzung der Regeln hat Konsequenzen (Abgabe des Spielausweises, Nach-Denk-Karte, Smileyboard, etc..), die sich an der Schwere des Regelversto\u00dfes bemisst.<\/p>\n\n\n\n<p>Bedenken Sie bitte, dass ein kl\u00e4rendes Gespr\u00e4ch mit Ihrem Kind bei angeordneten Strafaufgaben wichtig ist. Auch Sie leisten einen wichtigen Beitrag, damit das Gemeinschaftsleben in der Schule mit vielen verschiedenen Kindern gut gelingen kann.<\/p>\n\n\n\n<p><strong><u>S&nbsp;&nbsp;&nbsp;&nbsp;&nbsp;&nbsp;&nbsp;&nbsp;&nbsp;&nbsp;&nbsp;&nbsp;&nbsp;&nbsp;&nbsp;&nbsp;&nbsp; Sekretariat<\/u><\/strong><\/p>\n\n\n\n<p>Unsere Sekret\u00e4rin Ulla Wilke arbeitet jeden Dienstagnachmittag von 12.30 Uhr bis 16.30 Uhr im B\u00fcro der Schule.<\/p>\n\n\n\n<p>Die Telefonnummer unserer Schule ist 04479\/428.<\/p>\n\n\n\n<p>Per E-Mail erreichen Sie uns unter &#103;&#114;&#x75;n&#100;&#x73;&#x63;h&#117;&#x6c;&#x65;&#46;&#112;&#x65;h&#101;&#x69;&#x6d;&#64;&#101;&#x77;&#x65;t&#101;&#x6c;&#46;&#110;&#x65;&#x74;.<\/p>\n\n\n\n<p><strong><u>Sch&nbsp;&nbsp;&nbsp;&nbsp;&nbsp;&nbsp;&nbsp;&nbsp;&nbsp;&nbsp;&nbsp;&nbsp;&nbsp; Schulleitung<\/u><\/strong><\/p>\n\n\n\n<p>Die Grundschule Peheim wird seit 2018 von Frau Riesenbeck geleitet. Bei einem Anliegen Ihrerseits sprechen Sie bitte zun\u00e4chst den zust\u00e4ndigen Lehrer bzw. Klassenlehrer an. Sollte ein Gespr\u00e4ch mit der Schulleitung gew\u00fcnscht sein, melden Sie sich bitte vorab telefonisch um einen Termin zu vereinbaren.<\/p>\n\n\n\n<p><strong><u>Sch&nbsp;&nbsp;&nbsp;&nbsp;&nbsp;&nbsp;&nbsp;&nbsp;&nbsp;&nbsp;&nbsp;&nbsp;&nbsp; Schulausfall bei extremen Wetterverh\u00e4ltnissen<\/u><\/strong><\/p>\n\n\n\n<p>Die Entscheidung, ob Unterricht stattfindet oder nicht, trifft der Landkreis Cloppenburg.<\/p>\n\n\n\n<p>Grunds\u00e4tzlich gilt, dass Erziehungsberechtigte, die eine unzumutbare Gef\u00e4hrdung ihrer Kinder auf dem Schulweg durch extreme Witterungsverh\u00e4ltnisse bef\u00fcrchten, ihre Kinder auch dann zu Hause behalten oder vorzeitig vom Unterricht abholen k\u00f6nnen, wenn kein genereller Unterrichtsausfall angeordnet worden ist.<\/p>\n\n\n\n<p>Die Schulen gew\u00e4hrleisten f\u00fcr Sch\u00fclerinnen und Sch\u00fcler, die trotz des angeordneten Unterrichtsausfalls zur Schule kommen, die Betreuung.<\/p>\n\n\n\n<p>Informationen dar\u00fcber, ob die Schule ausf\u00e4llt, finden Sie z.B. auf der Internetseite des Landkreises Cloppenburg oder der App Clp.<\/p>\n\n\n\n<p><strong><u>Sp&nbsp;&nbsp;&nbsp;&nbsp;&nbsp;&nbsp;&nbsp;&nbsp;&nbsp;&nbsp;&nbsp;&nbsp;&nbsp;&nbsp;&nbsp; Sportbekleidung<\/u><\/strong><\/p>\n\n\n\n<p>Die Sportbekleidung sollte aus einer Sporthose (kurz oder lang) einem Oberteil und passenden Sportschuhen bestehen. Achten Sie in regelm\u00e4\u00dfigen Abst\u00e4nden darauf den Sportbeutel mit nach Hause zu nehmen, um die Sachen zu waschen und die Gr\u00f6\u00dfe der Sportschuhe dem Wachstum Ihres Kindes anzupassen. Ohne Sportschuhe darf Ihr Kind aus versicherungstechnischen Gr\u00fcnden nicht am Sportunterricht teilnehmen (Infos zum Sportunterricht bzw. Schwimmen gibt es auf dem 1. Elternabend in jeder Klasse). Beachten Sie auch das Tragen einer Sporbrille.<\/p>\n\n\n\n<p><strong><u>T&nbsp;&nbsp;&nbsp;&nbsp;&nbsp;&nbsp;&nbsp;&nbsp;&nbsp;&nbsp;&nbsp;&nbsp;&nbsp;&nbsp;&nbsp;&nbsp;&nbsp; Telefonnummern\/Kontakt<\/u><\/strong><\/p>\n\n\n\n<p>Wir m\u00f6chten Sie darum bitten, dass Sie am ersten Elternabend im Schuljahr durch Bekanntgabe Ihrer Telefonnummer das Erstellen einer Kontaktliste f\u00fcr die Klassengemeinschaft m\u00f6glich machen.<\/p>\n\n\n\n<p>Die Angaben Ihrer Telefonnummern und Ersatznummern f\u00fcr den Notfall ist hiervon nicht betroffen \u2013 diese Angeben machen Sie bei der Anmeldung Ihres Kindes.<\/p>\n\n\n\n<p>Sollte sich eine Nummer \u00e4ndern, informieren Sie uns bitte unverz\u00fcglich, damit wir im Ernstfall aktuelle Nummern zur Verf\u00fcgung haben.<\/p>\n\n\n\n<p><strong><u>V&nbsp;&nbsp;&nbsp;&nbsp;&nbsp;&nbsp;&nbsp;&nbsp;&nbsp;&nbsp;&nbsp;&nbsp;&nbsp;&nbsp;&nbsp;&nbsp;&nbsp; Versicherung<\/u><\/strong><\/p>\n\n\n\n<p>Ihr Kind ist w\u00e4hrend der Unterrichtszeiten in und au\u00dferhalb der Schule, sowie auf dem direkten&nbsp;&nbsp;&nbsp;&nbsp; Schul- und Heimweg unfallversichert. Ebenso gilt die Gemeindeunfallversicherung bei Schulveranstaltungen wie Einschulungsfeiern oder Ausfl\u00fcgen.<\/p>\n\n\n\n<p>Bei einem Schulunfall werden die Eltern sofort benachrichtigt. Deshalb ist es f\u00fcr uns auch wichtig, eine \u201eNotfall\u201c-Telefonnummer von Ihnen zu haben. Bei einem Wegeunfall bitten wir Sie, die Schule zu benachrichtigen.<\/p>\n\n\n\n<p><strong><u>W&nbsp;&nbsp;&nbsp;&nbsp;&nbsp;&nbsp;&nbsp;&nbsp;&nbsp;&nbsp;&nbsp;&nbsp;&nbsp;&nbsp;&nbsp;&nbsp; Weiterf\u00fchrende Schulen<\/u><\/strong><\/p>\n\n\n\n<p>Nach der 4. Klasse besuchen die Sch\u00fclerinnen und Sch\u00fcler eine weiterf\u00fchrende Schule. Damit Sie sich bei der passenden Auswahl einer weiterf\u00fchrenden Schule beraten k\u00f6nnen, finden zwei Beratungsgespr\u00e4che im vierten Schuljahr statt (Januar\/ April).<\/p>\n\n\n\n<p><strong><u>Z&nbsp;&nbsp;&nbsp;&nbsp;&nbsp;&nbsp;&nbsp;&nbsp;&nbsp;&nbsp;&nbsp;&nbsp;&nbsp;&nbsp;&nbsp;&nbsp;&nbsp; Zeugnisse<\/u><\/strong><\/p>\n\n\n\n<p>Am Ende des 1. Schuljahres und zweimal im 2. Schuljahr erh\u00e4lt Ihr Kind ein Berichtszeugnis. Es enth\u00e4lt in diesen Schuljahren noch keine Noten, sondern Aussagen \u00fcber die erbrachten Lernfortschritte im Lesen, Schreiben, Sprechen und Zuh\u00f6ren und Mathematik sowie \u00fcber die Entwicklung des Arbeits- und Sozialverhaltens.<\/p>\n\n\n\n<p>Die Kinder des 3. und 4. Schuljahres erhalten zweimal pro Schuljahr ein Zeugnis mit Zensuren.<\/p>\n","protected":false},"excerpt":{"rendered":"<p>Liebe Eltern, an der Grundschule Peheim hei\u00dfen wir Sie herzlich willkommen! Mit einem kleinen Anfangs-ABC m\u00f6chten wir Ihnen erste Informationen \u00fcber unser Schulleben geben und w\u00fcnschen Ihnen und Ihrem Kind eine sch\u00f6ne Schulzeit und mit uns eine gute Zusammenarbeit! Schulleitung, &hellip; <a href=\"https:\/\/wordpress.nibis.de\/gspeheim\/abc-der-schule\/\">Weiterlesen <span class=\"meta-nav\">&rarr;<\/span><\/a><\/p>\n","protected":false},"author":9193914,"featured_media":0,"parent":0,"menu_order":0,"comment_status":"closed","ping_status":"closed","template":"","meta":{"footnotes":""},"class_list":["post-61","page","type-page","status-publish","hentry"],"_links":{"self":[{"href":"https:\/\/wordpress.nibis.de\/gspeheim\/wp-json\/wp\/v2\/pages\/61","targetHints":{"allow":["GET"]}}],"collection":[{"href":"https:\/\/wordpress.nibis.de\/gspeheim\/wp-json\/wp\/v2\/pages"}],"about":[{"href":"https:\/\/wordpress.nibis.de\/gspeheim\/wp-json\/wp\/v2\/types\/page"}],"author":[{"embeddable":true,"href":"https:\/\/wordpress.nibis.de\/gspeheim\/wp-json\/wp\/v2\/users\/9193914"}],"replies":[{"embeddable":true,"href":"https:\/\/wordpress.nibis.de\/gspeheim\/wp-json\/wp\/v2\/comments?post=61"}],"version-history":[{"count":4,"href":"https:\/\/wordpress.nibis.de\/gspeheim\/wp-json\/wp\/v2\/pages\/61\/revisions"}],"predecessor-version":[{"id":128,"href":"https:\/\/wordpress.nibis.de\/gspeheim\/wp-json\/wp\/v2\/pages\/61\/revisions\/128"}],"wp:attachment":[{"href":"https:\/\/wordpress.nibis.de\/gspeheim\/wp-json\/wp\/v2\/media?parent=61"}],"curies":[{"name":"wp","href":"https:\/\/api.w.org\/{rel}","templated":true}]}}