{"id":686,"date":"2022-03-26T08:40:14","date_gmt":"2022-03-26T07:40:14","guid":{"rendered":"https:\/\/wordpress.nibis.de\/gspetermoor\/?page_id=686"},"modified":"2024-07-29T11:50:01","modified_gmt":"2024-07-29T09:50:01","slug":"hunde-machen-schule","status":"publish","type":"page","link":"https:\/\/wordpress.nibis.de\/gspetermoor\/hunde-machen-schule\/","title":{"rendered":"Hunde machen Schule"},"content":{"rendered":"<p>An der GS Petermoor und Nordwohlde haben wir an einigen Tagen Unterst\u00fctzung auf vier Pfoten:<\/p>\n<p>Frau H\u00fcbners Hund Odin besucht als Schulhund zwischenzeitlich die Klassen der GS Petermoor.<\/p>\n<p>Frau Weihe bringt zu besonderen Gespr\u00e4chen mit Sch\u00fcler:innen ihren Hund Revi mit. Revi ist ein treuer Zuh\u00f6rer und Tr\u00f6ster f\u00fcr die Kinder.<\/p>\n<p>H\u00fcndin Maja von Frau Hermann ist Klassenhund der Meeresforscher.<\/p>\n<p>Auch Lakritze ist ab und an in den Klassen von Frau Bauer unterwegs.<\/p>\n<p>Die Hunde haben einen positiven Effekt auf das Klassenklima und das Wohlbefinden der Klasse:<\/p>\n<ul>\n<li>es ist leiser<\/li>\n<li>die Kinder \u00fcbernehmen Verantwortung und die Versorgung f\u00fcr ein Tier<\/li>\n<li>der Hund ist ein treuer Begleiter und unkritischer Zuh\u00f6rer<\/li>\n<li>das Streicheln, Kuscheln und Versorgen des Hundes kann stressreduzierend wirken<\/li>\n<\/ul>\n<p>Den Einsatz der Hunde im Schulleben haben wir im Schulbesuchshundekonzept festgehalten und schulintern abgestimmt.<\/p>\n<p>Auf Allergien und \u00c4ngste von Sch\u00fcler*innen wird individuell eingegangen.<\/p>\n","protected":false},"excerpt":{"rendered":"<p>An der GS Petermoor und Nordwohlde haben wir an einigen Tagen Unterst\u00fctzung auf vier Pfoten: Frau H\u00fcbners Hund Odin besucht als Schulhund zwischenzeitlich die Klassen der GS Petermoor. Frau Weihe bringt zu besonderen Gespr\u00e4chen mit Sch\u00fcler:innen ihren Hund Revi mit. Revi ist ein treuer Zuh\u00f6rer und Tr\u00f6ster f\u00fcr die Kinder. H\u00fcndin Maja von Frau Hermann &#8230; <a title=\"Hunde machen Schule\" class=\"read-more\" href=\"https:\/\/wordpress.nibis.de\/gspetermoor\/hunde-machen-schule\/\" aria-label=\"Mehr Informationen \u00fcber Hunde machen Schule\">Weiterlesen<\/a><\/p>\n","protected":false},"author":9192841,"featured_media":0,"parent":0,"menu_order":0,"comment_status":"closed","ping_status":"closed","template":"","meta":{"footnotes":""},"class_list":["post-686","page","type-page","status-publish"],"_links":{"self":[{"href":"https:\/\/wordpress.nibis.de\/gspetermoor\/wp-json\/wp\/v2\/pages\/686","targetHints":{"allow":["GET"]}}],"collection":[{"href":"https:\/\/wordpress.nibis.de\/gspetermoor\/wp-json\/wp\/v2\/pages"}],"about":[{"href":"https:\/\/wordpress.nibis.de\/gspetermoor\/wp-json\/wp\/v2\/types\/page"}],"author":[{"embeddable":true,"href":"https:\/\/wordpress.nibis.de\/gspetermoor\/wp-json\/wp\/v2\/users\/9192841"}],"replies":[{"embeddable":true,"href":"https:\/\/wordpress.nibis.de\/gspetermoor\/wp-json\/wp\/v2\/comments?post=686"}],"version-history":[{"count":5,"href":"https:\/\/wordpress.nibis.de\/gspetermoor\/wp-json\/wp\/v2\/pages\/686\/revisions"}],"predecessor-version":[{"id":904,"href":"https:\/\/wordpress.nibis.de\/gspetermoor\/wp-json\/wp\/v2\/pages\/686\/revisions\/904"}],"wp:attachment":[{"href":"https:\/\/wordpress.nibis.de\/gspetermoor\/wp-json\/wp\/v2\/media?parent=686"}],"curies":[{"name":"wp","href":"https:\/\/api.w.org\/{rel}","templated":true}]}}