{"id":271,"date":"2014-11-22T17:49:32","date_gmt":"2014-11-22T16:49:32","guid":{"rendered":"http:\/\/wordpress.nibis.de\/gsrautheim\/?page_id=271"},"modified":"2023-09-23T08:52:07","modified_gmt":"2023-09-23T07:52:07","slug":"unsere-schulsekretaerin","status":"publish","type":"page","link":"https:\/\/wordpress.nibis.de\/gsrautheim\/unsere-schulsekretaerin\/","title":{"rendered":"Unsere Schulsekret\u00e4rin"},"content":{"rendered":"<p style=\"text-align: justify\"><span style=\"font-family: tahoma,arial,helvetica,sans-serif\">Zur\u00fcck aus der Elternzeit ist Frau Sabrina Legin wieder bei uns als Schulsekret\u00e4rin t\u00e4tig.<\/span><\/p>\n<p>&nbsp;<\/p>\n<p style=\"text-align: justify\"><span style=\"font-family: tahoma,arial,helvetica,sans-serif\">Sie erledigt unsere Verwaltungsaufgaben und hilft bei Fragen &#8222;Rund um die KoGS Rautheim&#8220; weiter.<\/span><\/p>\n<p>&nbsp;<\/p>\n<p style=\"text-align: justify\"><span style=\"font-family: tahoma,arial,helvetica,sans-serif\">Das\u00a0 Sekretariat ist montags bis donnerstags von 8.30 -12.00 Uhr besetzt und unter der Telefonnummer 0531 \/ 69 30 91 zu erreichen.<\/span><\/p>\n<p>Per Mail erreichen Sie das Sekretariat unter<\/p>\n<p>&#x67;&#x73;&#46;r&#x61;&#x75;&#x74;&#104;e&#x69;&#x6d;&#x40;&#98;r&#x61;&#x75;&#x6e;&#115;c&#x68;&#x77;&#x65;&#105;g&#x2e;&#x64;&#x65;<\/p>\n<p>oder<\/p>\n<p>&#x70;o&#x73;t&#x40;&#103;&#x73;&#45;r&#x61;u&#x74;&#104;&#x65;&#105;&#x6d;&#46;d&#x65; .<\/p>\n","protected":false},"excerpt":{"rendered":"<p>Zur\u00fcck aus der Elternzeit ist Frau Sabrina Legin wieder bei uns als Schulsekret\u00e4rin t\u00e4tig. &nbsp; Sie erledigt unsere Verwaltungsaufgaben und hilft bei Fragen &#8222;Rund um die KoGS Rautheim&#8220; weiter. &nbsp; Das\u00a0 Sekretariat ist montags bis donnerstags von 8.30 -12.00 Uhr besetzt und unter der Telefonnummer 0531 \/ 69 30 91 zu erreichen. Per Mail erreichen &hellip; <a href=\"https:\/\/wordpress.nibis.de\/gsrautheim\/unsere-schulsekretaerin\/\" class=\"more-link\"><span class=\"screen-reader-text\">Unsere Schulsekret\u00e4rin<\/span> weiterlesen <span class=\"meta-nav\">&rarr;<\/span><\/a><\/p>\n","protected":false},"author":635,"featured_media":0,"parent":0,"menu_order":0,"comment_status":"closed","ping_status":"closed","template":"","meta":{"footnotes":""},"class_list":["post-271","page","type-page","status-publish","hentry"],"_links":{"self":[{"href":"https:\/\/wordpress.nibis.de\/gsrautheim\/wp-json\/wp\/v2\/pages\/271","targetHints":{"allow":["GET"]}}],"collection":[{"href":"https:\/\/wordpress.nibis.de\/gsrautheim\/wp-json\/wp\/v2\/pages"}],"about":[{"href":"https:\/\/wordpress.nibis.de\/gsrautheim\/wp-json\/wp\/v2\/types\/page"}],"author":[{"embeddable":true,"href":"https:\/\/wordpress.nibis.de\/gsrautheim\/wp-json\/wp\/v2\/users\/635"}],"replies":[{"embeddable":true,"href":"https:\/\/wordpress.nibis.de\/gsrautheim\/wp-json\/wp\/v2\/comments?post=271"}],"version-history":[{"count":30,"href":"https:\/\/wordpress.nibis.de\/gsrautheim\/wp-json\/wp\/v2\/pages\/271\/revisions"}],"predecessor-version":[{"id":5792,"href":"https:\/\/wordpress.nibis.de\/gsrautheim\/wp-json\/wp\/v2\/pages\/271\/revisions\/5792"}],"wp:attachment":[{"href":"https:\/\/wordpress.nibis.de\/gsrautheim\/wp-json\/wp\/v2\/media?parent=271"}],"curies":[{"name":"wp","href":"https:\/\/api.w.org\/{rel}","templated":true}]}}