{"id":445,"date":"2014-12-01T20:10:58","date_gmt":"2014-12-01T19:10:58","guid":{"rendered":"http:\/\/wordpress.nibis.de\/gsrautheim\/?page_id=445"},"modified":"2025-05-29T20:52:09","modified_gmt":"2025-05-29T19:52:09","slug":"foerdern-und-fordern","status":"publish","type":"page","link":"https:\/\/wordpress.nibis.de\/gsrautheim\/foerdern-und-fordern\/","title":{"rendered":"F\u00f6rdern und Fordern"},"content":{"rendered":"<p>Individuelle F\u00f6rder- und Forderangebote durch differenziert ausgew\u00e4hlte Aufgaben haben f\u00fcr uns im t\u00e4glichen Unterricht einen hohen Stellenwert.<\/p>\n<p>Zus\u00e4tzlich bieten wir F\u00f6rderunterricht in den Bereichen<\/p>\n<ul>\n<li>Lesen\/Rechtschreiben (f\u00fcr die Klassen 3 und 4),<\/li>\n<li>Deutsch (f\u00fcr die Klassen 1 und 2),<\/li>\n<li>Mathematik,<\/li>\n<li>Sport und<\/li>\n<li>Deutsch als Zweitsprache an.<\/li>\n<\/ul>\n<p>Der F\u00f6rderunterricht f\u00fcr die 3. und 4. Klassen findet in 6. Stunde, f\u00fcr die 1. und 2. Klassen in der Regel in der 5. Stunde statt. Teilweise wird auch parallel zum Unterricht gef\u00f6rdert.<\/p>\n<p>&nbsp;<\/p>\n<p><a href=\"http:\/\/wordpress.nibis.de\/gsrautheim\/a-bis-zett\/\">zur\u00fcck<\/a><\/p>\n","protected":false},"excerpt":{"rendered":"<p>Individuelle F\u00f6rder- und Forderangebote durch differenziert ausgew\u00e4hlte Aufgaben haben f\u00fcr uns im t\u00e4glichen Unterricht einen hohen Stellenwert. Zus\u00e4tzlich bieten wir F\u00f6rderunterricht in den Bereichen Lesen\/Rechtschreiben (f\u00fcr die Klassen 3 und 4), Deutsch (f\u00fcr die Klassen 1 und 2), Mathematik, Sport und Deutsch als Zweitsprache an. Der F\u00f6rderunterricht f\u00fcr die 3. und 4. Klassen findet in &hellip; <a href=\"https:\/\/wordpress.nibis.de\/gsrautheim\/foerdern-und-fordern\/\" class=\"more-link\"><span class=\"screen-reader-text\">F\u00f6rdern und Fordern<\/span> weiterlesen <span class=\"meta-nav\">&rarr;<\/span><\/a><\/p>\n","protected":false},"author":635,"featured_media":0,"parent":0,"menu_order":0,"comment_status":"closed","ping_status":"closed","template":"","meta":{"footnotes":""},"class_list":["post-445","page","type-page","status-publish","hentry"],"_links":{"self":[{"href":"https:\/\/wordpress.nibis.de\/gsrautheim\/wp-json\/wp\/v2\/pages\/445","targetHints":{"allow":["GET"]}}],"collection":[{"href":"https:\/\/wordpress.nibis.de\/gsrautheim\/wp-json\/wp\/v2\/pages"}],"about":[{"href":"https:\/\/wordpress.nibis.de\/gsrautheim\/wp-json\/wp\/v2\/types\/page"}],"author":[{"embeddable":true,"href":"https:\/\/wordpress.nibis.de\/gsrautheim\/wp-json\/wp\/v2\/users\/635"}],"replies":[{"embeddable":true,"href":"https:\/\/wordpress.nibis.de\/gsrautheim\/wp-json\/wp\/v2\/comments?post=445"}],"version-history":[{"count":5,"href":"https:\/\/wordpress.nibis.de\/gsrautheim\/wp-json\/wp\/v2\/pages\/445\/revisions"}],"predecessor-version":[{"id":6133,"href":"https:\/\/wordpress.nibis.de\/gsrautheim\/wp-json\/wp\/v2\/pages\/445\/revisions\/6133"}],"wp:attachment":[{"href":"https:\/\/wordpress.nibis.de\/gsrautheim\/wp-json\/wp\/v2\/media?parent=445"}],"curies":[{"name":"wp","href":"https:\/\/api.w.org\/{rel}","templated":true}]}}