{"id":460,"date":"2014-12-01T20:37:50","date_gmt":"2014-12-01T19:37:50","guid":{"rendered":"http:\/\/wordpress.nibis.de\/gsrautheim\/?page_id=460"},"modified":"2025-05-29T20:58:47","modified_gmt":"2025-05-29T19:58:47","slug":"hausaufgaben","status":"publish","type":"page","link":"https:\/\/wordpress.nibis.de\/gsrautheim\/hausaufgaben\/","title":{"rendered":"Hausaufgaben"},"content":{"rendered":"<p><span style=\"font-family: tahoma,arial,helvetica,sans-serif;font-size: 10pt\">Hausarbeiten stellen eine M\u00f6glichkeit dar, das Gelernte zu \u00fcben und zu festigen. Sie k\u00f6nnen auch vorbereitend eingesetzt werden. <\/span><\/p>\n<p><span style=\"font-family: tahoma,arial,helvetica,sans-serif;font-size: 10pt\">In allen Klassen sind t\u00e4glich 30 Minuten daf\u00fcr vorgesehen.<\/span><\/p>\n<p><span style=\"font-family: tahoma,arial,helvetica,sans-serif;font-size: 10pt\">Hausaufgaben werden im Klassenraum an der Tafel notiert und von den Sch\u00fclerinnen und Sch\u00fclern in den <a href=\"http:\/\/wordpress.nibis.de\/gsrautheim\/schulplaner\/\">Schulplaner\u00a0 <\/a>eingetragen.\u00a0<\/span><\/p>\n<p><span style=\"font-family: tahoma, arial, helvetica, sans-serif;font-size: 10pt\">Im Rahmen der Ganztagsbetreuung k\u00f6nnen die Hausaufgaben in der Lernzeit bearbeitet werden. Die Lernzeiten werden von Lehrerinnen betreut.<\/span><\/p>\n<p>&nbsp;<\/p>\n","protected":false},"excerpt":{"rendered":"<p>Hausarbeiten stellen eine M\u00f6glichkeit dar, das Gelernte zu \u00fcben und zu festigen. Sie k\u00f6nnen auch vorbereitend eingesetzt werden. In allen Klassen sind t\u00e4glich 30 Minuten daf\u00fcr vorgesehen. Hausaufgaben werden im Klassenraum an der Tafel notiert und von den Sch\u00fclerinnen und Sch\u00fclern in den Schulplaner\u00a0 eingetragen.\u00a0 Im Rahmen der Ganztagsbetreuung k\u00f6nnen die Hausaufgaben in der Lernzeit &hellip; <a href=\"https:\/\/wordpress.nibis.de\/gsrautheim\/hausaufgaben\/\" class=\"more-link\"><span class=\"screen-reader-text\">Hausaufgaben<\/span> weiterlesen <span class=\"meta-nav\">&rarr;<\/span><\/a><\/p>\n","protected":false},"author":635,"featured_media":0,"parent":0,"menu_order":0,"comment_status":"closed","ping_status":"closed","template":"","meta":{"footnotes":""},"class_list":["post-460","page","type-page","status-publish","hentry"],"_links":{"self":[{"href":"https:\/\/wordpress.nibis.de\/gsrautheim\/wp-json\/wp\/v2\/pages\/460","targetHints":{"allow":["GET"]}}],"collection":[{"href":"https:\/\/wordpress.nibis.de\/gsrautheim\/wp-json\/wp\/v2\/pages"}],"about":[{"href":"https:\/\/wordpress.nibis.de\/gsrautheim\/wp-json\/wp\/v2\/types\/page"}],"author":[{"embeddable":true,"href":"https:\/\/wordpress.nibis.de\/gsrautheim\/wp-json\/wp\/v2\/users\/635"}],"replies":[{"embeddable":true,"href":"https:\/\/wordpress.nibis.de\/gsrautheim\/wp-json\/wp\/v2\/comments?post=460"}],"version-history":[{"count":4,"href":"https:\/\/wordpress.nibis.de\/gsrautheim\/wp-json\/wp\/v2\/pages\/460\/revisions"}],"predecessor-version":[{"id":6138,"href":"https:\/\/wordpress.nibis.de\/gsrautheim\/wp-json\/wp\/v2\/pages\/460\/revisions\/6138"}],"wp:attachment":[{"href":"https:\/\/wordpress.nibis.de\/gsrautheim\/wp-json\/wp\/v2\/media?parent=460"}],"curies":[{"name":"wp","href":"https:\/\/api.w.org\/{rel}","templated":true}]}}