{"id":480,"date":"2014-12-01T21:07:38","date_gmt":"2014-12-01T20:07:38","guid":{"rendered":"http:\/\/wordpress.nibis.de\/gsrautheim\/?page_id=480"},"modified":"2025-05-29T20:37:36","modified_gmt":"2025-05-29T19:37:36","slug":"computer","status":"publish","type":"page","link":"https:\/\/wordpress.nibis.de\/gsrautheim\/computer\/","title":{"rendered":"Computer"},"content":{"rendered":"<p><span style=\"font-family: tahoma,arial,helvetica,sans-serif;font-size: 10pt\">Alle Klassenr\u00e4ume unserer Schule sind mit zwei Computern ausgestattet, die an das lokale Netzwerk angeschlossen sind.\u00a0 <\/span><\/p>\n<p><span style=\"font-family: tahoma, arial, helvetica, sans-serif;font-size: 10pt\">8 der 11 Klassenr\u00e4ume sind mit interaktiven Tafeln ausgestattet. <\/span><\/p>\n<p><span style=\"font-family: tahoma,arial,helvetica,sans-serif;font-size: 10pt\">Au\u00dferdem k\u00f6nnen Sch\u00fcler\/-innen und Lehrerinnen den mit einer interaktiven Tafel und 24 Stand-PCs\/ Laptops ausgestattetem PC-Raum nutzen, um Lernprogramme zu bearbeiten, Schreibprogramme anzuwenden, E-Mails zu schreiben und im Internet zu recherchieren.<\/span><\/p>\n<p><span style=\"font-family: tahoma,arial,helvetica,sans-serif;font-size: 10pt\">\u00dcber unser Programm IServ erh\u00e4lt jede Sch\u00fclerin und jeder Sch\u00fcler bereits ab der Einschulung einen eigenen Account und eine E-Mail-Adresse.<\/span><\/p>\n<p><span style=\"font-family: tahoma,arial,helvetica,sans-serif;font-size: 8pt\"><a href=\"http:\/\/wordpress.nibis.de\/gsrautheim\/a-bis-zett\/\">zur\u00fcck<\/a><\/span><\/p>\n","protected":false},"excerpt":{"rendered":"<p>Alle Klassenr\u00e4ume unserer Schule sind mit zwei Computern ausgestattet, die an das lokale Netzwerk angeschlossen sind.\u00a0 8 der 11 Klassenr\u00e4ume sind mit interaktiven Tafeln ausgestattet. Au\u00dferdem k\u00f6nnen Sch\u00fcler\/-innen und Lehrerinnen den mit einer interaktiven Tafel und 24 Stand-PCs\/ Laptops ausgestattetem PC-Raum nutzen, um Lernprogramme zu bearbeiten, Schreibprogramme anzuwenden, E-Mails zu schreiben und im Internet zu &hellip; <a href=\"https:\/\/wordpress.nibis.de\/gsrautheim\/computer\/\" class=\"more-link\"><span class=\"screen-reader-text\">Computer<\/span> weiterlesen <span class=\"meta-nav\">&rarr;<\/span><\/a><\/p>\n","protected":false},"author":635,"featured_media":0,"parent":0,"menu_order":0,"comment_status":"closed","ping_status":"closed","template":"","meta":{"footnotes":""},"class_list":["post-480","page","type-page","status-publish","hentry"],"_links":{"self":[{"href":"https:\/\/wordpress.nibis.de\/gsrautheim\/wp-json\/wp\/v2\/pages\/480","targetHints":{"allow":["GET"]}}],"collection":[{"href":"https:\/\/wordpress.nibis.de\/gsrautheim\/wp-json\/wp\/v2\/pages"}],"about":[{"href":"https:\/\/wordpress.nibis.de\/gsrautheim\/wp-json\/wp\/v2\/types\/page"}],"author":[{"embeddable":true,"href":"https:\/\/wordpress.nibis.de\/gsrautheim\/wp-json\/wp\/v2\/users\/635"}],"replies":[{"embeddable":true,"href":"https:\/\/wordpress.nibis.de\/gsrautheim\/wp-json\/wp\/v2\/comments?post=480"}],"version-history":[{"count":4,"href":"https:\/\/wordpress.nibis.de\/gsrautheim\/wp-json\/wp\/v2\/pages\/480\/revisions"}],"predecessor-version":[{"id":6127,"href":"https:\/\/wordpress.nibis.de\/gsrautheim\/wp-json\/wp\/v2\/pages\/480\/revisions\/6127"}],"wp:attachment":[{"href":"https:\/\/wordpress.nibis.de\/gsrautheim\/wp-json\/wp\/v2\/media?parent=480"}],"curies":[{"name":"wp","href":"https:\/\/api.w.org\/{rel}","templated":true}]}}