{"id":6096,"date":"2025-03-31T11:05:12","date_gmt":"2025-03-31T10:05:12","guid":{"rendered":"https:\/\/wordpress.nibis.de\/gsrautheim\/?page_id=6096"},"modified":"2025-04-23T13:18:35","modified_gmt":"2025-04-23T12:18:35","slug":"schulanfang-2026","status":"publish","type":"page","link":"https:\/\/wordpress.nibis.de\/gsrautheim\/schulanfang-2026\/","title":{"rendered":"Schulanfang 2026"},"content":{"rendered":"<p style=\"text-align: justify\"><em><img loading=\"lazy\" decoding=\"async\" class=\"size-medium wp-image-3730 alignleft\" src=\"https:\/\/wordpress.nibis.de\/gsrautheim\/files\/2019\/07\/Einschulung-300x196.jpg\" alt=\"\" width=\"300\" height=\"196\" \/><\/em><\/p>\n<p>Die Anmeldewoche &#8222;2026&#8220; findet vom<\/p>\n<p><em><strong>\u00a05. Mai 2025 bis zum 9. Mai 2025<\/strong> statt.<\/em><\/p>\n<p><span style=\"color: #0000ff\"><strong>Alle Informationen und Unterlagen zum Anmeldeverfahren f\u00fcr die Einschulung 2026 erhalten die betreffenden Familien ab dem 24. April 2025 per Post.<\/strong><\/span><\/p>\n<p style=\"text-align: justify\"><em>&#8222;Alle Kinder, die im Jahre 2026 schulpflichtig werden, erhalten bei Bedarf eine Sprachf\u00f6rderung. Schulpflichtig werden grunds\u00e4tzlich alle Kinder, die bis einschlie\u00dflich 1. Oktober 2026 ihren 6. Geburtstag feiern. F\u00fcr Kinder, die zwischen dem 1. Juli und dem 30. September das 6. Lebensjahr 2026 vollenden, haben die Erziehungsberechtigten die M\u00f6glichkeit, durch schriftliche Erkl\u00e4rung den Einschulungstermin um ein Jahr hinauszuschieben (sogenannte Flexikinder). Die Erkl\u00e4rung ist bis sp\u00e4testens zum 1. Mai 2026 in der f\u00fcr ihren Wohnsitz zust\u00e4ndigen Grundschule einzureichen.<\/em><\/p>\n<p style=\"text-align: justify\"><em>Besuchen schulpflichtige Kinder eine Kindertagesst\u00e4tte, erhalten sie die Sprachf\u00f6rderung gem\u00e4\u00df \u00a7 3 Kindertagesst\u00e4tten Gesetz in der jeweiligen Kindertagesst\u00e4tte.<\/em><\/p>\n<p style=\"text-align: justify\"><em>Besuchen diese Kinder keine Kindertagesst\u00e4tte, m\u00fcssen sie sich einem Test zur Feststellung der deutschen Sprachkenntnisse an den Grundschulen unterziehen. Die Grundschulen richten f\u00fcr die Kinder, die nach diesem Test gem. \u00a7 64 Abs. 3 Satz 1 und 2 Nieders\u00e4chsisches Schulgesetz (NSchG) verpflichtet sind, in dieser Zeit an besonderen Sprachf\u00f6rderma\u00dfnahmen teilzunehmen, besonderen Unterricht ein. Daher ist es erforderlich, dass alle im Jahr 2026 schulpflichtig werdende Kinder bereits in der Woche vom<strong>\u00a05. Mai 2025 bis zum 9. Mai 2025<\/strong>\u00a0von ihren Erziehungsberechtigten bei der f\u00fcr ihren Wohnsitz zust\u00e4ndigen Grundschule angemeldet werden.<\/em><\/p>\n<p>(https:\/\/www.braunschweig.de\/leben\/schule_bildung\/schulportal\/schulen\/einschulung_2026.php)<\/p>\n<p>&nbsp;<\/p>\n","protected":false},"excerpt":{"rendered":"<p>Die Anmeldewoche &#8222;2026&#8220; findet vom \u00a05. Mai 2025 bis zum 9. Mai 2025 statt. Alle Informationen und Unterlagen zum Anmeldeverfahren f\u00fcr die Einschulung 2026 erhalten die betreffenden Familien ab dem 24. April 2025 per Post. &#8222;Alle Kinder, die im Jahre 2026 schulpflichtig werden, erhalten bei Bedarf eine Sprachf\u00f6rderung. Schulpflichtig werden grunds\u00e4tzlich alle Kinder, die bis &hellip; <a href=\"https:\/\/wordpress.nibis.de\/gsrautheim\/schulanfang-2026\/\" class=\"more-link\"><span class=\"screen-reader-text\">Schulanfang 2026<\/span> weiterlesen <span class=\"meta-nav\">&rarr;<\/span><\/a><\/p>\n","protected":false},"author":635,"featured_media":0,"parent":0,"menu_order":0,"comment_status":"closed","ping_status":"closed","template":"","meta":{"footnotes":""},"class_list":["post-6096","page","type-page","status-publish","hentry"],"_links":{"self":[{"href":"https:\/\/wordpress.nibis.de\/gsrautheim\/wp-json\/wp\/v2\/pages\/6096","targetHints":{"allow":["GET"]}}],"collection":[{"href":"https:\/\/wordpress.nibis.de\/gsrautheim\/wp-json\/wp\/v2\/pages"}],"about":[{"href":"https:\/\/wordpress.nibis.de\/gsrautheim\/wp-json\/wp\/v2\/types\/page"}],"author":[{"embeddable":true,"href":"https:\/\/wordpress.nibis.de\/gsrautheim\/wp-json\/wp\/v2\/users\/635"}],"replies":[{"embeddable":true,"href":"https:\/\/wordpress.nibis.de\/gsrautheim\/wp-json\/wp\/v2\/comments?post=6096"}],"version-history":[{"count":11,"href":"https:\/\/wordpress.nibis.de\/gsrautheim\/wp-json\/wp\/v2\/pages\/6096\/revisions"}],"predecessor-version":[{"id":6114,"href":"https:\/\/wordpress.nibis.de\/gsrautheim\/wp-json\/wp\/v2\/pages\/6096\/revisions\/6114"}],"wp:attachment":[{"href":"https:\/\/wordpress.nibis.de\/gsrautheim\/wp-json\/wp\/v2\/media?parent=6096"}],"curies":[{"name":"wp","href":"https:\/\/api.w.org\/{rel}","templated":true}]}}