{"id":637,"date":"2014-12-26T00:47:00","date_gmt":"2014-12-25T23:47:00","guid":{"rendered":"http:\/\/wordpress.nibis.de\/gsrautheim\/?page_id=637"},"modified":"2025-05-29T21:06:11","modified_gmt":"2025-05-29T20:06:11","slug":"inklusion","status":"publish","type":"page","link":"https:\/\/wordpress.nibis.de\/gsrautheim\/inklusion\/","title":{"rendered":"Inklusion"},"content":{"rendered":"<p><span style=\"font-family: tahoma,arial,helvetica,sans-serif;font-size: 10pt\">Kinder mit erheblichen Teilleistungsschw\u00e4chen werden von einer F\u00f6rderschullehrerin im Klassenverband, in Kleingruppen oder in der Einzelsituation gef\u00f6rdert. <\/span><\/p>\n<p><span style=\"font-family: tahoma,arial,helvetica,sans-serif;font-size: 10pt\">Kinder mit festgestelltem sonderp\u00e4dagogischem F\u00f6rderbedarf in den Bereichen Lernen, Sprache, emotional-soziale Entwicklung oder H\u00f6ren besuchen die GS Rautheim und werden inklusiv gef\u00f6rdert.<br \/>\nSeit dem Schuljahr 2024\/25 f\u00f6rdern wir jedoch ohne F\u00f6rderschullehrkraft.\u00a0<\/span><\/p>\n<p><a href=\"http:\/\/wordpress.nibis.de\/gsrautheim\/a-bis-zett\/\">zur\u00fcck<\/a><\/p>\n","protected":false},"excerpt":{"rendered":"<p>Kinder mit erheblichen Teilleistungsschw\u00e4chen werden von einer F\u00f6rderschullehrerin im Klassenverband, in Kleingruppen oder in der Einzelsituation gef\u00f6rdert. Kinder mit festgestelltem sonderp\u00e4dagogischem F\u00f6rderbedarf in den Bereichen Lernen, Sprache, emotional-soziale Entwicklung oder H\u00f6ren besuchen die GS Rautheim und werden inklusiv gef\u00f6rdert. Seit dem Schuljahr 2024\/25 f\u00f6rdern wir jedoch ohne F\u00f6rderschullehrkraft.\u00a0 zur\u00fcck<\/p>\n","protected":false},"author":635,"featured_media":0,"parent":0,"menu_order":0,"comment_status":"closed","ping_status":"closed","template":"","meta":{"footnotes":""},"class_list":["post-637","page","type-page","status-publish","hentry"],"_links":{"self":[{"href":"https:\/\/wordpress.nibis.de\/gsrautheim\/wp-json\/wp\/v2\/pages\/637","targetHints":{"allow":["GET"]}}],"collection":[{"href":"https:\/\/wordpress.nibis.de\/gsrautheim\/wp-json\/wp\/v2\/pages"}],"about":[{"href":"https:\/\/wordpress.nibis.de\/gsrautheim\/wp-json\/wp\/v2\/types\/page"}],"author":[{"embeddable":true,"href":"https:\/\/wordpress.nibis.de\/gsrautheim\/wp-json\/wp\/v2\/users\/635"}],"replies":[{"embeddable":true,"href":"https:\/\/wordpress.nibis.de\/gsrautheim\/wp-json\/wp\/v2\/comments?post=637"}],"version-history":[{"count":3,"href":"https:\/\/wordpress.nibis.de\/gsrautheim\/wp-json\/wp\/v2\/pages\/637\/revisions"}],"predecessor-version":[{"id":6144,"href":"https:\/\/wordpress.nibis.de\/gsrautheim\/wp-json\/wp\/v2\/pages\/637\/revisions\/6144"}],"wp:attachment":[{"href":"https:\/\/wordpress.nibis.de\/gsrautheim\/wp-json\/wp\/v2\/media?parent=637"}],"curies":[{"name":"wp","href":"https:\/\/api.w.org\/{rel}","templated":true}]}}