{"id":641,"date":"2014-12-26T00:52:09","date_gmt":"2014-12-25T23:52:09","guid":{"rendered":"http:\/\/wordpress.nibis.de\/gsrautheim\/?page_id=641"},"modified":"2014-12-26T00:52:09","modified_gmt":"2014-12-25T23:52:09","slug":"radfahren","status":"publish","type":"page","link":"https:\/\/wordpress.nibis.de\/gsrautheim\/radfahren\/","title":{"rendered":"Radfahren"},"content":{"rendered":"<p><span style=\"font-family: tahoma,arial,helvetica,sans-serif;font-size: 10pt\">Die schulische Radfahrausbildung beginnt mit dem Fr\u00fchradfahren im<\/span> <span style=\"font-family: tahoma,arial,helvetica,sans-serif;font-size: 10pt\">2. Halbjahr der 2. Klasse. <\/span><\/p>\n<p><span style=\"font-family: tahoma,arial,helvetica,sans-serif;font-size: 10pt\">Die Radfahrpr\u00fcfung findet am Anfang der<\/span> <span style=\"font-family: tahoma,arial,helvetica,sans-serif;font-size: 10pt\">4. Klasse statt. <\/span><\/p>\n<p><span style=\"font-family: tahoma,arial,helvetica,sans-serif;font-size: 10pt\">Besuche in der Jugendverkehrsschule und \u00dcbungen mit dem Verkehrssicherheitsberater bereiten auf die durch Rautheim f\u00fchrende Pr\u00fcfungsstrecke vor. <\/span><\/p>\n<p><span style=\"font-family: tahoma,arial,helvetica,sans-serif;font-size: 10pt\">Es ist jedoch unbedingt erforderlich, die schulische Radfahrausbildung durch h\u00e4usliches Training zu unterst\u00fctzen. Die Unterlagen hierzu finden sie <a href=\"http:\/\/wordpress.nibis.de\/gsrautheim\/files\/2014\/11\/Unterlagen-zur-Radfahrpr%C3%BCfung.pdf\">hier<\/a>.<\/span><\/p>\n<p><span style=\"font-family: tahoma,arial,helvetica,sans-serif;font-size: 10pt\">Kinder mit bestandener Radfahrpr\u00fcfung d\u00fcrfen bei vorliegender schriftlicher Erlaubnis der Eltern vom Fr\u00fchjahr an mit dem Rad zur Schule fahren.<\/span><\/p>\n<p><a href=\"http:\/\/wordpress.nibis.de\/gsrautheim\/a-bis-zett\/\"><span style=\"font-family: tahoma,arial,helvetica,sans-serif;font-size: 10pt\">zur\u00fcck<\/span><\/a><\/p>\n","protected":false},"excerpt":{"rendered":"<p>Die schulische Radfahrausbildung beginnt mit dem Fr\u00fchradfahren im 2. Halbjahr der 2. Klasse. Die Radfahrpr\u00fcfung findet am Anfang der 4. Klasse statt. Besuche in der Jugendverkehrsschule und \u00dcbungen mit dem Verkehrssicherheitsberater bereiten auf die durch Rautheim f\u00fchrende Pr\u00fcfungsstrecke vor. Es ist jedoch unbedingt erforderlich, die schulische Radfahrausbildung durch h\u00e4usliches Training zu unterst\u00fctzen. Die Unterlagen hierzu &hellip; <a href=\"https:\/\/wordpress.nibis.de\/gsrautheim\/radfahren\/\" class=\"more-link\"><span class=\"screen-reader-text\">Radfahren<\/span> weiterlesen <span class=\"meta-nav\">&rarr;<\/span><\/a><\/p>\n","protected":false},"author":635,"featured_media":0,"parent":0,"menu_order":0,"comment_status":"closed","ping_status":"closed","template":"","meta":{"footnotes":""},"class_list":["post-641","page","type-page","status-publish","hentry"],"_links":{"self":[{"href":"https:\/\/wordpress.nibis.de\/gsrautheim\/wp-json\/wp\/v2\/pages\/641","targetHints":{"allow":["GET"]}}],"collection":[{"href":"https:\/\/wordpress.nibis.de\/gsrautheim\/wp-json\/wp\/v2\/pages"}],"about":[{"href":"https:\/\/wordpress.nibis.de\/gsrautheim\/wp-json\/wp\/v2\/types\/page"}],"author":[{"embeddable":true,"href":"https:\/\/wordpress.nibis.de\/gsrautheim\/wp-json\/wp\/v2\/users\/635"}],"replies":[{"embeddable":true,"href":"https:\/\/wordpress.nibis.de\/gsrautheim\/wp-json\/wp\/v2\/comments?post=641"}],"version-history":[{"count":1,"href":"https:\/\/wordpress.nibis.de\/gsrautheim\/wp-json\/wp\/v2\/pages\/641\/revisions"}],"predecessor-version":[{"id":642,"href":"https:\/\/wordpress.nibis.de\/gsrautheim\/wp-json\/wp\/v2\/pages\/641\/revisions\/642"}],"wp:attachment":[{"href":"https:\/\/wordpress.nibis.de\/gsrautheim\/wp-json\/wp\/v2\/media?parent=641"}],"curies":[{"name":"wp","href":"https:\/\/api.w.org\/{rel}","templated":true}]}}