{"id":160,"date":"2018-09-20T22:14:04","date_gmt":"2018-09-20T20:14:04","guid":{"rendered":"http:\/\/wordpress.nibis.de\/gsrewi\/?page_id=160"},"modified":"2026-09-01T10:00:52","modified_gmt":"2026-09-01T08:00:52","slug":"kollegium","status":"publish","type":"page","link":"https:\/\/wordpress.nibis.de\/gsrewi\/kollegium\/","title":{"rendered":"Kollegium und Mitarbeiter im Ganztag"},"content":{"rendered":"<p><strong><span style=\"font-family: comic sans ms,sans-serif;font-size: 18pt\">Unser Kollegium<\/span><\/strong><\/p>\n<p>&nbsp;<\/p>\n<div class=\"wp-block-image\"><img loading=\"lazy\" decoding=\"async\" class=\"wpa-warning wpa-image-missing-alt alignnone size-full wp-image-4648\" src=\"https:\/\/wordpress.nibis.de\/gsrewi\/files\/2026\/08\/Kollegium-2026-scaled.jpg\" alt=\"\" width=\"2560\" height=\"1707\" data-warning=\"Missing alt text\" srcset=\"https:\/\/wordpress.nibis.de\/gsrewi\/files\/2026\/08\/Kollegium-2026-scaled.jpg 2560w, https:\/\/wordpress.nibis.de\/gsrewi\/files\/2026\/08\/Kollegium-2026-768x512.jpg 768w, https:\/\/wordpress.nibis.de\/gsrewi\/files\/2026\/08\/Kollegium-2026-100x67.jpg 100w, https:\/\/wordpress.nibis.de\/gsrewi\/files\/2026\/08\/Kollegium-2026-1536x1024.jpg 1536w, https:\/\/wordpress.nibis.de\/gsrewi\/files\/2026\/08\/Kollegium-2026-2048x1365.jpg 2048w, https:\/\/wordpress.nibis.de\/gsrewi\/files\/2026\/08\/Kollegium-2026-405x270.jpg 405w\" sizes=\"auto, (max-width: 2560px) 100vw, 2560px\" \/><\/div>\n<p><span style=\"font-size: 10pt\">v.l. Frau Poll, Frau Felker, Frau Kuper, Frau Wilkens, Frau Terfehr, Frau Hempen, Frau Hermes<\/span><\/p>\n<p>&nbsp;<\/p>\n<p style=\"text-align: center\"><strong><span style=\"font-family: comic sans ms,sans-serif;font-size: 18pt\">F\u00f6rderschullehrkraft<\/span><\/strong><b><\/b><\/p>\n<p style=\"text-align: center\">Andreas Homuth<\/p>\n<p style=\"text-align: center\">Frank B\u00f6gemann<\/p>\n<div class=\"wp-block-image\"><\/div>\n<p style=\"text-align: center\"><strong><span style=\"font-family: comic sans ms,sans-serif;font-size: 18pt\">P\u00e4dagogische Mitarbeiterinnen (VGS)<\/span><\/strong><\/p>\n<p>&nbsp;<\/p>\n<div class=\"wp-block-image\">\n<div class=\"wp-block-image\">\n<div class=\"wp-block-image\"><img loading=\"lazy\" decoding=\"async\" class=\"wpa-warning wpa-image-missing-alt wp-image-4759 aligncenter\" src=\"https:\/\/wordpress.nibis.de\/gsrewi\/files\/2026\/09\/IMG_1810-scaled.jpeg\" alt=\"\" width=\"228\" height=\"304\" data-warning=\"Missing alt text\" srcset=\"https:\/\/wordpress.nibis.de\/gsrewi\/files\/2026\/09\/IMG_1810-scaled.jpeg 1920w, https:\/\/wordpress.nibis.de\/gsrewi\/files\/2026\/09\/IMG_1810-768x1024.jpeg 768w, https:\/\/wordpress.nibis.de\/gsrewi\/files\/2026\/09\/IMG_1810-100x133.jpeg 100w, https:\/\/wordpress.nibis.de\/gsrewi\/files\/2026\/09\/IMG_1810-1152x1536.jpeg 1152w, https:\/\/wordpress.nibis.de\/gsrewi\/files\/2026\/09\/IMG_1810-1536x2048.jpeg 1536w, https:\/\/wordpress.nibis.de\/gsrewi\/files\/2026\/09\/IMG_1810-203x270.jpeg 203w\" sizes=\"auto, (max-width: 228px) 100vw, 228px\" \/><\/div>\n<\/div>\n<div class=\"wp-block-image\"><span style=\"text-align: center\">\u00a0 \u00a0 \u00a0 \u00a0 \u00a0 \u00a0 \u00a0 \u00a0 \u00a0 \u00a0 \u00a0 \u00a0 \u00a0 \u00a0 \u00a0 \u00a0 \u00a0 \u00a0 \u00a0 \u00a0 \u00a0 \u00a0 \u00a0 \u00a0 \u00a0 \u00a0 \u00a0 \u00a0 \u00a0 \u00a0 \u00a0 \u00a0 \u00a0 \u00a0 \u00a0 \u00a0 \u00a0 Martina Hanekamp<\/span><\/div>\n<div><\/div>\n<\/div>\n<figure id=\"attachment_2668\" aria-describedby=\"caption-attachment-2668\" style=\"width: 232px\" class=\"wp-caption aligncenter\"><img loading=\"lazy\" decoding=\"async\" class=\"wp-image-2668\" src=\"https:\/\/wordpress.nibis.de\/gsrewi\/files\/2023\/08\/IMG_2455-rotated.jpg\" alt=\"\" width=\"232\" height=\"309\" \/><figcaption id=\"caption-attachment-2668\" class=\"wp-caption-text\"><span style=\"font-size: 12pt\">Ricarda Heine<\/span><\/figcaption><\/figure>\n<p style=\"text-align: center\"><strong><span style=\"font-family: comic sans ms,sans-serif;font-size: 18pt\">\u00a0P\u00e4dagogische Mitarbeiterinnen (Ganztag)<\/span><\/strong><\/p>\n<div class=\"wp-block-image\"><\/div>\n<div class=\"wp-block-image\"><img loading=\"lazy\" decoding=\"async\" class=\"wpa-warning wpa-image-missing-alt wp-image-4758 aligncenter\" src=\"https:\/\/wordpress.nibis.de\/gsrewi\/files\/2026\/09\/IMG_1784-scaled.jpeg\" alt=\"\" width=\"162\" height=\"162\" data-warning=\"Missing alt text\" srcset=\"https:\/\/wordpress.nibis.de\/gsrewi\/files\/2026\/09\/IMG_1784-scaled.jpeg 2560w, https:\/\/wordpress.nibis.de\/gsrewi\/files\/2026\/09\/IMG_1784-300x300.jpeg 300w, https:\/\/wordpress.nibis.de\/gsrewi\/files\/2026\/09\/IMG_1784-150x150.jpeg 150w, https:\/\/wordpress.nibis.de\/gsrewi\/files\/2026\/09\/IMG_1784-768x768.jpeg 768w, https:\/\/wordpress.nibis.de\/gsrewi\/files\/2026\/09\/IMG_1784-100x100.jpeg 100w, https:\/\/wordpress.nibis.de\/gsrewi\/files\/2026\/09\/IMG_1784-1536x1536.jpeg 1536w, https:\/\/wordpress.nibis.de\/gsrewi\/files\/2026\/09\/IMG_1784-2048x2048.jpeg 2048w, https:\/\/wordpress.nibis.de\/gsrewi\/files\/2026\/09\/IMG_1784-270x270.jpeg 270w\" sizes=\"auto, (max-width: 162px) 100vw, 162px\" \/><\/div>\n<p style=\"text-align: center\">Birgit Kuper-Gerdes<\/p>\n<div>\n<div><img loading=\"lazy\" decoding=\"async\" class=\"aligncenter\" src=\"https:\/\/wordpress.nibis.de\/gsrewi\/files\/2026\/08\/Annegret-scaled.jpg\" alt=\"\" width=\"159\" height=\"212\" data-warning=\"Missing alt text\" \/><\/div>\n<\/div>\n<div class=\"wp-block-image\"><\/div>\n<p style=\"text-align: center\">Annegret Schmunkamp<\/p>\n<p>&nbsp;<\/p>\n<div class=\"wp-block-image\">\n<div class=\"wp-block-image\"><img loading=\"lazy\" decoding=\"async\" class=\"wpa-warning wpa-image-missing-alt alignnone wp-image-4750 aligncenter\" src=\"https:\/\/wordpress.nibis.de\/gsrewi\/files\/2026\/09\/IMG_1823-scaled.jpeg\" alt=\"\" width=\"173\" height=\"230\" data-warning=\"Missing alt text\" srcset=\"https:\/\/wordpress.nibis.de\/gsrewi\/files\/2026\/09\/IMG_1823-scaled.jpeg 1920w, https:\/\/wordpress.nibis.de\/gsrewi\/files\/2026\/09\/IMG_1823-768x1024.jpeg 768w, https:\/\/wordpress.nibis.de\/gsrewi\/files\/2026\/09\/IMG_1823-100x133.jpeg 100w, https:\/\/wordpress.nibis.de\/gsrewi\/files\/2026\/09\/IMG_1823-1152x1536.jpeg 1152w, https:\/\/wordpress.nibis.de\/gsrewi\/files\/2026\/09\/IMG_1823-1536x2048.jpeg 1536w, https:\/\/wordpress.nibis.de\/gsrewi\/files\/2026\/09\/IMG_1823-203x270.jpeg 203w\" sizes=\"auto, (max-width: 173px) 100vw, 173px\" \/><\/div>\n<\/div>\n<p style=\"text-align: center\">Irene Ganseforth<\/p>\n<p>&nbsp;<\/p>\n<div class=\"wp-block-image\">\n<div class=\"wp-block-image\"><\/div>\n<\/div>\n<p>&nbsp;<\/p>\n<p>&nbsp;<\/p>\n","protected":false},"excerpt":{"rendered":"<p>Unser Kollegium &nbsp; v.l. Frau Poll, Frau Felker, Frau Kuper, Frau Wilkens, Frau Terfehr, Frau Hempen, Frau Hermes &nbsp; F\u00f6rderschullehrkraft Andreas Homuth Frank B\u00f6gemann P\u00e4dagogische Mitarbeiterinnen (VGS) &nbsp; \u00a0 \u00a0 \u00a0 \u00a0 \u00a0 \u00a0 \u00a0 \u00a0 \u00a0 \u00a0 \u00a0 \u00a0 \u00a0 \u00a0 \u00a0 \u00a0 \u00a0 \u00a0 \u00a0 \u00a0 \u00a0 \u00a0 \u00a0 \u00a0 \u00a0 \u00a0 \u00a0 \u00a0 \u00a0 \u00a0 \u00a0 \u00a0 \u00a0 \u00a0 \u00a0 \u00a0 \u00a0 Martina Hanekamp \u00a0P\u00e4dagogische Mitarbeiterinnen (Ganztag) Birgit Kuper-Gerdes Annegret Schmunkamp &nbsp; Irene Ganseforth &nbsp; &nbsp; &nbsp;<\/p>\n","protected":false},"author":9194659,"featured_media":0,"parent":0,"menu_order":0,"comment_status":"closed","ping_status":"closed","template":"","meta":{"footnotes":""},"class_list":["post-160","page","type-page","status-publish","hentry"],"_links":{"self":[{"href":"https:\/\/wordpress.nibis.de\/gsrewi\/wp-json\/wp\/v2\/pages\/160","targetHints":{"allow":["GET"]}}],"collection":[{"href":"https:\/\/wordpress.nibis.de\/gsrewi\/wp-json\/wp\/v2\/pages"}],"about":[{"href":"https:\/\/wordpress.nibis.de\/gsrewi\/wp-json\/wp\/v2\/types\/page"}],"author":[{"embeddable":true,"href":"https:\/\/wordpress.nibis.de\/gsrewi\/wp-json\/wp\/v2\/users\/9194659"}],"replies":[{"embeddable":true,"href":"https:\/\/wordpress.nibis.de\/gsrewi\/wp-json\/wp\/v2\/comments?post=160"}],"version-history":[{"count":119,"href":"https:\/\/wordpress.nibis.de\/gsrewi\/wp-json\/wp\/v2\/pages\/160\/revisions"}],"predecessor-version":[{"id":4761,"href":"https:\/\/wordpress.nibis.de\/gsrewi\/wp-json\/wp\/v2\/pages\/160\/revisions\/4761"}],"wp:attachment":[{"href":"https:\/\/wordpress.nibis.de\/gsrewi\/wp-json\/wp\/v2\/media?parent=160"}],"curies":[{"name":"wp","href":"https:\/\/api.w.org\/{rel}","templated":true}]}}

<p><strong><span style="font-family: comic sans ms,sans-serif;font-size: 18pt">Unser Kollegium</span></strong></p>
<p>&nbsp;</p>
<div class="wp-block-image"><img loading="lazy" decoding="async" class="wpa-warning wpa-image-missing-alt alignnone size-full wp-image-4648" src="https://wordpress.nibis.de/gsrewi/files/2026/08/Kollegium-2026-scaled.jpg" alt="" width="2560" height="1707" data-warning="Missing alt text" srcset="https://wordpress.nibis.de/gsrewi/files/2026/08/Kollegium-2026-scaled.jpg 2560w, https://wordpress.nibis.de/gsrewi/files/2026/08/Kollegium-2026-768x512.jpg 768w, https://wordpress.nibis.de/gsrewi/files/2026/08/Kollegium-2026-100x67.jpg 100w, https://wordpress.nibis.de/gsrewi/files/2026/08/Kollegium-2026-1536x1024.jpg 1536w, https://wordpress.nibis.de/gsrewi/files/2026/08/Kollegium-2026-2048x1365.jpg 2048w, https://wordpress.nibis.de/gsrewi/files/2026/08/Kollegium-2026-405x270.jpg 405w" sizes="auto, (max-width: 2560px) 100vw, 2560px" /></div>
<p><span style="font-size: 10pt">v.l. Frau Poll, Frau Felker, Frau Kuper, Frau Wilkens, Frau Terfehr, Frau Hempen, Frau Hermes</span></p>
<p>&nbsp;</p>
<p style="text-align: center"><strong><span style="font-family: comic sans ms,sans-serif;font-size: 18pt">Förderschullehrkraft</span></strong><b></b></p>
<p style="text-align: center">Andreas Homuth</p>
<p style="text-align: center">Frank Bögemann</p>
<div class="wp-block-image"></div>
<p style="text-align: center"><strong><span style="font-family: comic sans ms,sans-serif;font-size: 18pt">Pädagogische Mitarbeiterinnen (VGS)</span></strong></p>
<p>&nbsp;</p>
<div class="wp-block-image">
<div class="wp-block-image">
<div class="wp-block-image"><img loading="lazy" decoding="async" class="wpa-warning wpa-image-missing-alt wp-image-4759 aligncenter" src="https://wordpress.nibis.de/gsrewi/files/2026/09/IMG_1810-scaled.jpeg" alt="" width="228" height="304" data-warning="Missing alt text" srcset="https://wordpress.nibis.de/gsrewi/files/2026/09/IMG_1810-scaled.jpeg 1920w, https://wordpress.nibis.de/gsrewi/files/2026/09/IMG_1810-768x1024.jpeg 768w, https://wordpress.nibis.de/gsrewi/files/2026/09/IMG_1810-100x133.jpeg 100w, https://wordpress.nibis.de/gsrewi/files/2026/09/IMG_1810-1152x1536.jpeg 1152w, https://wordpress.nibis.de/gsrewi/files/2026/09/IMG_1810-1536x2048.jpeg 1536w, https://wordpress.nibis.de/gsrewi/files/2026/09/IMG_1810-203x270.jpeg 203w" sizes="auto, (max-width: 228px) 100vw, 228px" /></div>
</div>
<div class="wp-block-image"><span style="text-align: center">                                                                          Martina Hanekamp</span></div>
<div></div>
</div>
<figure id="attachment_2668" aria-describedby="caption-attachment-2668" style="width: 232px" class="wp-caption aligncenter"><img loading="lazy" decoding="async" class="wp-image-2668" src="https://wordpress.nibis.de/gsrewi/files/2023/08/IMG_2455-rotated.jpg" alt="" width="232" height="309" /><figcaption id="caption-attachment-2668" class="wp-caption-text"><span style="font-size: 12pt">Ricarda Heine</span></figcaption></figure>
<p style="text-align: center"><strong><span style="font-family: comic sans ms,sans-serif;font-size: 18pt"> Pädagogische Mitarbeiterinnen (Ganztag)</span></strong></p>
<div class="wp-block-image"></div>
<div class="wp-block-image"><img loading="lazy" decoding="async" class="wpa-warning wpa-image-missing-alt wp-image-4758 aligncenter" src="https://wordpress.nibis.de/gsrewi/files/2026/09/IMG_1784-scaled.jpeg" alt="" width="162" height="162" data-warning="Missing alt text" srcset="https://wordpress.nibis.de/gsrewi/files/2026/09/IMG_1784-scaled.jpeg 2560w, https://wordpress.nibis.de/gsrewi/files/2026/09/IMG_1784-300x300.jpeg 300w, https://wordpress.nibis.de/gsrewi/files/2026/09/IMG_1784-150x150.jpeg 150w, https://wordpress.nibis.de/gsrewi/files/2026/09/IMG_1784-768x768.jpeg 768w, https://wordpress.nibis.de/gsrewi/files/2026/09/IMG_1784-100x100.jpeg 100w, https://wordpress.nibis.de/gsrewi/files/2026/09/IMG_1784-1536x1536.jpeg 1536w, https://wordpress.nibis.de/gsrewi/files/2026/09/IMG_1784-2048x2048.jpeg 2048w, https://wordpress.nibis.de/gsrewi/files/2026/09/IMG_1784-270x270.jpeg 270w" sizes="auto, (max-width: 162px) 100vw, 162px" /></div>
<p style="text-align: center">Birgit Kuper-Gerdes</p>
<div>
<div><img loading="lazy" decoding="async" class="aligncenter" src="https://wordpress.nibis.de/gsrewi/files/2026/08/Annegret-scaled.jpg" alt="" width="159" height="212" data-warning="Missing alt text" /></div>
</div>
<div class="wp-block-image"></div>
<p style="text-align: center">Annegret Schmunkamp</p>
<p>&nbsp;</p>
<div class="wp-block-image">
<div class="wp-block-image"><img loading="lazy" decoding="async" class="wpa-warning wpa-image-missing-alt alignnone wp-image-4750 aligncenter" src="https://wordpress.nibis.de/gsrewi/files/2026/09/IMG_1823-scaled.jpeg" alt="" width="173" height="230" data-warning="Missing alt text" srcset="https://wordpress.nibis.de/gsrewi/files/2026/09/IMG_1823-scaled.jpeg 1920w, https://wordpress.nibis.de/gsrewi/files/2026/09/IMG_1823-768x1024.jpeg 768w, https://wordpress.nibis.de/gsrewi/files/2026/09/IMG_1823-100x133.jpeg 100w, https://wordpress.nibis.de/gsrewi/files/2026/09/IMG_1823-1152x1536.jpeg 1152w, https://wordpress.nibis.de/gsrewi/files/2026/09/IMG_1823-1536x2048.jpeg 1536w, https://wordpress.nibis.de/gsrewi/files/2026/09/IMG_1823-203x270.jpeg 203w" sizes="auto, (max-width: 173px) 100vw, 173px" /></div>
</div>
<p style="text-align: center">Irene Ganseforth</p>
<p>&nbsp;</p>
<div class="wp-block-image">
<div class="wp-block-image"></div>
</div>
<p>&nbsp;</p>
<p>&nbsp;</p>

<p>Unser Kollegium &nbsp; v.l. Frau Poll, Frau Felker, Frau Kuper, Frau Wilkens, Frau Terfehr, Frau Hempen, Frau Hermes &nbsp; Förderschullehrkraft Andreas Homuth Frank Bögemann Pädagogische Mitarbeiterinnen (VGS) &nbsp;                                                                           Martina Hanekamp  Pädagogische Mitarbeiterinnen (Ganztag) Birgit Kuper-Gerdes Annegret Schmunkamp &nbsp; Irene Ganseforth &nbsp; &nbsp; &nbsp;</p>
