{"id":2900,"date":"2024-08-19T21:17:14","date_gmt":"2024-08-19T19:17:14","guid":{"rendered":"https:\/\/wordpress.nibis.de\/gsrewi\/?page_id=2900"},"modified":"2024-08-19T21:17:14","modified_gmt":"2024-08-19T19:17:14","slug":"willkommen-an-unserer-schule","status":"publish","type":"page","link":"https:\/\/wordpress.nibis.de\/gsrewi\/willkommen-an-unserer-schule\/","title":{"rendered":"Willkommen an unserer Schule!"},"content":{"rendered":"<p style=\"font-weight: 400\">Am 10. August 2024 wurden 22 Sch\u00fclerinnen und Sch\u00fcler aus Renkenberge und Wippingen an unserer Schule eingeschult. Nach einem feierlichen Wortgottesdienst in der St. Bartholom\u00e4us Kirche in Wippingen wurden die Schulanf\u00e4nger und ihre Familien von unseren Sch\u00fclerInnen der Klassen 2, 3 und 4 mit einer kleinen Willkommensfeier stimmungsvoll auf dem Pausenhof in Wippingen begr\u00fc\u00dft und herzlich in den Kreis unserer Schulfamilie aufgenommen.<\/p>\n<p style=\"font-weight: 400\">Wir w\u00fcnschen allen Schulkindern unserer neuen Klasse 1 eine sch\u00f6ne und erfolgreiche Schulzeit.<\/p>\n<div id='gallery-1' class='gallery galleryid-2900 gallery-columns-3 gallery-size-medium'><figure class='gallery-item'>\n\t\t\t<div class='gallery-icon landscape'>\n\t\t\t\t<a href='https:\/\/wordpress.nibis.de\/gsrewi\/willkommen-an-unserer-schule\/img_5921\/'><img loading=\"lazy\" decoding=\"async\" width=\"300\" height=\"300\" src=\"https:\/\/wordpress.nibis.de\/gsrewi\/files\/2024\/08\/IMG_5921-300x300.jpg\" class=\"attachment-medium size-medium\" alt=\"\" srcset=\"https:\/\/wordpress.nibis.de\/gsrewi\/files\/2024\/08\/IMG_5921-300x300.jpg 300w, https:\/\/wordpress.nibis.de\/gsrewi\/files\/2024\/08\/IMG_5921-150x150.jpg 150w\" sizes=\"auto, (max-width: 300px) 100vw, 300px\" \/><\/a>\n\t\t\t<\/div><\/figure><figure class='gallery-item'>\n\t\t\t<div class='gallery-icon landscape'>\n\t\t\t\t<a href='https:\/\/wordpress.nibis.de\/gsrewi\/willkommen-an-unserer-schule\/img_5924\/'><img loading=\"lazy\" decoding=\"async\" width=\"300\" height=\"300\" src=\"https:\/\/wordpress.nibis.de\/gsrewi\/files\/2024\/08\/IMG_5924-300x300.jpg\" class=\"attachment-medium size-medium\" alt=\"\" srcset=\"https:\/\/wordpress.nibis.de\/gsrewi\/files\/2024\/08\/IMG_5924-300x300.jpg 300w, https:\/\/wordpress.nibis.de\/gsrewi\/files\/2024\/08\/IMG_5924-150x150.jpg 150w\" sizes=\"auto, (max-width: 300px) 100vw, 300px\" \/><\/a>\n\t\t\t<\/div><\/figure><figure class='gallery-item'>\n\t\t\t<div class='gallery-icon landscape'>\n\t\t\t\t<a href='https:\/\/wordpress.nibis.de\/gsrewi\/willkommen-an-unserer-schule\/img_5946\/'><img loading=\"lazy\" decoding=\"async\" width=\"300\" height=\"300\" src=\"https:\/\/wordpress.nibis.de\/gsrewi\/files\/2024\/08\/IMG_5946-300x300.jpg\" class=\"attachment-medium size-medium\" alt=\"\" srcset=\"https:\/\/wordpress.nibis.de\/gsrewi\/files\/2024\/08\/IMG_5946-300x300.jpg 300w, https:\/\/wordpress.nibis.de\/gsrewi\/files\/2024\/08\/IMG_5946-150x150.jpg 150w\" sizes=\"auto, (max-width: 300px) 100vw, 300px\" \/><\/a>\n\t\t\t<\/div><\/figure>\n\t\t<\/div>\n\n","protected":false},"excerpt":{"rendered":"<p>Am 10. August 2024 wurden 22 Sch\u00fclerinnen und Sch\u00fcler aus Renkenberge und Wippingen an unserer Schule eingeschult. Nach einem feierlichen Wortgottesdienst in der St. Bartholom\u00e4us Kirche in Wippingen wurden die Schulanf\u00e4nger und ihre Familien von unseren Sch\u00fclerInnen der Klassen 2, 3 und 4 mit einer kleinen Willkommensfeier stimmungsvoll auf dem Pausenhof in Wippingen begr\u00fc\u00dft und herzlich in den Kreis unserer Schulfamilie aufgenommen. Wir w\u00fcnschen allen Schulkindern unserer neuen Klasse 1 eine sch\u00f6ne und erfolgreiche Schulzeit.<\/p>\n","protected":false},"author":9193356,"featured_media":0,"parent":0,"menu_order":0,"comment_status":"closed","ping_status":"closed","template":"","meta":{"footnotes":""},"class_list":["post-2900","page","type-page","status-publish","hentry"],"_links":{"self":[{"href":"https:\/\/wordpress.nibis.de\/gsrewi\/wp-json\/wp\/v2\/pages\/2900","targetHints":{"allow":["GET"]}}],"collection":[{"href":"https:\/\/wordpress.nibis.de\/gsrewi\/wp-json\/wp\/v2\/pages"}],"about":[{"href":"https:\/\/wordpress.nibis.de\/gsrewi\/wp-json\/wp\/v2\/types\/page"}],"author":[{"embeddable":true,"href":"https:\/\/wordpress.nibis.de\/gsrewi\/wp-json\/wp\/v2\/users\/9193356"}],"replies":[{"embeddable":true,"href":"https:\/\/wordpress.nibis.de\/gsrewi\/wp-json\/wp\/v2\/comments?post=2900"}],"version-history":[{"count":1,"href":"https:\/\/wordpress.nibis.de\/gsrewi\/wp-json\/wp\/v2\/pages\/2900\/revisions"}],"predecessor-version":[{"id":2905,"href":"https:\/\/wordpress.nibis.de\/gsrewi\/wp-json\/wp\/v2\/pages\/2900\/revisions\/2905"}],"wp:attachment":[{"href":"https:\/\/wordpress.nibis.de\/gsrewi\/wp-json\/wp\/v2\/media?parent=2900"}],"curies":[{"name":"wp","href":"https:\/\/api.w.org\/{rel}","templated":true}]}}